{"id":2129,"date":"2018-12-16T09:31:35","date_gmt":"2018-12-16T14:31:35","guid":{"rendered":"http:\/\/207.253.81.73\/?post_type=event&#038;p=2129"},"modified":"2018-12-20T09:39:14","modified_gmt":"2018-12-20T14:39:14","slug":"loiselle-omer070347","status":"publish","type":"event","link":"https:\/\/nouveau.maisonmallet.com\/back05_01\/?event=loiselle-omer070347","title":{"rendered":"LOISELLE Omer"},"content":{"rendered":"<p>1947-2018<\/p>\n<p>Loiselle Omer<\/p>\n<p>&nbsp;<\/p>\n<p>\u00c0 Havre-Saint-Pierre, le 16 d\u00e9cembre 2018 est d\u00e9c\u00e9d\u00e9 \u00e0 l\u2019\u00e2ge de 71 ans et 9 mois monsieur Omer Loiselle \u00e9poux de madame Lili-Anne Vaillancourt domicili\u00e9 \u00e0 Longue-Pointe-de-Mingan.<\/p>\n<p>La c\u00e9r\u00e9monie comm\u00e9morative de monsieur Omer Loiselle aura lieu le jeudi 20 d\u00e9cembre 2018 \u00e0 15 h 00 au salon de la Maison L.J.G. Mallet du 1429, rue du Canot \u00e0 Havre-Saint-Pierre.<\/p>\n<p>Selon ses volont\u00e9s, il a \u00e9t\u00e9 confi\u00e9 au cr\u00e9matorium de la Maison L.J.G. Mallet pour cr\u00e9mation.<\/p>\n<p>La famille re\u00e7oit parents et amis le jeudi 20 d\u00e9cembre 2018 jour de la c\u00e9r\u00e9monie de 13 h \u00e0 16 h au salon de la Maison L.J.G. Mallet du 1429, rue du Canot \u00e0 Havre-Saint-Pierre.<\/p>\n<p>Il laisse dans le deuil outre son \u00e9pouse madame Lili-Anne Vaillancourt, ses filles\u00a0: Vicky (Jocelyn Fradette), Annie (Daniel B\u00e9rard), Claudine (Louis-Marie Boudreau), son fils Jean-Fran\u00e7ois (Caroline Gagnon), ses dix petits-enfants, un arri\u00e8re-petit-fils, son beau-p\u00e8re monsieur Anselme Vaillancourt, ses fr\u00e8res, ses s\u0153urs, ses beaux-fr\u00e8res, ses belles-s\u0153urs, ses neveux, ses ni\u00e8ces et ainsi que de nombreux amis.<\/p>\n<p>Vos marques de sympathie peuvent se traduire par un don \u00e0 l\u2019association du cancer de l\u2019est du Qu\u00e9bec.<\/p>\n<p>La famille a confi\u00e9 les arrangements aux services professionnels de la Maison L.J.G. Mallet du 1429, rue du Canot \u00e0 Havre-Saint-Pierre, maintenant reconnue Distinction et membre de la Corporation des Thanatologues du Qu\u00e9bec.<\/p>\n<p>Vous pouvez consulter cet avis de d\u00e9c\u00e8s, sur le <a href=\"https:\/\/nouveau.maisonmallet.com\/back05_01\/\">www.maisonmallet.com<\/a><\/p>\n<p>Ceux et celles qui le d\u00e9sirent, peuvent y envoyer des messages de sympathie.<\/p>\n<p>&nbsp;<\/p>\n<p>&nbsp;<\/p>\n<hr \/>\n<p>Envoyer vos condol\u00e9ances<\/p>\n<p>[contact-form to=\u00a0\u00bbmarc@maisonmallet.com\u00a0\u00bb subject=\u00a0\u00bbCondol\u00e9ances\u00a0\u00bb][contact-field label=\u00a0\u00bbVotre nom\u00a0\u00bb type=\u00a0\u00bbname\u00a0\u00bb required=\u00a0\u00bb1&Prime;][contact-field label=\u00a0\u00bbVotre courriel\u00a0\u00bb type=\u00a0\u00bbemail\u00a0\u00bb required=\u00a0\u00bb1&Prime;][contact-field label=\u00a0\u00bbCondol\u00e9ances\u00a0\u00bb type=\u00a0\u00bbtextarea\u00a0\u00bb][\/contact-form]<\/p>\n","protected":false},"featured_media":2130,"template":"","event_cat":[7],"class_list":["post-2129","event","type-event","status-publish","has-post-thumbnail","hentry","event_cat-maison-l-j-g-mallet-inc"],"_links":{"self":[{"href":"https:\/\/nouveau.maisonmallet.com\/back05_01\/index.php?rest_route=\/wp\/v2\/event\/2129","targetHints":{"allow":["GET"]}}],"collection":[{"href":"https:\/\/nouveau.maisonmallet.com\/back05_01\/index.php?rest_route=\/wp\/v2\/event"}],"about":[{"href":"https:\/\/nouveau.maisonmallet.com\/back05_01\/index.php?rest_route=\/wp\/v2\/types\/event"}],"wp:featuredmedia":[{"embeddable":true,"href":"https:\/\/nouveau.maisonmallet.com\/back05_01\/index.php?rest_route=\/wp\/v2\/media\/2130"}],"wp:attachment":[{"href":"https:\/\/nouveau.maisonmallet.com\/back05_01\/index.php?rest_route=%2Fwp%2Fv2%2Fmedia&parent=2129"}],"wp:term":[{"taxonomy":"event_cat","embeddable":true,"href":"https:\/\/nouveau.maisonmallet.com\/back05_01\/index.php?rest_route=%2Fwp%2Fv2%2Fevent_cat&post=2129"}],"curies":[{"name":"wp","href":"https:\/\/api.w.org\/{rel}","templated":true}]}}

<p>1947-2018</p>
<p>Loiselle Omer</p>
<p>&nbsp;</p>
<p>À Havre-Saint-Pierre, le 16 décembre 2018 est décédé à l’âge de 71 ans et 9 mois monsieur Omer Loiselle époux de madame Lili-Anne Vaillancourt domicilié à Longue-Pointe-de-Mingan.</p>
<p>La cérémonie commémorative de monsieur Omer Loiselle aura lieu le jeudi 20 décembre 2018 à 15 h 00 au salon de la Maison L.J.G. Mallet du 1429, rue du Canot à Havre-Saint-Pierre.</p>
<p>Selon ses volontés, il a été confié au crématorium de la Maison L.J.G. Mallet pour crémation.</p>
<p>La famille reçoit parents et amis le jeudi 20 décembre 2018 jour de la cérémonie de 13 h à 16 h au salon de la Maison L.J.G. Mallet du 1429, rue du Canot à Havre-Saint-Pierre.</p>
<p>Il laisse dans le deuil outre son épouse madame Lili-Anne Vaillancourt, ses filles : Vicky (Jocelyn Fradette), Annie (Daniel Bérard), Claudine (Louis-Marie Boudreau), son fils Jean-François (Caroline Gagnon), ses dix petits-enfants, un arrière-petit-fils, son beau-père monsieur Anselme Vaillancourt, ses frères, ses sœurs, ses beaux-frères, ses belles-sœurs, ses neveux, ses nièces et ainsi que de nombreux amis.</p>
<p>Vos marques de sympathie peuvent se traduire par un don à l’association du cancer de l’est du Québec.</p>
<p>La famille a confié les arrangements aux services professionnels de la Maison L.J.G. Mallet du 1429, rue du Canot à Havre-Saint-Pierre, maintenant reconnue Distinction et membre de la Corporation des Thanatologues du Québec.</p>
<p>Vous pouvez consulter cet avis de décès, sur le <a href="https://nouveau.maisonmallet.com/back05_01/">www.maisonmallet.com</a></p>
<p>Ceux et celles qui le désirent, peuvent y envoyer des messages de sympathie.</p>
<p>&nbsp;</p>
<p>&nbsp;</p>
<hr />
<p>Envoyer vos condoléances</p>
<p>[contact-form to= »marc@maisonmallet.com » subject= »Condoléances »][contact-field label= »Votre nom » type= »name » required= »1&Prime;][contact-field label= »Votre courriel » type= »email » required= »1&Prime;][contact-field label= »Condoléances » type= »textarea »][/contact-form]</p>
