{"id":21308,"date":"2021-05-21T11:33:19","date_gmt":"2021-05-21T15:33:19","guid":{"rendered":"https:\/\/nouveau.maisonmallet.com\/?post_type=event&#038;p=21308"},"modified":"2021-07-07T09:19:23","modified_gmt":"2021-07-07T13:19:23","slug":"maltais-chantale-methot","status":"publish","type":"event","link":"https:\/\/nouveau.maisonmallet.com\/back05_01\/?event=maltais-chantale-methot","title":{"rendered":"MALTAIS, Chantale (M\u00e9thot)"},"content":{"rendered":"<p>1955 &#8211; 2021<\/p>\n<p>MALTAIS, Chantale (M\u00e9thot)<\/p>\n<p>&nbsp;<\/p>\n<p>\u00c0 Port-Cartier, le 21 mai 2021, est d\u00e9c\u00e9d\u00e9e \u00e0 l\u2019\u00e2ge de 66 ans, madame Chantale Maltais \u00e9pouse de monsieur Pierrot M\u00e9thot et domicili\u00e9e \u00e0 Port-Cartier.<\/p>\n<p><strong><u>\u00c9tant donn\u00e9 la situation de crise entourant le COVID-19 et par souci de se conformer aux recommandations gouvernementales en mati\u00e8re de rassemblements int\u00e9rieurs et des mesures d\u2019hygi\u00e8ne strictes pour les visiteurs, les rituels fun\u00e9raires de madame Chantale Maltais auront lieu dans la plus stricte intimit\u00e9 et sur invitation seulement.<\/u><\/strong><\/p>\n<p>Selon ses volont\u00e9s, elle a \u00e9t\u00e9 confi\u00e9e au cr\u00e9matorium de la Maison Mallet &amp; fils pour cr\u00e9mation.<\/p>\n<p>Elle laisse dans le deuil outre son \u00e9poux monsieur Pierrot M\u00e9thot, son fils Martin (Val\u00e9rie), sa fille Julie (Steve), ses petits-enfants\u00a0: F\u00e9lix, Julien, \u00c9lo\u00efse, Steven, Audrey-Anne et Alexandre, ses fr\u00e8res et s\u0153urs\u00a0: Yvette (Armand), Victor, Monette (Roger), No\u00eblla (Fran\u00e7ois), Isabelle (Gilles), Richard (Claire), Anna (Michel), Marguerite, Th\u00e9r\u00e8se, Marc (Carole), \u00c9tienne (Nancy), Daniel (Nicole), Manon (Denis) et Steeve ainsi que ses beaux-fr\u00e8res\u00a0: L\u00e9o et Bruno (Guylaine), ses neveux, ses ni\u00e8ces, ses oncles, ses tantes, ses cousins, ses cousines et de nombreux ami(e)s.<\/p>\n<p>La famille a confi\u00e9 la direction des fun\u00e9railles aux services professionnels de la maison Mallet &amp; fils du 57, route 138 \u00e0 Port-Cartier, maintenant reconnue Distinction et membre de la Corporation des Thanatologues du Qu\u00e9bec.<\/p>\n<p>Vous pouvez consulter cet avis de d\u00e9c\u00e8s, sur le <a href=\"https:\/\/nouveau.maisonmallet.com\/back05_01\">www.maisonmallet.com<\/a><\/p>\n<p>Ceux et celles qui le d\u00e9sirent, peuvent y envoyer des messages de sympathie.<\/p>\n<p>&nbsp;<\/p>\n<p>&nbsp;<\/p>\n<hr \/>\n<p>Envoyer vos condol\u00e9ances<\/p>\n<p>[contact-form to=\u00a0\u00bbtototejulie@hotmail.fr\u00a0\u00bb subject=\u00a0\u00bbCondol\u00e9ances Chantale Maltais\u00a0\u00bb][contact-field label=\u00a0\u00bbVotre nom\u00a0\u00bb type=\u00a0\u00bbname\u00a0\u00bb required=\u00a0\u00bb1&Prime;][contact-field label=\u00a0\u00bbVotre courriel\u00a0\u00bb type=\u00a0\u00bbemail\u00a0\u00bb required=\u00a0\u00bb1&Prime;][contact-field label=\u00a0\u00bbCondol\u00e9ances\u00a0\u00bb type=\u00a0\u00bbtextarea\u00a0\u00bb][\/contact-form]<\/p>\n","protected":false},"featured_media":21366,"template":"","event_cat":[6],"class_list":["post-21308","event","type-event","status-publish","has-post-thumbnail","hentry","event_cat-maison-mallet-et-fils-inc"],"_links":{"self":[{"href":"https:\/\/nouveau.maisonmallet.com\/back05_01\/index.php?rest_route=\/wp\/v2\/event\/21308","targetHints":{"allow":["GET"]}}],"collection":[{"href":"https:\/\/nouveau.maisonmallet.com\/back05_01\/index.php?rest_route=\/wp\/v2\/event"}],"about":[{"href":"https:\/\/nouveau.maisonmallet.com\/back05_01\/index.php?rest_route=\/wp\/v2\/types\/event"}],"wp:featuredmedia":[{"embeddable":true,"href":"https:\/\/nouveau.maisonmallet.com\/back05_01\/index.php?rest_route=\/wp\/v2\/media\/21366"}],"wp:attachment":[{"href":"https:\/\/nouveau.maisonmallet.com\/back05_01\/index.php?rest_route=%2Fwp%2Fv2%2Fmedia&parent=21308"}],"wp:term":[{"taxonomy":"event_cat","embeddable":true,"href":"https:\/\/nouveau.maisonmallet.com\/back05_01\/index.php?rest_route=%2Fwp%2Fv2%2Fevent_cat&post=21308"}],"curies":[{"name":"wp","href":"https:\/\/api.w.org\/{rel}","templated":true}]}}

MALTAIS, Chantale (Méthot)

<p>1955 &#8211; 2021</p>
<p>MALTAIS, Chantale (Méthot)</p>
<p>&nbsp;</p>
<p>À Port-Cartier, le 21 mai 2021, est décédée à l’âge de 66 ans, madame Chantale Maltais épouse de monsieur Pierrot Méthot et domiciliée à Port-Cartier.</p>
<p><strong><u>Étant donné la situation de crise entourant le COVID-19 et par souci de se conformer aux recommandations gouvernementales en matière de rassemblements intérieurs et des mesures d’hygiène strictes pour les visiteurs, les rituels funéraires de madame Chantale Maltais auront lieu dans la plus stricte intimité et sur invitation seulement.</u></strong></p>
<p>Selon ses volontés, elle a été confiée au crématorium de la Maison Mallet &amp; fils pour crémation.</p>
<p>Elle laisse dans le deuil outre son époux monsieur Pierrot Méthot, son fils Martin (Valérie), sa fille Julie (Steve), ses petits-enfants : Félix, Julien, Éloïse, Steven, Audrey-Anne et Alexandre, ses frères et sœurs : Yvette (Armand), Victor, Monette (Roger), Noëlla (François), Isabelle (Gilles), Richard (Claire), Anna (Michel), Marguerite, Thérèse, Marc (Carole), Étienne (Nancy), Daniel (Nicole), Manon (Denis) et Steeve ainsi que ses beaux-frères : Léo et Bruno (Guylaine), ses neveux, ses nièces, ses oncles, ses tantes, ses cousins, ses cousines et de nombreux ami(e)s.</p>
<p>La famille a confié la direction des funérailles aux services professionnels de la maison Mallet &amp; fils du 57, route 138 à Port-Cartier, maintenant reconnue Distinction et membre de la Corporation des Thanatologues du Québec.</p>
<p>Vous pouvez consulter cet avis de décès, sur le <a href="https://nouveau.maisonmallet.com/back05_01">www.maisonmallet.com</a></p>
<p>Ceux et celles qui le désirent, peuvent y envoyer des messages de sympathie.</p>
<p>&nbsp;</p>
<p>&nbsp;</p>
<hr />
<p>Envoyer vos condoléances</p>
<p>[contact-form to= »tototejulie@hotmail.fr » subject= »Condoléances Chantale Maltais »][contact-field label= »Votre nom » type= »name » required= »1&Prime;][contact-field label= »Votre courriel » type= »email » required= »1&Prime;][contact-field label= »Condoléances » type= »textarea »][/contact-form]</p>
