{"id":2133,"date":"2019-02-18T15:12:07","date_gmt":"2019-02-18T20:12:07","guid":{"rendered":"http:\/\/207.253.81.73\/?post_type=event&#038;p=2133"},"modified":"2019-04-17T15:16:43","modified_gmt":"2019-04-17T19:16:43","slug":"dupuis-joe-6-2-2","status":"publish","type":"event","link":"https:\/\/nouveau.maisonmallet.com\/back05_01\/?event=dupuis-joe-6-2-2","title":{"rendered":"LACOMBE, Florian"},"content":{"rendered":"<p>1943 &#8211; 2019<\/p>\n<p>\u00c0 Sept-\u00celes, le 18 f\u00e9vrier 2019, est d\u00e9c\u00e9d\u00e9 \u00e0 l\u2019\u00e2ge de 75 ans, monsieur Florian Lacombe fils de feu William Lacombe et de feue Georgette Cormier domicili\u00e9 \u00e0 Sept-\u00celes.<\/p>\n<p>Les fun\u00e9railles de monsieur Florian Lacombe auront lieu \u00e0 une date ult\u00e9rieure en la chapelle Saint-Anne aux Ilets-Caribou.<\/p>\n<p>Selon ses volont\u00e9s il a \u00e9t\u00e9 confi\u00e9 au cr\u00e9matorium de la Maison Mallet et fils pour cr\u00e9mation.<\/p>\n<p>Il laisse dans le deuil ses s\u0153urs: Florida et Lilianne, son cousin Florian Lavoie ainsi que ses ni\u00e8ces\u00a0: Anne (Gilles), Jeannine et Christianne (Cl\u00e9ment) et de nombreux ami(e)s.<\/p>\n<p>La famille a confi\u00e9 la direction des fun\u00e9railles aux services professionnels de la Maison Mallet &amp; fils du 585, boul. Laure \u00e0 Sept-\u00celes, maintenant reconnue Distinction et membre de la Corporation des Thanatologues du Qu\u00e9bec.<\/p>\n<p><strong>Ceux et celles qui le d\u00e9sirent,\u00a0 peuvent y envoyer des messages de sympathie.<\/strong><\/p>\n<hr \/>\n<p>Envoyer vos condol\u00e9ances<\/p>\n<p>[contact-form to=\u00a0\u00bbmarc@maisonmallet.com\u00a0\u00bb subject=\u00a0\u00bbCondol\u00e9ances &#8211; LACOMBE, Florian\u00a0\u00bb][contact-field label=\u00a0\u00bbVotre nom\u00a0\u00bb type=\u00a0\u00bbname\u00a0\u00bb required=\u00a0\u00bb1&Prime;][contact-field label=\u00a0\u00bbVotre courriel\u00a0\u00bb type=\u00a0\u00bbemail\u00a0\u00bb required=\u00a0\u00bb1&Prime;][contact-field label=\u00a0\u00bbCondol\u00e9ances\u00a0\u00bb type=\u00a0\u00bbtextarea\u00a0\u00bb][\/contact-form]<\/p>\n","protected":false},"featured_media":0,"template":"","event_cat":[6],"class_list":["post-2133","event","type-event","status-publish","hentry","event_cat-maison-mallet-et-fils-inc"],"_links":{"self":[{"href":"https:\/\/nouveau.maisonmallet.com\/back05_01\/index.php?rest_route=\/wp\/v2\/event\/2133","targetHints":{"allow":["GET"]}}],"collection":[{"href":"https:\/\/nouveau.maisonmallet.com\/back05_01\/index.php?rest_route=\/wp\/v2\/event"}],"about":[{"href":"https:\/\/nouveau.maisonmallet.com\/back05_01\/index.php?rest_route=\/wp\/v2\/types\/event"}],"wp:attachment":[{"href":"https:\/\/nouveau.maisonmallet.com\/back05_01\/index.php?rest_route=%2Fwp%2Fv2%2Fmedia&parent=2133"}],"wp:term":[{"taxonomy":"event_cat","embeddable":true,"href":"https:\/\/nouveau.maisonmallet.com\/back05_01\/index.php?rest_route=%2Fwp%2Fv2%2Fevent_cat&post=2133"}],"curies":[{"name":"wp","href":"https:\/\/api.w.org\/{rel}","templated":true}]}}

<p>1943 &#8211; 2019</p>
<p>À Sept-Îles, le 18 février 2019, est décédé à l’âge de 75 ans, monsieur Florian Lacombe fils de feu William Lacombe et de feue Georgette Cormier domicilié à Sept-Îles.</p>
<p>Les funérailles de monsieur Florian Lacombe auront lieu à une date ultérieure en la chapelle Saint-Anne aux Ilets-Caribou.</p>
<p>Selon ses volontés il a été confié au crématorium de la Maison Mallet et fils pour crémation.</p>
<p>Il laisse dans le deuil ses sœurs: Florida et Lilianne, son cousin Florian Lavoie ainsi que ses nièces : Anne (Gilles), Jeannine et Christianne (Clément) et de nombreux ami(e)s.</p>
<p>La famille a confié la direction des funérailles aux services professionnels de la Maison Mallet &amp; fils du 585, boul. Laure à Sept-Îles, maintenant reconnue Distinction et membre de la Corporation des Thanatologues du Québec.</p>
<p><strong>Ceux et celles qui le désirent,  peuvent y envoyer des messages de sympathie.</strong></p>
<hr />
<p>Envoyer vos condoléances</p>
<p>[contact-form to= »marc@maisonmallet.com » subject= »Condoléances &#8211; LACOMBE, Florian »][contact-field label= »Votre nom » type= »name » required= »1&Prime;][contact-field label= »Votre courriel » type= »email » required= »1&Prime;][contact-field label= »Condoléances » type= »textarea »][/contact-form]</p>
