{"id":21365,"date":"2021-05-23T08:30:09","date_gmt":"2021-05-23T12:30:09","guid":{"rendered":"https:\/\/nouveau.maisonmallet.com\/?post_type=event&#038;p=21365"},"modified":"2021-08-30T20:15:25","modified_gmt":"2021-08-31T00:15:25","slug":"tanguay-isabelle","status":"publish","type":"event","link":"https:\/\/nouveau.maisonmallet.com\/back05_01\/?event=tanguay-isabelle","title":{"rendered":"TANGUAY, Isabelle"},"content":{"rendered":"<p>1962-2021<\/p>\n<p>TANGUAY, Isabelle<\/p>\n<p>\u00c0 Sept-\u00celes, le 23 mai 2021, est d\u00e9c\u00e9d\u00e9e \u00e0 l\u2019\u00e2ge de 58 ans madame Isabelle Tanguay fille de feu Donat Tanguay et de madame Lucille Malaison Vigneault et domicili\u00e9e \u00e0 Sept-\u00celes.<\/p>\n<p>Les fun\u00e9railles de madame Isabelle Tanguay auront lieu le samedi 31 juillet 2021 \u00e0 11 h en l\u2019\u00c9glise Saint-Fran\u00e7ois R\u00e9gis de Baie-Johan-Beetz et de l\u00e0 au cimeti\u00e8re de l\u2019endroit.<\/p>\n<p>Selon ses volont\u00e9s, elle a \u00e9t\u00e9 confi\u00e9e au cr\u00e9matorium de la Maison L.J.G. Mallet pour cr\u00e9mation.<\/p>\n<p>La famille re\u00e7oit parents et amis le samedi 31 juillet 2021 jour des fun\u00e9railles \u00e0 compter de 10 h en l\u2019\u00c9glise Saint-Fran\u00e7ois R\u00e9gis de Baie-Johan-Beetz.<\/p>\n<p><strong>D\u00fb aux circonstances reli\u00e9es \u00e0 la pand\u00e9mie, vous pouvez venir pr\u00e9senter vos condol\u00e9ances en respectant la distanciation physique et le port du masque sera obligatoire.<\/strong><\/p>\n<p>Elle laisse dans le deuil sa m\u00e8re madame Lucille Malaison Vigneault (feu Donat Tanguay), sa s\u0153ur Denise, ses fr\u00e8res\u00a0: Yvon (Linda Th\u00e9riault) et Sylvain (H\u00e9l\u00e8ne Castilloux), ses neveux\u00a0: Keven (Jessica Morency) et Karl, ses ni\u00e8ces\u00a0: Tayna (Yoan Goulet) et Anne-Fr\u00e9d\u00e9rique (Marc-Antoine D\u00e9raps) et ainsi que ses arri\u00e8res neveux, ses arri\u00e8res ni\u00e8ces, ses oncles, ses tantes, ses cousins, ses cousines et ses ami(e)s.<\/p>\n<p>La famille tient \u00e0 remercier du fond du c\u0153ur le personnel de l\u2019\u00c9lyme des Sables qui a su prodigu\u00e9 des soins de qualit\u00e9 empreint de respect et de dignit\u00e9 ainsi que du r\u00e9confort \u00e0 la famille durant ces moments difficiles.<\/p>\n<p>Vos marques de sympathie peuvent se traduire par un don \u00e0 l\u2019\u00c9lyme des sables www.elymedessables.com.<\/p>\n<p>La famille a confi\u00e9 la direction des fun\u00e9railles aux services professionnels de la Maison L.J.G. Mallet du 1429, rue du Canot \u00e0 Havre-Saint-Pierre, maintenant reconnue Distinction et membre de la Corporation des Thanatologues du Qu\u00e9bec.<\/p>\n<p>Vous pouvez consulter cet avis de d\u00e9c\u00e8s sur le <a href=\"https:\/\/nouveau.maisonmallet.com\/back05_01\">www.maisonmallet.com<\/a><\/p>\n<p>Ceux et celles qui le d\u00e9sirent, peuvent y envoyer des messages de sympathie.<\/p>\n<p>&nbsp;<\/p>\n<hr \/>\n<p>Envoyer vos condol\u00e9ances<\/p>\n<p>[contact-form to=\u00a0\u00bbdenisetanguay@icloud.com\u00a0\u00bb subject=\u00a0\u00bbCondol\u00e9ances Isabelle Tanguay\u00a0\u00bb][contact-field label=\u00a0\u00bbVotre nom\u00a0\u00bb type=\u00a0\u00bbname\u00a0\u00bb required=\u00a0\u00bb1&Prime;][contact-field label=\u00a0\u00bbVotre courriel\u00a0\u00bb type=\u00a0\u00bbemail\u00a0\u00bb required=\u00a0\u00bb1&Prime;][contact-field label=\u00a0\u00bbCondol\u00e9ances\u00a0\u00bb type=\u00a0\u00bbtextarea\u00a0\u00bb][\/contact-form]<\/p>\n","protected":false},"featured_media":21400,"template":"","event_cat":[7],"class_list":["post-21365","event","type-event","status-publish","has-post-thumbnail","hentry","event_cat-maison-l-j-g-mallet-inc"],"_links":{"self":[{"href":"https:\/\/nouveau.maisonmallet.com\/back05_01\/index.php?rest_route=\/wp\/v2\/event\/21365","targetHints":{"allow":["GET"]}}],"collection":[{"href":"https:\/\/nouveau.maisonmallet.com\/back05_01\/index.php?rest_route=\/wp\/v2\/event"}],"about":[{"href":"https:\/\/nouveau.maisonmallet.com\/back05_01\/index.php?rest_route=\/wp\/v2\/types\/event"}],"wp:featuredmedia":[{"embeddable":true,"href":"https:\/\/nouveau.maisonmallet.com\/back05_01\/index.php?rest_route=\/wp\/v2\/media\/21400"}],"wp:attachment":[{"href":"https:\/\/nouveau.maisonmallet.com\/back05_01\/index.php?rest_route=%2Fwp%2Fv2%2Fmedia&parent=21365"}],"wp:term":[{"taxonomy":"event_cat","embeddable":true,"href":"https:\/\/nouveau.maisonmallet.com\/back05_01\/index.php?rest_route=%2Fwp%2Fv2%2Fevent_cat&post=21365"}],"curies":[{"name":"wp","href":"https:\/\/api.w.org\/{rel}","templated":true}]}}

<p>1962-2021</p>
<p>TANGUAY, Isabelle</p>
<p>À Sept-Îles, le 23 mai 2021, est décédée à l’âge de 58 ans madame Isabelle Tanguay fille de feu Donat Tanguay et de madame Lucille Malaison Vigneault et domiciliée à Sept-Îles.</p>
<p>Les funérailles de madame Isabelle Tanguay auront lieu le samedi 31 juillet 2021 à 11 h en l’Église Saint-François Régis de Baie-Johan-Beetz et de là au cimetière de l’endroit.</p>
<p>Selon ses volontés, elle a été confiée au crématorium de la Maison L.J.G. Mallet pour crémation.</p>
<p>La famille reçoit parents et amis le samedi 31 juillet 2021 jour des funérailles à compter de 10 h en l’Église Saint-François Régis de Baie-Johan-Beetz.</p>
<p><strong>Dû aux circonstances reliées à la pandémie, vous pouvez venir présenter vos condoléances en respectant la distanciation physique et le port du masque sera obligatoire.</strong></p>
<p>Elle laisse dans le deuil sa mère madame Lucille Malaison Vigneault (feu Donat Tanguay), sa sœur Denise, ses frères : Yvon (Linda Thériault) et Sylvain (Hélène Castilloux), ses neveux : Keven (Jessica Morency) et Karl, ses nièces : Tayna (Yoan Goulet) et Anne-Frédérique (Marc-Antoine Déraps) et ainsi que ses arrières neveux, ses arrières nièces, ses oncles, ses tantes, ses cousins, ses cousines et ses ami(e)s.</p>
<p>La famille tient à remercier du fond du cœur le personnel de l’Élyme des Sables qui a su prodigué des soins de qualité empreint de respect et de dignité ainsi que du réconfort à la famille durant ces moments difficiles.</p>
<p>Vos marques de sympathie peuvent se traduire par un don à l’Élyme des sables www.elymedessables.com.</p>
<p>La famille a confié la direction des funérailles aux services professionnels de la Maison L.J.G. Mallet du 1429, rue du Canot à Havre-Saint-Pierre, maintenant reconnue Distinction et membre de la Corporation des Thanatologues du Québec.</p>
<p>Vous pouvez consulter cet avis de décès sur le <a href="https://nouveau.maisonmallet.com/back05_01">www.maisonmallet.com</a></p>
<p>Ceux et celles qui le désirent, peuvent y envoyer des messages de sympathie.</p>
<p>&nbsp;</p>
<hr />
<p>Envoyer vos condoléances</p>
<p>[contact-form to= »denisetanguay@icloud.com » subject= »Condoléances Isabelle Tanguay »][contact-field label= »Votre nom » type= »name » required= »1&Prime;][contact-field label= »Votre courriel » type= »email » required= »1&Prime;][contact-field label= »Condoléances » type= »textarea »][/contact-form]</p>
