{"id":2139,"date":"2019-01-08T10:11:11","date_gmt":"2019-01-08T15:11:11","guid":{"rendered":"http:\/\/207.253.81.73\/?post_type=event&#038;p=2139"},"modified":"2019-01-08T10:23:16","modified_gmt":"2019-01-08T15:23:16","slug":"scherrer-steve260167","status":"publish","type":"event","link":"https:\/\/nouveau.maisonmallet.com\/back05_01\/?event=scherrer-steve260167","title":{"rendered":"SCHERRER Steve"},"content":{"rendered":"<p>1967-2019<\/p>\n<p>\u00c0 Havre-Saint-Pierre, le 6 janvier 2019, est d\u00e9c\u00e9d\u00e9 \u00e0 l\u2019\u00e2ge de 51 ans et 11 mois, monsieur Steve Scherrer conjoint de madame Luce Th\u00e9riault et domicili\u00e9 \u00e0 Havre-Saint-Pierre.<\/p>\n<p>Les fun\u00e9railles de monsieur Steve Scherrer auront lieu le jeudi 10 janvier 2019 \u00e0 11 h en l\u2019\u00c9glise Saint-Pierre de Havre-Saint-Pierre.<\/p>\n<p>Selon ses volont\u00e9s, il a \u00e9t\u00e9 confi\u00e9 au cr\u00e9matorium de la Maison L.J.G. Mallet pour cr\u00e9mation.<\/p>\n<p>La famille re\u00e7oit parents et amis le jeudi 10 janvier 2019 \u00e0 compter de 10 h \u00e0 l\u2019\u00c9glise Saint-Pierre de Havre-Saint-Pierre.<\/p>\n<p>Il laisse dans le deuil outre sa conjointe madame Luce Th\u00e9riault, son fils Craig, sa fille Sammy. Ses fr\u00e8res et s\u0153urs Louise, Johanne, Bill, Nathalie, Manon, Ken, Annick et leur conjoint. Ses beaux-fr\u00e8res, ses belles-s\u0153urs, ses neveux, ses ni\u00e8ces et ainsi que de nombreux amis.<\/p>\n<p>Vos marques de sympathie peuvent se traduire par un don \u00e0 la fondation du centre de sant\u00e9 de la Minganie.<\/p>\n<p>La famille a confi\u00e9 la direction des fun\u00e9railles aux services professionnels de la Maison L.J.G. Mallet du 1429, rue du Canot \u00e0 Havre-Saint-Pierre, maintenant reconnue Distinction et membre de la Corporation des Thanatologues du Qu\u00e9bec.<\/p>\n<p>Vous pouvez consulter cet avis de d\u00e9c\u00e8s, sur le site web \u00e0 l\u2019adresse <a href=\"https:\/\/nouveau.maisonmallet.com\/back05_01\/\">www.maisonmallet.com<\/a><\/p>\n<p>Ceux et celles qui le d\u00e9sirent, peuvent y envoyer des messages de sympathie.<\/p>\n<p>.<\/p>\n<p>&nbsp;<\/p>\n<hr \/>\n<p>Envoyer vos condol\u00e9ances<\/p>\n<p>[contact-form to=\u00a0\u00bbmarc@maisonmallet.com\u00a0\u00bb subject=\u00a0\u00bbCondol\u00e9ances\u00a0\u00bb][contact-field label=\u00a0\u00bbVotre nom\u00a0\u00bb type=\u00a0\u00bbname\u00a0\u00bb required=\u00a0\u00bb1&Prime;][contact-field label=\u00a0\u00bbVotre courriel\u00a0\u00bb type=\u00a0\u00bbemail\u00a0\u00bb required=\u00a0\u00bb1&Prime;][contact-field label=\u00a0\u00bbCondol\u00e9ances\u00a0\u00bb type=\u00a0\u00bbtextarea\u00a0\u00bb][\/contact-form]<\/p>\n","protected":false},"featured_media":2140,"template":"","event_cat":[7],"class_list":["post-2139","event","type-event","status-publish","has-post-thumbnail","hentry","event_cat-maison-l-j-g-mallet-inc"],"_links":{"self":[{"href":"https:\/\/nouveau.maisonmallet.com\/back05_01\/index.php?rest_route=\/wp\/v2\/event\/2139","targetHints":{"allow":["GET"]}}],"collection":[{"href":"https:\/\/nouveau.maisonmallet.com\/back05_01\/index.php?rest_route=\/wp\/v2\/event"}],"about":[{"href":"https:\/\/nouveau.maisonmallet.com\/back05_01\/index.php?rest_route=\/wp\/v2\/types\/event"}],"wp:featuredmedia":[{"embeddable":true,"href":"https:\/\/nouveau.maisonmallet.com\/back05_01\/index.php?rest_route=\/wp\/v2\/media\/2140"}],"wp:attachment":[{"href":"https:\/\/nouveau.maisonmallet.com\/back05_01\/index.php?rest_route=%2Fwp%2Fv2%2Fmedia&parent=2139"}],"wp:term":[{"taxonomy":"event_cat","embeddable":true,"href":"https:\/\/nouveau.maisonmallet.com\/back05_01\/index.php?rest_route=%2Fwp%2Fv2%2Fevent_cat&post=2139"}],"curies":[{"name":"wp","href":"https:\/\/api.w.org\/{rel}","templated":true}]}}

<p>1967-2019</p>
<p>À Havre-Saint-Pierre, le 6 janvier 2019, est décédé à l’âge de 51 ans et 11 mois, monsieur Steve Scherrer conjoint de madame Luce Thériault et domicilié à Havre-Saint-Pierre.</p>
<p>Les funérailles de monsieur Steve Scherrer auront lieu le jeudi 10 janvier 2019 à 11 h en l’Église Saint-Pierre de Havre-Saint-Pierre.</p>
<p>Selon ses volontés, il a été confié au crématorium de la Maison L.J.G. Mallet pour crémation.</p>
<p>La famille reçoit parents et amis le jeudi 10 janvier 2019 à compter de 10 h à l’Église Saint-Pierre de Havre-Saint-Pierre.</p>
<p>Il laisse dans le deuil outre sa conjointe madame Luce Thériault, son fils Craig, sa fille Sammy. Ses frères et sœurs Louise, Johanne, Bill, Nathalie, Manon, Ken, Annick et leur conjoint. Ses beaux-frères, ses belles-sœurs, ses neveux, ses nièces et ainsi que de nombreux amis.</p>
<p>Vos marques de sympathie peuvent se traduire par un don à la fondation du centre de santé de la Minganie.</p>
<p>La famille a confié la direction des funérailles aux services professionnels de la Maison L.J.G. Mallet du 1429, rue du Canot à Havre-Saint-Pierre, maintenant reconnue Distinction et membre de la Corporation des Thanatologues du Québec.</p>
<p>Vous pouvez consulter cet avis de décès, sur le site web à l’adresse <a href="https://nouveau.maisonmallet.com/back05_01/">www.maisonmallet.com</a></p>
<p>Ceux et celles qui le désirent, peuvent y envoyer des messages de sympathie.</p>
<p>.</p>
<p>&nbsp;</p>
<hr />
<p>Envoyer vos condoléances</p>
<p>[contact-form to= »marc@maisonmallet.com » subject= »Condoléances »][contact-field label= »Votre nom » type= »name » required= »1&Prime;][contact-field label= »Votre courriel » type= »email » required= »1&Prime;][contact-field label= »Condoléances » type= »textarea »][/contact-form]</p>
