{"id":21418,"date":"2021-05-24T20:22:41","date_gmt":"2021-05-25T00:22:41","guid":{"rendered":"https:\/\/nouveau.maisonmallet.com\/?post_type=event&#038;p=21418"},"modified":"2021-05-25T20:30:55","modified_gmt":"2021-05-26T00:30:55","slug":"jourdain-bruno","status":"publish","type":"event","link":"https:\/\/nouveau.maisonmallet.com\/back05_01\/?event=jourdain-bruno","title":{"rendered":"JOURDAIN, Bruno"},"content":{"rendered":"<p>1959 &#8211; 2021<\/p>\n<p>JOURDAIN, Bruno<\/p>\n<p>&nbsp;<\/p>\n<p>\u00c0 Uashat, le 24 mai 2021, est d\u00e9c\u00e9d\u00e9 \u00e0 l\u2019\u00e2ge de 62 ans, monsieur Bruno Jourdain \u00e9poux de madame Armandine Vachon domicili\u00e9 \u00e0 Uashat.<\/p>\n<p><strong><u>\u00c9tant donn\u00e9 la situation de crise entourant le COVID-19 et par souci de se conformer aux recommandations gouvernementales en mati\u00e8re de rassemblements int\u00e9rieurs et des mesures d\u2019hygi\u00e8ne strictes pour les visiteurs, les rituels fun\u00e9raires de monsieur Bruno Jourdain auront lieu dans la plus stricte intimit\u00e9 et sur invitation seulement.<\/u><\/strong><\/p>\n<p>Il laisse dans le deuil outre son \u00e9pouse madame Armandine Vachon, son fils Dominique (Audrey Fontaine), sa fille Micheline (Herman Vollant), ses petits-fils\u00a0: Odilon et Andre\u00ef ainsi que ses fr\u00e8res\u00a0: Michel (Christine Aster) et R\u00e9al (Marie-Claire Vachon), ses s\u0153urs\u00a0: Denise, Marie-France et Blandine, ses belles-s\u0153urs Agathe, Marie-Claire (R\u00e9al Jourdain) et Nancy (Luc Picard), ses beaux-fr\u00e8res\u00a0: Dany (Katia Rock) et Patrice, ses neveux, ses ni\u00e8ces, ses oncles, ses tantes, ses cousins, ses cousines et de nombreux ami(e)s.<\/p>\n<p>La famille a confi\u00e9 la direction des fun\u00e9railles aux services professionnels de la Maison Mallet &amp; fils du 585, Boul. Laure \u00e0 Sept-\u00celes, maintenant reconnue Distinction et membre de la Corporation des Thanatologues du Qu\u00e9bec.<\/p>\n<p>Vous pouvez consulter cet avis de d\u00e9c\u00e8s sur le <a href=\"https:\/\/nouveau.maisonmallet.com\/back05_01\">www.maisonmallet.com<\/a><\/p>\n<p>Ceux et celles qui le d\u00e9sirent, peuvent y envoyer des messages de condol\u00e9ances.<\/p>\n<p>&nbsp;<\/p>\n<hr \/>\n<p>Envoyer vos condol\u00e9ances<\/p>\n<p>[contact-form to=\u00a0\u00bbavachon63@hotmail.com\u00a0\u00bb subject=\u00a0\u00bbCondol\u00e9ances Bruno Jourdin\u00a0\u00bb][contact-field label=\u00a0\u00bbVotre nom\u00a0\u00bb type=\u00a0\u00bbname\u00a0\u00bb required=\u00a0\u00bb1&Prime;][contact-field label=\u00a0\u00bbVotre courriel\u00a0\u00bb type=\u00a0\u00bbemail\u00a0\u00bb required=\u00a0\u00bb1&Prime;][contact-field label=\u00a0\u00bbCondol\u00e9ances\u00a0\u00bb type=\u00a0\u00bbtextarea\u00a0\u00bb][\/contact-form]<\/p>\n","protected":false},"featured_media":21421,"template":"","event_cat":[6],"class_list":["post-21418","event","type-event","status-publish","has-post-thumbnail","hentry","event_cat-maison-mallet-et-fils-inc"],"_links":{"self":[{"href":"https:\/\/nouveau.maisonmallet.com\/back05_01\/index.php?rest_route=\/wp\/v2\/event\/21418","targetHints":{"allow":["GET"]}}],"collection":[{"href":"https:\/\/nouveau.maisonmallet.com\/back05_01\/index.php?rest_route=\/wp\/v2\/event"}],"about":[{"href":"https:\/\/nouveau.maisonmallet.com\/back05_01\/index.php?rest_route=\/wp\/v2\/types\/event"}],"wp:featuredmedia":[{"embeddable":true,"href":"https:\/\/nouveau.maisonmallet.com\/back05_01\/index.php?rest_route=\/wp\/v2\/media\/21421"}],"wp:attachment":[{"href":"https:\/\/nouveau.maisonmallet.com\/back05_01\/index.php?rest_route=%2Fwp%2Fv2%2Fmedia&parent=21418"}],"wp:term":[{"taxonomy":"event_cat","embeddable":true,"href":"https:\/\/nouveau.maisonmallet.com\/back05_01\/index.php?rest_route=%2Fwp%2Fv2%2Fevent_cat&post=21418"}],"curies":[{"name":"wp","href":"https:\/\/api.w.org\/{rel}","templated":true}]}}

<p>1959 &#8211; 2021</p>
<p>JOURDAIN, Bruno</p>
<p>&nbsp;</p>
<p>À Uashat, le 24 mai 2021, est décédé à l’âge de 62 ans, monsieur Bruno Jourdain époux de madame Armandine Vachon domicilié à Uashat.</p>
<p><strong><u>Étant donné la situation de crise entourant le COVID-19 et par souci de se conformer aux recommandations gouvernementales en matière de rassemblements intérieurs et des mesures d’hygiène strictes pour les visiteurs, les rituels funéraires de monsieur Bruno Jourdain auront lieu dans la plus stricte intimité et sur invitation seulement.</u></strong></p>
<p>Il laisse dans le deuil outre son épouse madame Armandine Vachon, son fils Dominique (Audrey Fontaine), sa fille Micheline (Herman Vollant), ses petits-fils : Odilon et Andreï ainsi que ses frères : Michel (Christine Aster) et Réal (Marie-Claire Vachon), ses sœurs : Denise, Marie-France et Blandine, ses belles-sœurs Agathe, Marie-Claire (Réal Jourdain) et Nancy (Luc Picard), ses beaux-frères : Dany (Katia Rock) et Patrice, ses neveux, ses nièces, ses oncles, ses tantes, ses cousins, ses cousines et de nombreux ami(e)s.</p>
<p>La famille a confié la direction des funérailles aux services professionnels de la Maison Mallet &amp; fils du 585, Boul. Laure à Sept-Îles, maintenant reconnue Distinction et membre de la Corporation des Thanatologues du Québec.</p>
<p>Vous pouvez consulter cet avis de décès sur le <a href="https://nouveau.maisonmallet.com/back05_01">www.maisonmallet.com</a></p>
<p>Ceux et celles qui le désirent, peuvent y envoyer des messages de condoléances.</p>
<p>&nbsp;</p>
<hr />
<p>Envoyer vos condoléances</p>
<p>[contact-form to= »avachon63@hotmail.com » subject= »Condoléances Bruno Jourdin »][contact-field label= »Votre nom » type= »name » required= »1&Prime;][contact-field label= »Votre courriel » type= »email » required= »1&Prime;][contact-field label= »Condoléances » type= »textarea »][/contact-form]</p>
