{"id":2144,"date":"2019-01-17T09:47:29","date_gmt":"2019-01-17T14:47:29","guid":{"rendered":"http:\/\/207.253.81.73\/?post_type=event&#038;p=2144"},"modified":"2019-01-17T10:06:49","modified_gmt":"2019-01-17T15:06:49","slug":"farcy-yvonne170939","status":"publish","type":"event","link":"https:\/\/nouveau.maisonmallet.com\/back05_01\/?event=farcy-yvonne170939","title":{"rendered":"FARCY Yvonne"},"content":{"rendered":"<p>1939-2019<\/p>\n<p>\u00c0 Havre-Saint-Pierre, le 12 janvier 2019, est d\u00e9c\u00e9d\u00e9e \u00e0 l\u2019\u00e2ge de 79 ans et 3 mois, madame Yvonne Farcy conjointe de monsieur Marcel Edwards et domicili\u00e9e \u00e0 Rivi\u00e8re-Saint-Jean.<\/p>\n<p>Les fun\u00e9railles de madame Yvonne Farcy auront lieu le samedi 26 janvier 2019 \u00e0 11 h en l\u2019\u00c9glise Saint-Jean Ap\u00f4tre de Rivi\u00e8re-Saint-Jean.<\/p>\n<p>Selon ses volont\u00e9s, elle a \u00e9t\u00e9 confi\u00e9e au cr\u00e9matorium de la Maison L.J.G. Mallet pour cr\u00e9mation.<\/p>\n<p>La famille re\u00e7oit parents et amis le samedi 26 janvier 2019 \u00e0 compter de 10 h \u00e0 l\u2019\u00c9glise Saint-Jean Ap\u00f4tre de Rivi\u00e8re-Saint-Jean.<\/p>\n<p>Elle laisse dans le deuil outre son conjoint monsieur Marcel Edwards, son fr\u00e8re, ses s\u0153urs, ses beaux-fr\u00e8res, ses belles-s\u0153urs, ses neveux, ses ni\u00e8ces et ainsi que de nombreux amis.<\/p>\n<p>Vos marques de sympathie peuvent se traduire par un don \u00e0 l\u2019Espoir de Shelna situ\u00e9 au 1075, rue des Anciens \u00e0 Havre-Saint-Pierre. T\u00e9l\u00a0: 418-538-3672.<\/p>\n<p>La famille a confi\u00e9 la direction des fun\u00e9railles aux services professionnels de la Maison L.J.G. Mallet du 1429, rue du Canot \u00e0 Havre-Saint-Pierre, maintenant reconnue Distinction et membre de la Corporation des Thanatologues du Qu\u00e9bec.<\/p>\n<p>Vous pouvez consulter cet avis de d\u00e9c\u00e8s, sur le site web \u00e0 l\u2019adresse <a href=\"https:\/\/nouveau.maisonmallet.com\/back05_01\/\">www.maisonmallet.com<\/a><\/p>\n<p>Ceux et celles qui le d\u00e9sirent, peuvent y envoyer des messages de sympathie.<\/p>\n<p>.<\/p>\n<p>&nbsp;<\/p>\n<hr \/>\n<p>Envoyer vos condol\u00e9ances<\/p>\n<p>[contact-form to=\u00a0\u00bbmarc@maisonmallet.com\u00a0\u00bb subject=\u00a0\u00bbCondol\u00e9ances\u00a0\u00bb][contact-field label=\u00a0\u00bbVotre nom\u00a0\u00bb type=\u00a0\u00bbname\u00a0\u00bb required=\u00a0\u00bb1&Prime;][contact-field label=\u00a0\u00bbVotre courriel\u00a0\u00bb type=\u00a0\u00bbemail\u00a0\u00bb required=\u00a0\u00bb1&Prime;][contact-field label=\u00a0\u00bbCondol\u00e9ances\u00a0\u00bb type=\u00a0\u00bbtextarea\u00a0\u00bb][\/contact-form]<\/p>\n","protected":false},"featured_media":2145,"template":"","event_cat":[7],"class_list":["post-2144","event","type-event","status-publish","has-post-thumbnail","hentry","event_cat-maison-l-j-g-mallet-inc"],"_links":{"self":[{"href":"https:\/\/nouveau.maisonmallet.com\/back05_01\/index.php?rest_route=\/wp\/v2\/event\/2144","targetHints":{"allow":["GET"]}}],"collection":[{"href":"https:\/\/nouveau.maisonmallet.com\/back05_01\/index.php?rest_route=\/wp\/v2\/event"}],"about":[{"href":"https:\/\/nouveau.maisonmallet.com\/back05_01\/index.php?rest_route=\/wp\/v2\/types\/event"}],"wp:featuredmedia":[{"embeddable":true,"href":"https:\/\/nouveau.maisonmallet.com\/back05_01\/index.php?rest_route=\/wp\/v2\/media\/2145"}],"wp:attachment":[{"href":"https:\/\/nouveau.maisonmallet.com\/back05_01\/index.php?rest_route=%2Fwp%2Fv2%2Fmedia&parent=2144"}],"wp:term":[{"taxonomy":"event_cat","embeddable":true,"href":"https:\/\/nouveau.maisonmallet.com\/back05_01\/index.php?rest_route=%2Fwp%2Fv2%2Fevent_cat&post=2144"}],"curies":[{"name":"wp","href":"https:\/\/api.w.org\/{rel}","templated":true}]}}

<p>1939-2019</p>
<p>À Havre-Saint-Pierre, le 12 janvier 2019, est décédée à l’âge de 79 ans et 3 mois, madame Yvonne Farcy conjointe de monsieur Marcel Edwards et domiciliée à Rivière-Saint-Jean.</p>
<p>Les funérailles de madame Yvonne Farcy auront lieu le samedi 26 janvier 2019 à 11 h en l’Église Saint-Jean Apôtre de Rivière-Saint-Jean.</p>
<p>Selon ses volontés, elle a été confiée au crématorium de la Maison L.J.G. Mallet pour crémation.</p>
<p>La famille reçoit parents et amis le samedi 26 janvier 2019 à compter de 10 h à l’Église Saint-Jean Apôtre de Rivière-Saint-Jean.</p>
<p>Elle laisse dans le deuil outre son conjoint monsieur Marcel Edwards, son frère, ses sœurs, ses beaux-frères, ses belles-sœurs, ses neveux, ses nièces et ainsi que de nombreux amis.</p>
<p>Vos marques de sympathie peuvent se traduire par un don à l’Espoir de Shelna situé au 1075, rue des Anciens à Havre-Saint-Pierre. Tél : 418-538-3672.</p>
<p>La famille a confié la direction des funérailles aux services professionnels de la Maison L.J.G. Mallet du 1429, rue du Canot à Havre-Saint-Pierre, maintenant reconnue Distinction et membre de la Corporation des Thanatologues du Québec.</p>
<p>Vous pouvez consulter cet avis de décès, sur le site web à l’adresse <a href="https://nouveau.maisonmallet.com/back05_01/">www.maisonmallet.com</a></p>
<p>Ceux et celles qui le désirent, peuvent y envoyer des messages de sympathie.</p>
<p>.</p>
<p>&nbsp;</p>
<hr />
<p>Envoyer vos condoléances</p>
<p>[contact-form to= »marc@maisonmallet.com » subject= »Condoléances »][contact-field label= »Votre nom » type= »name » required= »1&Prime;][contact-field label= »Votre courriel » type= »email » required= »1&Prime;][contact-field label= »Condoléances » type= »textarea »][/contact-form]</p>
