{"id":2149,"date":"2019-02-05T10:27:09","date_gmt":"2019-02-05T15:27:09","guid":{"rendered":"http:\/\/207.253.81.73\/?post_type=event&#038;p=2149"},"modified":"2019-02-05T10:29:14","modified_gmt":"2019-02-05T15:29:14","slug":"cormier-jeannette220835","status":"publish","type":"event","link":"https:\/\/nouveau.maisonmallet.com\/back05_01\/?event=cormier-jeannette220835","title":{"rendered":"CORMIER Jeannette"},"content":{"rendered":"<p>1935-2019<\/p>\n<p>\u00c0 Havre-Saint-Pierre, le 26 janvier 2019, est d\u00e9c\u00e9d\u00e9e \u00e0 l\u2019\u00e2ge de 83 ans 5 mois, madame Jeannette Cormier \u00e9pouse de feu Roland Cormier et domicili\u00e9e \u00e0 Havre-Saint-Pierre.<\/p>\n<p>Les fun\u00e9railles de madame Jeannette Cormier auront lieu le mercredi 30 janvier 2019 \u00e0 15 h en l\u2019\u00c9glise Saint-Pierre de Havre-Saint-Pierre et de l\u00e0 au cr\u00e9matorium de la Maison L.J.G. Mallet pour cr\u00e9mation.<\/p>\n<p>La famille re\u00e7oit parents et amis le mardi 29 janvier 2019 de 19 h \u00e0 22 h. Le mercredi 30 janvier 2019 jour des fun\u00e9railles \u00e0 compter de 14 h au salon de la Maison L.J.G. Mallet situ\u00e9 au 1429, rue du Canot \u00e0 Havre-Saint-Pierre.<\/p>\n<p>Elle laisse dans le deuil\u00a0ses fils\u00a0: Jean-Claude (Gabrielle Jomphe), Jocelyn (Terry Dibblee) et Bertrand (Lolita Vigneault), ses filles\u00a0: Brigitte (Claude Jomphe) et Jocelyne (Louis-Marie Lebrun), ses treize petits-enfants, ses treize arri\u00e8re-petits-enfants ainsi que ses s\u0153urs\u00a0: Denise et Rolande, ses beaux-fr\u00e8res, ses belles-s\u0153urs, ses neveux, ses ni\u00e8ces et de nombreux amis.<\/p>\n<p>Elle \u00e9tait la m\u00e8re de feue Simonne (Bertrand Cormier).<\/p>\n<p>Vos marques de sympathie peuvent se traduire par un don \u00e0 la Fondation du Centre de Sant\u00e9 de la Minganie.<\/p>\n<p>La famille a confi\u00e9 la direction des fun\u00e9railles au service professionnel de la Maison L.J.G. Mallet du 1429, rue du Canot \u00e0 Havre-Saint-Pierre, maintenant reconnue Distinction et membre de la Corporation des Thanatologues du Qu\u00e9bec.<\/p>\n<p>Vous pouvez consulter cet avis de d\u00e9c\u00e8s, sur le site web \u00e0 l\u2019adresse <a href=\"https:\/\/nouveau.maisonmallet.com\/back05_01\/\">www.maisonmallet.com<\/a><\/p>\n<p>Ceux et celles qui le d\u00e9sirent, peuvent y envoyer des messages de sympathie.<\/p>\n<p>&nbsp;<\/p>\n<p>&nbsp;<\/p>\n<hr \/>\n<p>Envoyer vos condol\u00e9ances<\/p>\n<p>[contact-form to=\u00a0\u00bbmarc@maisonmallet.com\u00a0\u00bb subject=\u00a0\u00bbCondol\u00e9ances\u00a0\u00bb][contact-field label=\u00a0\u00bbVotre nom\u00a0\u00bb type=\u00a0\u00bbname\u00a0\u00bb required=\u00a0\u00bb1&Prime;][contact-field label=\u00a0\u00bbVotre courriel\u00a0\u00bb type=\u00a0\u00bbemail\u00a0\u00bb required=\u00a0\u00bb1&Prime;][contact-field label=\u00a0\u00bbCondol\u00e9ances\u00a0\u00bb type=\u00a0\u00bbtextarea\u00a0\u00bb][\/contact-form]<\/p>\n","protected":false},"featured_media":2150,"template":"","event_cat":[7],"class_list":["post-2149","event","type-event","status-publish","has-post-thumbnail","hentry","event_cat-maison-l-j-g-mallet-inc"],"_links":{"self":[{"href":"https:\/\/nouveau.maisonmallet.com\/back05_01\/index.php?rest_route=\/wp\/v2\/event\/2149","targetHints":{"allow":["GET"]}}],"collection":[{"href":"https:\/\/nouveau.maisonmallet.com\/back05_01\/index.php?rest_route=\/wp\/v2\/event"}],"about":[{"href":"https:\/\/nouveau.maisonmallet.com\/back05_01\/index.php?rest_route=\/wp\/v2\/types\/event"}],"wp:featuredmedia":[{"embeddable":true,"href":"https:\/\/nouveau.maisonmallet.com\/back05_01\/index.php?rest_route=\/wp\/v2\/media\/2150"}],"wp:attachment":[{"href":"https:\/\/nouveau.maisonmallet.com\/back05_01\/index.php?rest_route=%2Fwp%2Fv2%2Fmedia&parent=2149"}],"wp:term":[{"taxonomy":"event_cat","embeddable":true,"href":"https:\/\/nouveau.maisonmallet.com\/back05_01\/index.php?rest_route=%2Fwp%2Fv2%2Fevent_cat&post=2149"}],"curies":[{"name":"wp","href":"https:\/\/api.w.org\/{rel}","templated":true}]}}

<p>1935-2019</p>
<p>À Havre-Saint-Pierre, le 26 janvier 2019, est décédée à l’âge de 83 ans 5 mois, madame Jeannette Cormier épouse de feu Roland Cormier et domiciliée à Havre-Saint-Pierre.</p>
<p>Les funérailles de madame Jeannette Cormier auront lieu le mercredi 30 janvier 2019 à 15 h en l’Église Saint-Pierre de Havre-Saint-Pierre et de là au crématorium de la Maison L.J.G. Mallet pour crémation.</p>
<p>La famille reçoit parents et amis le mardi 29 janvier 2019 de 19 h à 22 h. Le mercredi 30 janvier 2019 jour des funérailles à compter de 14 h au salon de la Maison L.J.G. Mallet situé au 1429, rue du Canot à Havre-Saint-Pierre.</p>
<p>Elle laisse dans le deuil ses fils : Jean-Claude (Gabrielle Jomphe), Jocelyn (Terry Dibblee) et Bertrand (Lolita Vigneault), ses filles : Brigitte (Claude Jomphe) et Jocelyne (Louis-Marie Lebrun), ses treize petits-enfants, ses treize arrière-petits-enfants ainsi que ses sœurs : Denise et Rolande, ses beaux-frères, ses belles-sœurs, ses neveux, ses nièces et de nombreux amis.</p>
<p>Elle était la mère de feue Simonne (Bertrand Cormier).</p>
<p>Vos marques de sympathie peuvent se traduire par un don à la Fondation du Centre de Santé de la Minganie.</p>
<p>La famille a confié la direction des funérailles au service professionnel de la Maison L.J.G. Mallet du 1429, rue du Canot à Havre-Saint-Pierre, maintenant reconnue Distinction et membre de la Corporation des Thanatologues du Québec.</p>
<p>Vous pouvez consulter cet avis de décès, sur le site web à l’adresse <a href="https://nouveau.maisonmallet.com/back05_01/">www.maisonmallet.com</a></p>
<p>Ceux et celles qui le désirent, peuvent y envoyer des messages de sympathie.</p>
<p>&nbsp;</p>
<p>&nbsp;</p>
<hr />
<p>Envoyer vos condoléances</p>
<p>[contact-form to= »marc@maisonmallet.com » subject= »Condoléances »][contact-field label= »Votre nom » type= »name » required= »1&Prime;][contact-field label= »Votre courriel » type= »email » required= »1&Prime;][contact-field label= »Condoléances » type= »textarea »][/contact-form]</p>
