{"id":21521,"date":"2021-05-01T10:07:14","date_gmt":"2021-05-01T14:07:14","guid":{"rendered":"https:\/\/nouveau.maisonmallet.com\/?post_type=event&#038;p=21521"},"modified":"2021-07-07T09:17:26","modified_gmt":"2021-07-07T13:17:26","slug":"modele-nom-prenom-31","status":"publish","type":"event","link":"https:\/\/nouveau.maisonmallet.com\/back05_01\/?event=modele-nom-prenom-31","title":{"rendered":"GAUTHIER, Line (Delarosbil)"},"content":{"rendered":"<p>1953 \u2013 2021<\/p>\n<p>GAUTHIER, Line (Delarosbil)<\/p>\n<p>&nbsp;<\/p>\n<p>\u00c0 Qu\u00e9bec, le 1<sup>er<\/sup> mai 2021, est d\u00e9c\u00e9d\u00e9e \u00e0 l\u2019\u00e2ge de 67 ans, madame Line Gauthier conjointe de feu Herm\u00e9n\u00e9gilde Delarosbil et domicili\u00e9e \u00e0 Sept-\u00celes.<\/p>\n<p>Les fun\u00e9railles de madame Line Gauthier Delarosbil auront lieu\u00a0 le samedi 12 juin 2021 \u00e0 11 h en l\u2019\u00e9glise St-Esprit de Rivi\u00e8re Pentec\u00f4te.<\/p>\n<p><strong><u>\u00c9tant donn\u00e9 la situation de crise entourant le COVID-19 et par souci de se conformer aux recommandations gouvernementales en mati\u00e8re de rassemblements int\u00e9rieurs et des mesures d\u2019hygi\u00e8ne strictes vous pouvez assister aux fun\u00e9railles \u00e0 l\u2019\u00e9glise St-Esprit sur invitation 50 personnes maximum seulement.<\/u><\/strong><\/p>\n<p>Selon ses volont\u00e9s, elle a \u00e9t\u00e9 confi\u00e9e au cr\u00e9matorium de la Maison Mallet &amp; fils pour cr\u00e9mation.<\/p>\n<p>La famille re\u00e7oit parents et amis le vendredi 11 juin de 19 h \u00e0 22 h au Complexe Thanatologique Mallet &amp; fils du 585 Boul. Laure \u00e0 Sept-\u00celes.<\/p>\n<p><strong><u>D\u00fb aux circonstances reli\u00e9es \u00e0 la pand\u00e9mie, vous pouvez venir pr\u00e9senter vos condol\u00e9ances en respectant la distanciation physique et le port du masque sera obligatoire.<\/u><\/strong><\/p>\n<p>Elle laisse dans le deuil son fils \u00c9ric, sa fille Cindy (Martin Lavoie), sa petite-fille Alyson, son petit-fils F\u00e9lix ainsi que ses fr\u00e8res\u00a0: L\u00e9vicque (Prisca Gagnon), G\u00e9rald (Johanne Pelletier), Jean-Philippe (Lucette Arseneault), R\u00e9jean (Linda Paquet) et Danis (Sylvie Alain), ses s\u0153urs\u00a0: Denise (Jocelyn Pelletier), Lucette, Dorianne et H\u00e9l\u00e8ne, sa belle-m\u00e8re madame Marie-Laura Huard ainsi son beau-fr\u00e8re Bernard (Carolle Lemoy), ses neveux, ses ni\u00e8ces, ses cousins, ses cousines et de nombreux ami (e) s.<\/p>\n<p>Vos marques de sympathie peuvent se traduire par un don \u00e0 l\u2019\u00c9lyme des sables <a href=\"http:\/\/www.elymedessables.com\">www.elymedessables.com<\/a><\/p>\n<p>La famille a confi\u00e9 la direction des fun\u00e9railles aux services professionnels de la Maison Mallet &amp; fils du 57, route 138 \u00e0 Port-Cartier, maintenant reconnue Distinction et membre de la Corporation des Thanatologues du Qu\u00e9bec.<\/p>\n<p>Vous pouvez consulter cet avis de d\u00e9c\u00e8s, sur le <a href=\"https:\/\/nouveau.maisonmallet.com\/back05_01\">www.maisonmallet.com<\/a><\/p>\n<p>Ceux et celles qui le d\u00e9sirent peuvent y envoyer des messages de sympathie.<\/p>\n<p>&nbsp;<\/p>\n<hr \/>\n<p>Envoyer vos condol\u00e9ances<\/p>\n<p>[contact-form to=\u00a0\u00bbdelarosbilcindy@gmail.com\u00a0\u00bb subject=\u00a0\u00bbCondol\u00e9ances Line Gauthier\u00a0\u00bb][contact-field label=\u00a0\u00bbVotre nom\u00a0\u00bb type=\u00a0\u00bbname\u00a0\u00bb required=\u00a0\u00bb1&Prime;][contact-field label=\u00a0\u00bbVotre courriel\u00a0\u00bb type=\u00a0\u00bbemail\u00a0\u00bb required=\u00a0\u00bb1&Prime;][contact-field label=\u00a0\u00bbCondol\u00e9ances\u00a0\u00bb type=\u00a0\u00bbtextarea\u00a0\u00bb][\/contact-form]<\/p>\n","protected":false},"featured_media":21522,"template":"","event_cat":[6],"class_list":["post-21521","event","type-event","status-publish","has-post-thumbnail","hentry","event_cat-maison-mallet-et-fils-inc"],"_links":{"self":[{"href":"https:\/\/nouveau.maisonmallet.com\/back05_01\/index.php?rest_route=\/wp\/v2\/event\/21521","targetHints":{"allow":["GET"]}}],"collection":[{"href":"https:\/\/nouveau.maisonmallet.com\/back05_01\/index.php?rest_route=\/wp\/v2\/event"}],"about":[{"href":"https:\/\/nouveau.maisonmallet.com\/back05_01\/index.php?rest_route=\/wp\/v2\/types\/event"}],"wp:featuredmedia":[{"embeddable":true,"href":"https:\/\/nouveau.maisonmallet.com\/back05_01\/index.php?rest_route=\/wp\/v2\/media\/21522"}],"wp:attachment":[{"href":"https:\/\/nouveau.maisonmallet.com\/back05_01\/index.php?rest_route=%2Fwp%2Fv2%2Fmedia&parent=21521"}],"wp:term":[{"taxonomy":"event_cat","embeddable":true,"href":"https:\/\/nouveau.maisonmallet.com\/back05_01\/index.php?rest_route=%2Fwp%2Fv2%2Fevent_cat&post=21521"}],"curies":[{"name":"wp","href":"https:\/\/api.w.org\/{rel}","templated":true}]}}

<p>1953 – 2021</p>
<p>GAUTHIER, Line (Delarosbil)</p>
<p>&nbsp;</p>
<p>À Québec, le 1<sup>er</sup> mai 2021, est décédée à l’âge de 67 ans, madame Line Gauthier conjointe de feu Herménégilde Delarosbil et domiciliée à Sept-Îles.</p>
<p>Les funérailles de madame Line Gauthier Delarosbil auront lieu  le samedi 12 juin 2021 à 11 h en l’église St-Esprit de Rivière Pentecôte.</p>
<p><strong><u>Étant donné la situation de crise entourant le COVID-19 et par souci de se conformer aux recommandations gouvernementales en matière de rassemblements intérieurs et des mesures d’hygiène strictes vous pouvez assister aux funérailles à l’église St-Esprit sur invitation 50 personnes maximum seulement.</u></strong></p>
<p>Selon ses volontés, elle a été confiée au crématorium de la Maison Mallet &amp; fils pour crémation.</p>
<p>La famille reçoit parents et amis le vendredi 11 juin de 19 h à 22 h au Complexe Thanatologique Mallet &amp; fils du 585 Boul. Laure à Sept-Îles.</p>
<p><strong><u>Dû aux circonstances reliées à la pandémie, vous pouvez venir présenter vos condoléances en respectant la distanciation physique et le port du masque sera obligatoire.</u></strong></p>
<p>Elle laisse dans le deuil son fils Éric, sa fille Cindy (Martin Lavoie), sa petite-fille Alyson, son petit-fils Félix ainsi que ses frères : Lévicque (Prisca Gagnon), Gérald (Johanne Pelletier), Jean-Philippe (Lucette Arseneault), Réjean (Linda Paquet) et Danis (Sylvie Alain), ses sœurs : Denise (Jocelyn Pelletier), Lucette, Dorianne et Hélène, sa belle-mère madame Marie-Laura Huard ainsi son beau-frère Bernard (Carolle Lemoy), ses neveux, ses nièces, ses cousins, ses cousines et de nombreux ami (e) s.</p>
<p>Vos marques de sympathie peuvent se traduire par un don à l’Élyme des sables <a href="http://www.elymedessables.com">www.elymedessables.com</a></p>
<p>La famille a confié la direction des funérailles aux services professionnels de la Maison Mallet &amp; fils du 57, route 138 à Port-Cartier, maintenant reconnue Distinction et membre de la Corporation des Thanatologues du Québec.</p>
<p>Vous pouvez consulter cet avis de décès, sur le <a href="https://nouveau.maisonmallet.com/back05_01">www.maisonmallet.com</a></p>
<p>Ceux et celles qui le désirent peuvent y envoyer des messages de sympathie.</p>
<p>&nbsp;</p>
<hr />
<p>Envoyer vos condoléances</p>
<p>[contact-form to= »delarosbilcindy@gmail.com » subject= »Condoléances Line Gauthier »][contact-field label= »Votre nom » type= »name » required= »1&Prime;][contact-field label= »Votre courriel » type= »email » required= »1&Prime;][contact-field label= »Condoléances » type= »textarea »][/contact-form]</p>
