{"id":2155,"date":"2019-02-18T13:39:49","date_gmt":"2019-02-18T18:39:49","guid":{"rendered":"http:\/\/207.253.81.73\/?post_type=event&#038;p=2155"},"modified":"2019-03-08T10:25:51","modified_gmt":"2019-03-08T15:25:51","slug":"220622","status":"publish","type":"event","link":"https:\/\/nouveau.maisonmallet.com\/back05_01\/?event=220622","title":{"rendered":"VIGNEAULT Blandine (JOMPHE)"},"content":{"rendered":"<p>1922-2019<\/p>\n<p>\u00c0 Havre-Saint-Pierre, le 9 f\u00e9vrier 2019, est d\u00e9c\u00e9d\u00e9e \u00e0 l\u2019\u00e2ge de 96 ans et 7 mois, madame Blandine Vigneault \u00e9pouse de feu Robert Jomphe et domicili\u00e9e \u00e0 Havre-Saint-Pierre.<\/p>\n<p>Les fun\u00e9railles de madame Blandine Vigneault Jomphe auront lieu le mercredi 13 f\u00e9vrier 2019 \u00e0 11 h en l\u2019\u00c9glise Saint-Pierre de Havre-Saint-Pierre et de l\u00e0\u00a0cimeti\u00e8re de l\u2019endroit.<\/p>\n<p>La famille re\u00e7oit parents et amis le mardi 12 f\u00e9vrier 2019 de 19 h \u00e0 22 h. Le\u00a0mercredi 13 f\u00e9vrier 2019 jour des fun\u00e9railles \u00e0 compter de 10 h au salon de la maison L.J.G. Mallet au 1429 rue du canot \u00e0 Havre-Saint-Pierre.<\/p>\n<p>Elle laisse dans le deuil ses filles\u00a0: Suzanne (R\u00e9al Gagn\u00e9), Rose-Anna (feu Bernard Guy), Claudine (James MacInnis), Christiane (Fred Spence) et Shirley (Mike Hiscock), ses fils\u00a0: Roger (Lise Larivi\u00e8re), \u00c9tienne (Linda Giasson), Julien (Diane Saro), Martin (Rita Pinsonneault), Adrien (Jocelyne Cormier), Michel (Guylaine Vigneault), Jean-Claude, Jean-Jacques (No\u00eblla Poirier) et G\u00e9rard (Sandra Dumais), ses trente-deux petits-enfants, ses quarante arri\u00e8re-petits-enfants ainsi que ses fr\u00e8res, son beau-fr\u00e8re, ses belles-s\u0153urs, ses neveux, ses ni\u00e8ces et\u00a0de nombreux ami(e)<\/p>\n<p>Vos marques de sympathie peuvent se traduire par un don \u00e0 la fondation du centre de sant\u00e9 de la Minganie au 1035, Promenade des Anciens \u00e0 Havre-Saint-Pierre. T\u00e9l\u00e9phone\u00a0: 1-418-538-2212<\/p>\n<p>La famille a confi\u00e9 la direction des fun\u00e9railles aux services professionnels de la Maison L.J.G. Mallet du 1429, rue du Canot \u00e0 Havre-Saint-Pierre, maintenant reconnue Distinction et membre de la Corporation des Thanatologues du Qu\u00e9bec.<\/p>\n<p>Vous pouvez consulter cet avis de d\u00e9c\u00e8s, sur le <a href=\"https:\/\/nouveau.maisonmallet.com\/back05_01\/\">www.maisonmallet.com<\/a><\/p>\n<p>Ceux et celles qui le d\u00e9sirent, peuvent y envoyer des messages de sympathie.<\/p>\n<p>.<\/p>\n<p>&nbsp;<\/p>\n<hr \/>\n<p>Envoyer vos condol\u00e9ances<\/p>\n<p>[contact-form to=\u00a0\u00bbmarc@maisonmallet.com\u00a0\u00bb subject=\u00a0\u00bbCondol\u00e9ances\u00a0\u00bb][contact-field label=\u00a0\u00bbVotre nom\u00a0\u00bb type=\u00a0\u00bbname\u00a0\u00bb required=\u00a0\u00bb1&Prime;][contact-field label=\u00a0\u00bbVotre courriel\u00a0\u00bb type=\u00a0\u00bbemail\u00a0\u00bb required=\u00a0\u00bb1&Prime;][contact-field label=\u00a0\u00bbCondol\u00e9ances\u00a0\u00bb type=\u00a0\u00bbtextarea\u00a0\u00bb][\/contact-form]<\/p>\n","protected":false},"featured_media":2164,"template":"","event_cat":[7],"class_list":["post-2155","event","type-event","status-publish","has-post-thumbnail","hentry","event_cat-maison-l-j-g-mallet-inc"],"_links":{"self":[{"href":"https:\/\/nouveau.maisonmallet.com\/back05_01\/index.php?rest_route=\/wp\/v2\/event\/2155","targetHints":{"allow":["GET"]}}],"collection":[{"href":"https:\/\/nouveau.maisonmallet.com\/back05_01\/index.php?rest_route=\/wp\/v2\/event"}],"about":[{"href":"https:\/\/nouveau.maisonmallet.com\/back05_01\/index.php?rest_route=\/wp\/v2\/types\/event"}],"wp:featuredmedia":[{"embeddable":true,"href":"https:\/\/nouveau.maisonmallet.com\/back05_01\/index.php?rest_route=\/wp\/v2\/media\/2164"}],"wp:attachment":[{"href":"https:\/\/nouveau.maisonmallet.com\/back05_01\/index.php?rest_route=%2Fwp%2Fv2%2Fmedia&parent=2155"}],"wp:term":[{"taxonomy":"event_cat","embeddable":true,"href":"https:\/\/nouveau.maisonmallet.com\/back05_01\/index.php?rest_route=%2Fwp%2Fv2%2Fevent_cat&post=2155"}],"curies":[{"name":"wp","href":"https:\/\/api.w.org\/{rel}","templated":true}]}}

<p>1922-2019</p>
<p>À Havre-Saint-Pierre, le 9 février 2019, est décédée à l’âge de 96 ans et 7 mois, madame Blandine Vigneault épouse de feu Robert Jomphe et domiciliée à Havre-Saint-Pierre.</p>
<p>Les funérailles de madame Blandine Vigneault Jomphe auront lieu le mercredi 13 février 2019 à 11 h en l’Église Saint-Pierre de Havre-Saint-Pierre et de là cimetière de l’endroit.</p>
<p>La famille reçoit parents et amis le mardi 12 février 2019 de 19 h à 22 h. Le mercredi 13 février 2019 jour des funérailles à compter de 10 h au salon de la maison L.J.G. Mallet au 1429 rue du canot à Havre-Saint-Pierre.</p>
<p>Elle laisse dans le deuil ses filles : Suzanne (Réal Gagné), Rose-Anna (feu Bernard Guy), Claudine (James MacInnis), Christiane (Fred Spence) et Shirley (Mike Hiscock), ses fils : Roger (Lise Larivière), Étienne (Linda Giasson), Julien (Diane Saro), Martin (Rita Pinsonneault), Adrien (Jocelyne Cormier), Michel (Guylaine Vigneault), Jean-Claude, Jean-Jacques (Noëlla Poirier) et Gérard (Sandra Dumais), ses trente-deux petits-enfants, ses quarante arrière-petits-enfants ainsi que ses frères, son beau-frère, ses belles-sœurs, ses neveux, ses nièces et de nombreux ami(e)</p>
<p>Vos marques de sympathie peuvent se traduire par un don à la fondation du centre de santé de la Minganie au 1035, Promenade des Anciens à Havre-Saint-Pierre. Téléphone : 1-418-538-2212</p>
<p>La famille a confié la direction des funérailles aux services professionnels de la Maison L.J.G. Mallet du 1429, rue du Canot à Havre-Saint-Pierre, maintenant reconnue Distinction et membre de la Corporation des Thanatologues du Québec.</p>
<p>Vous pouvez consulter cet avis de décès, sur le <a href="https://nouveau.maisonmallet.com/back05_01/">www.maisonmallet.com</a></p>
<p>Ceux et celles qui le désirent, peuvent y envoyer des messages de sympathie.</p>
<p>.</p>
<p>&nbsp;</p>
<hr />
<p>Envoyer vos condoléances</p>
<p>[contact-form to= »marc@maisonmallet.com » subject= »Condoléances »][contact-field label= »Votre nom » type= »name » required= »1&Prime;][contact-field label= »Votre courriel » type= »email » required= »1&Prime;][contact-field label= »Condoléances » type= »textarea »][/contact-form]</p>
