{"id":21569,"date":"2021-06-03T18:03:01","date_gmt":"2021-06-03T22:03:01","guid":{"rendered":"https:\/\/nouveau.maisonmallet.com\/?post_type=event&#038;p=21569"},"modified":"2021-07-07T09:15:36","modified_gmt":"2021-07-07T13:15:36","slug":"mallais-appoline-saulnier","status":"publish","type":"event","link":"https:\/\/nouveau.maisonmallet.com\/back05_01\/?event=mallais-appoline-saulnier","title":{"rendered":"MALLAIS, Appoline (Saulnier)"},"content":{"rendered":"<p>1932 \u2013 2021<\/p>\n<p>MALLAIS, Appoline (Saulnier)<\/p>\n<p>&nbsp;<\/p>\n<p>\u00c0 Sept-\u00celes, le 3 juin 2021, est d\u00e9c\u00e9d\u00e9e \u00e0 l\u2019\u00e2ge de 88 ans, madame Appoline Mallais \u00e9pouse de feu Mederic Saulnier et domicili\u00e9e \u00e0 Sept-\u00celes.<\/p>\n<p>Les fun\u00e9railles de madame Appoline Mallais auront lieu le mercredi 9 juin 2021 \u00e0 14 h en l\u2019\u00e9glise Marie-Immacul\u00e9e situ\u00e9e au 180, rue Papineau \u00e0 Sept-\u00celes.<\/p>\n<p><strong><u>\u00c9tant donn\u00e9 la situation de crise entourant le COVID-19 et par souci de se conformer aux recommandations gouvernementales en mati\u00e8re de rassemblements int\u00e9rieurs et des mesures d\u2019hygi\u00e8ne strictes vous pouvez assister aux fun\u00e9railles \u00e0 l\u2019\u00e9glise Marie-Immacul\u00e9e sur invitation 50 personnes maximum seulement.<\/u><\/strong><\/p>\n<p>Selon ses volont\u00e9s, elle a \u00e9t\u00e9 confi\u00e9e au cr\u00e9matorium de la Maison Mallet &amp; fils pour cr\u00e9mation.<\/p>\n<p>La famille re\u00e7oit parents et amis le mercredi 9 juin 2021 jour des fun\u00e9railles de 12 h \u00e0 13 h 30 au Complexe Thanatologique Mallet &amp; fils du 585 Boul. Laure \u00e0 Sept-\u00celes.<\/p>\n<p><strong><u>D\u00fb aux circonstances reli\u00e9es \u00e0 la pand\u00e9mie, vous pouvez venir pr\u00e9senter vos condol\u00e9ances en respectant la distanciation physique et le port du masque sera obligatoire.<\/u><\/strong><\/p>\n<p>Elle laisse dans le deuil ses enfants\u00a0: Danny (Gis\u00e8le Dubuc), Melvin (Diane Boudreault), Paulette (Rodrigue Bergeron), Nathalie et Chantal, ses petits-enfants\u00a0: Max, Yan, Hugo, David, Nicolas, Jacob et Chlo\u00e9, ses arri\u00e8re-petits-enfants\u00a0: Dylan, Tanya, M\u00e9lodie, Jordan et Noah ainsi que son arri\u00e8re-arri\u00e8re-petite-fille Mayvee, son fr\u00e8re, ses s\u0153urs, ses beaux-fr\u00e8res, ses belles-s\u0153urs, ses neveux, ses ni\u00e8ces, ses cousins, ses cousines et de nombreux ami(e)s.<\/p>\n<p>Vos marques de sympathie peuvent se traduire par un don \u00e0 l\u2019\u00c9lyme des sables <a href=\"http:\/\/www.elymedessables.com\">www.elymedessables.com<\/a><\/p>\n<p>La famille a confi\u00e9 la direction des fun\u00e9railles aux services professionnels de la Maison Mallet &amp; fils du 585 Boul. Laure \u00e0 Sept-\u00celes, maintenant reconnue Distinction et membre de la Corporation des Thanatologues du Qu\u00e9bec.<\/p>\n<p>Vous pouvez consulter cet avis de d\u00e9c\u00e8s sur le\u00a0: <a href=\"https:\/\/nouveau.maisonmallet.com\/back05_01\">www.maisonmallet.com<\/a><\/p>\n<p>Ceux et celles qui le d\u00e9sirent, peuvent y envoyer des messages de sympathie.<\/p>\n<p>&nbsp;<\/p>\n<hr \/>\n<p>Envoyer vos condol\u00e9ances<\/p>\n<p>[contact-form to=\u00a0\u00bbchantal.saulniet@gmail.com\u00a0\u00bb subject=\u00a0\u00bbCondol\u00e9ances Appoline Saulnier\u00a0\u00bb][contact-field label=\u00a0\u00bbVotre nom\u00a0\u00bb type=\u00a0\u00bbname\u00a0\u00bb required=\u00a0\u00bb1&Prime;][contact-field label=\u00a0\u00bbVotre courriel\u00a0\u00bb type=\u00a0\u00bbemail\u00a0\u00bb required=\u00a0\u00bb1&Prime;][contact-field label=\u00a0\u00bbCondol\u00e9ances\u00a0\u00bb type=\u00a0\u00bbtextarea\u00a0\u00bb][\/contact-form]<\/p>\n","protected":false},"featured_media":21595,"template":"","event_cat":[6],"class_list":["post-21569","event","type-event","status-publish","has-post-thumbnail","hentry","event_cat-maison-mallet-et-fils-inc"],"_links":{"self":[{"href":"https:\/\/nouveau.maisonmallet.com\/back05_01\/index.php?rest_route=\/wp\/v2\/event\/21569","targetHints":{"allow":["GET"]}}],"collection":[{"href":"https:\/\/nouveau.maisonmallet.com\/back05_01\/index.php?rest_route=\/wp\/v2\/event"}],"about":[{"href":"https:\/\/nouveau.maisonmallet.com\/back05_01\/index.php?rest_route=\/wp\/v2\/types\/event"}],"wp:featuredmedia":[{"embeddable":true,"href":"https:\/\/nouveau.maisonmallet.com\/back05_01\/index.php?rest_route=\/wp\/v2\/media\/21595"}],"wp:attachment":[{"href":"https:\/\/nouveau.maisonmallet.com\/back05_01\/index.php?rest_route=%2Fwp%2Fv2%2Fmedia&parent=21569"}],"wp:term":[{"taxonomy":"event_cat","embeddable":true,"href":"https:\/\/nouveau.maisonmallet.com\/back05_01\/index.php?rest_route=%2Fwp%2Fv2%2Fevent_cat&post=21569"}],"curies":[{"name":"wp","href":"https:\/\/api.w.org\/{rel}","templated":true}]}}

<p>1932 – 2021</p>
<p>MALLAIS, Appoline (Saulnier)</p>
<p>&nbsp;</p>
<p>À Sept-Îles, le 3 juin 2021, est décédée à l’âge de 88 ans, madame Appoline Mallais épouse de feu Mederic Saulnier et domiciliée à Sept-Îles.</p>
<p>Les funérailles de madame Appoline Mallais auront lieu le mercredi 9 juin 2021 à 14 h en l’église Marie-Immaculée située au 180, rue Papineau à Sept-Îles.</p>
<p><strong><u>Étant donné la situation de crise entourant le COVID-19 et par souci de se conformer aux recommandations gouvernementales en matière de rassemblements intérieurs et des mesures d’hygiène strictes vous pouvez assister aux funérailles à l’église Marie-Immaculée sur invitation 50 personnes maximum seulement.</u></strong></p>
<p>Selon ses volontés, elle a été confiée au crématorium de la Maison Mallet &amp; fils pour crémation.</p>
<p>La famille reçoit parents et amis le mercredi 9 juin 2021 jour des funérailles de 12 h à 13 h 30 au Complexe Thanatologique Mallet &amp; fils du 585 Boul. Laure à Sept-Îles.</p>
<p><strong><u>Dû aux circonstances reliées à la pandémie, vous pouvez venir présenter vos condoléances en respectant la distanciation physique et le port du masque sera obligatoire.</u></strong></p>
<p>Elle laisse dans le deuil ses enfants : Danny (Gisèle Dubuc), Melvin (Diane Boudreault), Paulette (Rodrigue Bergeron), Nathalie et Chantal, ses petits-enfants : Max, Yan, Hugo, David, Nicolas, Jacob et Chloé, ses arrière-petits-enfants : Dylan, Tanya, Mélodie, Jordan et Noah ainsi que son arrière-arrière-petite-fille Mayvee, son frère, ses sœurs, ses beaux-frères, ses belles-sœurs, ses neveux, ses nièces, ses cousins, ses cousines et de nombreux ami(e)s.</p>
<p>Vos marques de sympathie peuvent se traduire par un don à l’Élyme des sables <a href="http://www.elymedessables.com">www.elymedessables.com</a></p>
<p>La famille a confié la direction des funérailles aux services professionnels de la Maison Mallet &amp; fils du 585 Boul. Laure à Sept-Îles, maintenant reconnue Distinction et membre de la Corporation des Thanatologues du Québec.</p>
<p>Vous pouvez consulter cet avis de décès sur le : <a href="https://nouveau.maisonmallet.com/back05_01">www.maisonmallet.com</a></p>
<p>Ceux et celles qui le désirent, peuvent y envoyer des messages de sympathie.</p>
<p>&nbsp;</p>
<hr />
<p>Envoyer vos condoléances</p>
<p>[contact-form to= »chantal.saulniet@gmail.com » subject= »Condoléances Appoline Saulnier »][contact-field label= »Votre nom » type= »name » required= »1&Prime;][contact-field label= »Votre courriel » type= »email » required= »1&Prime;][contact-field label= »Condoléances » type= »textarea »][/contact-form]</p>
