{"id":2158,"date":"2019-02-18T13:51:14","date_gmt":"2019-02-18T18:51:14","guid":{"rendered":"http:\/\/207.253.81.73\/?post_type=event&#038;p=2158"},"modified":"2019-02-18T15:46:36","modified_gmt":"2019-02-18T20:46:36","slug":"030624","status":"publish","type":"event","link":"https:\/\/nouveau.maisonmallet.com\/back05_01\/?event=030624","title":{"rendered":"HOUNSELL Alvina (PETITPAS)"},"content":{"rendered":"<p>1924-2019<\/p>\n<p>\u00c0 Havre-Saint-Pierre, le 12 f\u00e9vrier 2019, est d\u00e9c\u00e9d\u00e9e \u00e0 l\u2019\u00e2ge de 94 ans et 8 mois, madame Alvina Hounsell \u00e9pouse de feu Paul Petitpas et domicili\u00e9e \u00e0 Havre-Saint-Pierre.<\/p>\n<p>Les fun\u00e9railles de madame Alvina Hounsell Petitpas auront lieu le vendredi 15 f\u00e9vrier 2019 \u00e0 16 h en l\u2019\u00c9glise Saint-Pierre de Havre-Saint-Pierre.<\/p>\n<p>Selon ses volont\u00e9s, elle a \u00e9t\u00e9 confi\u00e9e au cr\u00e9matorium de la Maison L.J.G. Mallet pour cr\u00e9mation.<\/p>\n<p>La famille re\u00e7oit parents et amis le vendredi 15 f\u00e9vrier 2019 \u00e0 compter de 15 h \u00e0 l\u2019\u00c9glise Saint-Pierre de Havre-Saint-Pierre.<\/p>\n<p>Elle laisse dans le deuil ses filles\u00a0: Aline (feu L\u00e9on Arseneault), Ida (Alain Jomphe) et Danielle (Jocelyn Cyr), ses fils\u00a0: Julien-Marie (feue Gertrude Richard) et Denis (Agatha Joncas), ses quatorze petits-enfants, vingt-six arri\u00e8re petits-enfants, ses deux arri\u00e8re arri\u00e8re petits-enfants, ainsi que son gendre Roland (feue Ginette Petitpas), sa brue Nicole (feu Pierre-Paul Petitpas), Pauline Lapierre amie de Julien-Marie,\u00a0sa belle-s\u0153ur Aurore Houle, ses neveux, ses ni\u00e8ces, et\u00a0de nombreux amis.<\/p>\n<p>Elle \u00e9tait la m\u00e8re de feu Jules Petitpas et de feu \u00a0Yvon Petitpas.<\/p>\n<p>Vos marques de sympathie peuvent se traduire par un don \u00e0 la fondation du centre de sant\u00e9 de la Minganie<\/p>\n<p>La famille a confi\u00e9 les arrangements fun\u00e9raires aux services professionnels de la Maison L.J.G. Mallet du 1429, rue du Canot \u00e0 Havre-Saint-Pierre, maintenant reconnue Distinction et membre de la Corporation des Thanatologues du Qu\u00e9bec.<\/p>\n<p>Vous pouvez consulter cet avis de d\u00e9c\u00e8s, sur le site web \u00e0 l\u2019adresse <a href=\"https:\/\/nouveau.maisonmallet.com\/back05_01\/\">www.maisonmallet.com<\/a><\/p>\n<p>Ceux et celles qui le d\u00e9sirent, peuvent y envoyer des messages de sympathie.<\/p>\n<p>&nbsp;<\/p>\n<p>&nbsp;<\/p>\n<hr \/>\n<p>Envoyer vos condol\u00e9ances<\/p>\n<p>[contact-form to=\u00a0\u00bbmarc@maisonmallet.com\u00a0\u00bb subject=\u00a0\u00bbCondol\u00e9ances\u00a0\u00bb][contact-field label=\u00a0\u00bbVotre nom\u00a0\u00bb type=\u00a0\u00bbname\u00a0\u00bb required=\u00a0\u00bb1&Prime;][contact-field label=\u00a0\u00bbVotre courriel\u00a0\u00bb type=\u00a0\u00bbemail\u00a0\u00bb required=\u00a0\u00bb1&Prime;][contact-field label=\u00a0\u00bbCondol\u00e9ances\u00a0\u00bb type=\u00a0\u00bbtextarea\u00a0\u00bb][\/contact-form]<\/p>\n","protected":false},"featured_media":2162,"template":"","event_cat":[7],"class_list":["post-2158","event","type-event","status-publish","has-post-thumbnail","hentry","event_cat-maison-l-j-g-mallet-inc"],"_links":{"self":[{"href":"https:\/\/nouveau.maisonmallet.com\/back05_01\/index.php?rest_route=\/wp\/v2\/event\/2158","targetHints":{"allow":["GET"]}}],"collection":[{"href":"https:\/\/nouveau.maisonmallet.com\/back05_01\/index.php?rest_route=\/wp\/v2\/event"}],"about":[{"href":"https:\/\/nouveau.maisonmallet.com\/back05_01\/index.php?rest_route=\/wp\/v2\/types\/event"}],"wp:featuredmedia":[{"embeddable":true,"href":"https:\/\/nouveau.maisonmallet.com\/back05_01\/index.php?rest_route=\/wp\/v2\/media\/2162"}],"wp:attachment":[{"href":"https:\/\/nouveau.maisonmallet.com\/back05_01\/index.php?rest_route=%2Fwp%2Fv2%2Fmedia&parent=2158"}],"wp:term":[{"taxonomy":"event_cat","embeddable":true,"href":"https:\/\/nouveau.maisonmallet.com\/back05_01\/index.php?rest_route=%2Fwp%2Fv2%2Fevent_cat&post=2158"}],"curies":[{"name":"wp","href":"https:\/\/api.w.org\/{rel}","templated":true}]}}

<p>1924-2019</p>
<p>À Havre-Saint-Pierre, le 12 février 2019, est décédée à l’âge de 94 ans et 8 mois, madame Alvina Hounsell épouse de feu Paul Petitpas et domiciliée à Havre-Saint-Pierre.</p>
<p>Les funérailles de madame Alvina Hounsell Petitpas auront lieu le vendredi 15 février 2019 à 16 h en l’Église Saint-Pierre de Havre-Saint-Pierre.</p>
<p>Selon ses volontés, elle a été confiée au crématorium de la Maison L.J.G. Mallet pour crémation.</p>
<p>La famille reçoit parents et amis le vendredi 15 février 2019 à compter de 15 h à l’Église Saint-Pierre de Havre-Saint-Pierre.</p>
<p>Elle laisse dans le deuil ses filles : Aline (feu Léon Arseneault), Ida (Alain Jomphe) et Danielle (Jocelyn Cyr), ses fils : Julien-Marie (feue Gertrude Richard) et Denis (Agatha Joncas), ses quatorze petits-enfants, vingt-six arrière petits-enfants, ses deux arrière arrière petits-enfants, ainsi que son gendre Roland (feue Ginette Petitpas), sa brue Nicole (feu Pierre-Paul Petitpas), Pauline Lapierre amie de Julien-Marie, sa belle-sœur Aurore Houle, ses neveux, ses nièces, et de nombreux amis.</p>
<p>Elle était la mère de feu Jules Petitpas et de feu  Yvon Petitpas.</p>
<p>Vos marques de sympathie peuvent se traduire par un don à la fondation du centre de santé de la Minganie</p>
<p>La famille a confié les arrangements funéraires aux services professionnels de la Maison L.J.G. Mallet du 1429, rue du Canot à Havre-Saint-Pierre, maintenant reconnue Distinction et membre de la Corporation des Thanatologues du Québec.</p>
<p>Vous pouvez consulter cet avis de décès, sur le site web à l’adresse <a href="https://nouveau.maisonmallet.com/back05_01/">www.maisonmallet.com</a></p>
<p>Ceux et celles qui le désirent, peuvent y envoyer des messages de sympathie.</p>
<p>&nbsp;</p>
<p>&nbsp;</p>
<hr />
<p>Envoyer vos condoléances</p>
<p>[contact-form to= »marc@maisonmallet.com » subject= »Condoléances »][contact-field label= »Votre nom » type= »name » required= »1&Prime;][contact-field label= »Votre courriel » type= »email » required= »1&Prime;][contact-field label= »Condoléances » type= »textarea »][/contact-form]</p>
