{"id":21654,"date":"2021-05-23T13:44:57","date_gmt":"2021-05-23T17:44:57","guid":{"rendered":"https:\/\/nouveau.maisonmallet.com\/?post_type=event&#038;p=21654"},"modified":"2021-07-07T09:14:51","modified_gmt":"2021-07-07T13:14:51","slug":"doucet-lucette","status":"publish","type":"event","link":"https:\/\/nouveau.maisonmallet.com\/back05_01\/?event=doucet-lucette","title":{"rendered":"DOUCET, Lucette"},"content":{"rendered":"<p>1941 &#8211; 2021<\/p>\n<p>DOUCET, Lucette<\/p>\n<p>&nbsp;<\/p>\n<p>Doucement et entour\u00e9e de sa famille et de ses amis, le 23 mai 2021 Madame Lucette Doucet s\u2019est \u00e9teinte \u00e0 l\u2019\u00e2ge de 79 ans, domicili\u00e9e \u00e0 Sept-\u00celes.<\/p>\n<p>La c\u00e9r\u00e9monie comm\u00e9morative de madame Lucette Doucet aura lieu le samedi 3 juillet 2021 \u00e0 15 h \u00e0 la chapelle du Complexe Thanatologique Mallet &amp; fils du 585, Boul. Laure \u00e0 Sept-\u00celes.<\/p>\n<p><strong><u>\u00c9tant donn\u00e9 la situation de crise entourant le COVID-19 et par souci de se conformer aux recommandations gouvernementales en mati\u00e8re de rassemblements int\u00e9rieurs et des mesures d\u2019hygi\u00e8ne strictes pour les visiteurs, les rituels fun\u00e9raires de madame Lucette Doucet auront lieu sur invitation seulement.<\/u><\/strong><\/p>\n<p>Selon ses volont\u00e9s, elle a \u00e9t\u00e9 confi\u00e9e au cr\u00e9matorium de la maison Mallet &amp; fils pour cr\u00e9mation.<\/p>\n<p>La famille re\u00e7oit parents et amis le samedi 3 juillet 2021 jour de la c\u00e9r\u00e9monie de 13 h \u00e0 15 h au Complexe Thanatologique Mallet &amp; fils du 585 Boul. Laure \u00e0 Sept-\u00celes.<\/p>\n<p><strong><u>D\u00fb aux circonstances reli\u00e9es \u00e0 la pand\u00e9mie, vous pouvez venir pr\u00e9senter vos condol\u00e9ances en respectant la distanciation physique et le port du masque sera obligatoire.<\/u><\/strong><\/p>\n<p>Elle laisse dans le deuil ses enfants\u00a0: Luc Pelchat (Helene Loignon), Suzanne Pelchat \u00a0(Serge Banville) et Marie-H\u00e9l\u00e8ne Pelchat (Francis Cimon), plusieurs petits-enfants\u00a0: Catherine, Marc-Andr\u00e9, R\u00e9mi, Colin et Doroth\u00e9e, ses arri\u00e8re-petits-enfants\u00a0: Kyle et Hailey ainsi que ses fr\u00e8res et s\u0153urs, neveux et ni\u00e8ces, autres parents et amis.<\/p>\n<p>La famille d\u00e9sire remercier du fond du c\u0153ur le personnel de l\u2019\u00c9lyme des Sables qui a su procurer des soins de qualit\u00e9 emprunt de respect et de dignit\u00e9 ainsi que du r\u00e9confort \u00e0 la famille durant ces durs moments.<\/p>\n<p>En m\u00e9moire de notre m\u00e8re et en guise de sympathies, nous vous proposons de faire un don \u00e0 la maison L\u2019\u00c9lyme des Sables. <a href=\"http:\/\/www.elymedessables.com\/dons\">http:\/\/www.elymedessables.com\/dons<\/a><\/p>\n<p>La famille a confi\u00e9 les arrangements aux services professionnels de la Maison Mallet &amp; fils du 585 Boul. Laure \u00e0 Sept-\u00celes, maintenant reconnue Distinction et membre de la Corporation des Thanatologues du Qu\u00e9bec.<\/p>\n<p>Vous pouvez consulter cet avis de d\u00e9c\u00e8s sur le <a href=\"https:\/\/nouveau.maisonmallet.com\/back05_01\">www.maisonmallet.com<\/a><\/p>\n<p>Ceux et celles qui le d\u00e9sirent, peuvent y envoyer des messages de condol\u00e9ances.<\/p>\n<p>&nbsp;<\/p>\n<hr \/>\n<p>Envoyer vos condol\u00e9ances<\/p>\n<p>[contact-form to=\u00a0\u00bbsuzannepelchat@hotmail.com\u00a0\u00bb subject=\u00a0\u00bbCondol\u00e9ances Lucette Doucet\u00a0\u00bb][contact-field label=\u00a0\u00bbVotre nom\u00a0\u00bb type=\u00a0\u00bbname\u00a0\u00bb required=\u00a0\u00bb1&Prime;][contact-field label=\u00a0\u00bbVotre courriel\u00a0\u00bb type=\u00a0\u00bbemail\u00a0\u00bb required=\u00a0\u00bb1&Prime;][contact-field label=\u00a0\u00bbCondol\u00e9ances\u00a0\u00bb type=\u00a0\u00bbtextarea\u00a0\u00bb][\/contact-form]<\/p>\n","protected":false},"featured_media":21655,"template":"","event_cat":[6],"class_list":["post-21654","event","type-event","status-publish","has-post-thumbnail","hentry","event_cat-maison-mallet-et-fils-inc"],"_links":{"self":[{"href":"https:\/\/nouveau.maisonmallet.com\/back05_01\/index.php?rest_route=\/wp\/v2\/event\/21654","targetHints":{"allow":["GET"]}}],"collection":[{"href":"https:\/\/nouveau.maisonmallet.com\/back05_01\/index.php?rest_route=\/wp\/v2\/event"}],"about":[{"href":"https:\/\/nouveau.maisonmallet.com\/back05_01\/index.php?rest_route=\/wp\/v2\/types\/event"}],"wp:featuredmedia":[{"embeddable":true,"href":"https:\/\/nouveau.maisonmallet.com\/back05_01\/index.php?rest_route=\/wp\/v2\/media\/21655"}],"wp:attachment":[{"href":"https:\/\/nouveau.maisonmallet.com\/back05_01\/index.php?rest_route=%2Fwp%2Fv2%2Fmedia&parent=21654"}],"wp:term":[{"taxonomy":"event_cat","embeddable":true,"href":"https:\/\/nouveau.maisonmallet.com\/back05_01\/index.php?rest_route=%2Fwp%2Fv2%2Fevent_cat&post=21654"}],"curies":[{"name":"wp","href":"https:\/\/api.w.org\/{rel}","templated":true}]}}

<p>1941 &#8211; 2021</p>
<p>DOUCET, Lucette</p>
<p>&nbsp;</p>
<p>Doucement et entourée de sa famille et de ses amis, le 23 mai 2021 Madame Lucette Doucet s’est éteinte à l’âge de 79 ans, domiciliée à Sept-Îles.</p>
<p>La cérémonie commémorative de madame Lucette Doucet aura lieu le samedi 3 juillet 2021 à 15 h à la chapelle du Complexe Thanatologique Mallet &amp; fils du 585, Boul. Laure à Sept-Îles.</p>
<p><strong><u>Étant donné la situation de crise entourant le COVID-19 et par souci de se conformer aux recommandations gouvernementales en matière de rassemblements intérieurs et des mesures d’hygiène strictes pour les visiteurs, les rituels funéraires de madame Lucette Doucet auront lieu sur invitation seulement.</u></strong></p>
<p>Selon ses volontés, elle a été confiée au crématorium de la maison Mallet &amp; fils pour crémation.</p>
<p>La famille reçoit parents et amis le samedi 3 juillet 2021 jour de la cérémonie de 13 h à 15 h au Complexe Thanatologique Mallet &amp; fils du 585 Boul. Laure à Sept-Îles.</p>
<p><strong><u>Dû aux circonstances reliées à la pandémie, vous pouvez venir présenter vos condoléances en respectant la distanciation physique et le port du masque sera obligatoire.</u></strong></p>
<p>Elle laisse dans le deuil ses enfants : Luc Pelchat (Helene Loignon), Suzanne Pelchat  (Serge Banville) et Marie-Hélène Pelchat (Francis Cimon), plusieurs petits-enfants : Catherine, Marc-André, Rémi, Colin et Dorothée, ses arrière-petits-enfants : Kyle et Hailey ainsi que ses frères et sœurs, neveux et nièces, autres parents et amis.</p>
<p>La famille désire remercier du fond du cœur le personnel de l’Élyme des Sables qui a su procurer des soins de qualité emprunt de respect et de dignité ainsi que du réconfort à la famille durant ces durs moments.</p>
<p>En mémoire de notre mère et en guise de sympathies, nous vous proposons de faire un don à la maison L’Élyme des Sables. <a href="http://www.elymedessables.com/dons">http://www.elymedessables.com/dons</a></p>
<p>La famille a confié les arrangements aux services professionnels de la Maison Mallet &amp; fils du 585 Boul. Laure à Sept-Îles, maintenant reconnue Distinction et membre de la Corporation des Thanatologues du Québec.</p>
<p>Vous pouvez consulter cet avis de décès sur le <a href="https://nouveau.maisonmallet.com/back05_01">www.maisonmallet.com</a></p>
<p>Ceux et celles qui le désirent, peuvent y envoyer des messages de condoléances.</p>
<p>&nbsp;</p>
<hr />
<p>Envoyer vos condoléances</p>
<p>[contact-form to= »suzannepelchat@hotmail.com » subject= »Condoléances Lucette Doucet »][contact-field label= »Votre nom » type= »name » required= »1&Prime;][contact-field label= »Votre courriel » type= »email » required= »1&Prime;][contact-field label= »Condoléances » type= »textarea »][/contact-form]</p>
