{"id":2167,"date":"2019-02-18T10:06:42","date_gmt":"2019-02-18T15:06:42","guid":{"rendered":"http:\/\/207.253.81.73\/?post_type=event&#038;p=2167"},"modified":"2019-05-10T09:57:38","modified_gmt":"2019-05-10T13:57:38","slug":"130830","status":"publish","type":"event","link":"https:\/\/nouveau.maisonmallet.com\/back05_01\/?event=130830","title":{"rendered":"CYR Elph\u00e8ge"},"content":{"rendered":"<p>1930-2019<\/p>\n<p>\u00c0 Havre-Saint-Pierre, le 18 f\u00e9vrier 2019, est d\u00e9c\u00e9d\u00e9e \u00e0 l\u2019\u00e2ge de 88 ans et 6 mois, monsieur Elph\u00e8ge Cyr \u00e9poux de feue Th\u00e9r\u00e8se Vigneault et domicili\u00e9 \u00e0 Havre-Saint-Pierre.<\/p>\n<p>Les fun\u00e9railles de monsieur Elph\u00e8ge Cyr auront lieu le samedi 23 f\u00e9vrier 2019 \u00e0 11 h en l\u2019\u00c9glise Saint-Pierre de Havre-Saint-Pierre et l\u2019inhumation au cimeti\u00e8re de l\u2019endroit.<\/p>\n<p>La famille re\u00e7oit parents et amis le vendredi 22 f\u00e9vrier 2019 de 19 h \u00e0 22 h. Le samedi 23 f\u00e9vrier 2019 jour des fun\u00e9railles \u00e0 compter de 10 h au salon de la maison L.J.G. Mallet au 1429 rue du canot \u00e0 Havre-Saint-Pierre.<\/p>\n<p>Il laisse dans le deuil les enfants de son \u00e9pouse\u00a0: Nicole Lebrun, Julien Lebrun (Diane Cormier), Louis-Marie Lebrun (Jocelyne Cormier) et D\u00e9lia Harvey (feu Michel Lebrun), ses dix-huit petits-enfants, ses vingt-trois arri\u00e8re-petits-enfants ainsi que sa s\u0153ur Gertrude (Bernardin Jomphe), ses beaux-fr\u00e8res, ses belles-s\u0153urs, ses neveux, ses ni\u00e8ces et\u00a0de nombreux ami(e)<\/p>\n<p>Vos marques de sympathie peuvent se traduire par un don \u00e0 la fondation du centre de sant\u00e9 de la Minganie au 1035, Promenade des Anciens \u00e0 Havre-Saint-Pierre. T\u00e9l\u00e9phone\u00a0: 1-418-538-2212<\/p>\n<p>La famille a confi\u00e9 la direction des fun\u00e9railles aux services professionnels de la Maison L.J.G. Mallet du 1429, rue du Canot \u00e0 Havre-Saint-Pierre, maintenant reconnue Distinction et membre de la Corporation des Thanatologues du Qu\u00e9bec.<\/p>\n<p>Vous pouvez consulter cet avis de d\u00e9c\u00e8s, sur le <a href=\"https:\/\/nouveau.maisonmallet.com\/back05_01\/\">www.maisonmallet.com<\/a><\/p>\n<p>Ceux et celles qui le d\u00e9sirent, peuvent y envoyer des messages de sympathie.<\/p>\n<p>.<\/p>\n<p>&nbsp;<\/p>\n<hr \/>\n<p>Envoyer vos condol\u00e9ances<\/p>\n<p>[contact-form to=\u00a0\u00bbmarc@maisonmallet.com\u00a0\u00bb subject=\u00a0\u00bbCondol\u00e9ances CYR Elph\u00e8ge\u00a0\u00bb][contact-field label=\u00a0\u00bbVotre nom\u00a0\u00bb type=\u00a0\u00bbname\u00a0\u00bb required=\u00a0\u00bb1&Prime;][contact-field label=\u00a0\u00bbVotre courriel\u00a0\u00bb type=\u00a0\u00bbemail\u00a0\u00bb required=\u00a0\u00bb1&Prime;][contact-field label=\u00a0\u00bbCondol\u00e9ances\u00a0\u00bb type=\u00a0\u00bbtextarea\u00a0\u00bb][\/contact-form]<\/p>\n","protected":false},"featured_media":2170,"template":"","event_cat":[7],"class_list":["post-2167","event","type-event","status-publish","has-post-thumbnail","hentry","event_cat-maison-l-j-g-mallet-inc"],"_links":{"self":[{"href":"https:\/\/nouveau.maisonmallet.com\/back05_01\/index.php?rest_route=\/wp\/v2\/event\/2167","targetHints":{"allow":["GET"]}}],"collection":[{"href":"https:\/\/nouveau.maisonmallet.com\/back05_01\/index.php?rest_route=\/wp\/v2\/event"}],"about":[{"href":"https:\/\/nouveau.maisonmallet.com\/back05_01\/index.php?rest_route=\/wp\/v2\/types\/event"}],"wp:featuredmedia":[{"embeddable":true,"href":"https:\/\/nouveau.maisonmallet.com\/back05_01\/index.php?rest_route=\/wp\/v2\/media\/2170"}],"wp:attachment":[{"href":"https:\/\/nouveau.maisonmallet.com\/back05_01\/index.php?rest_route=%2Fwp%2Fv2%2Fmedia&parent=2167"}],"wp:term":[{"taxonomy":"event_cat","embeddable":true,"href":"https:\/\/nouveau.maisonmallet.com\/back05_01\/index.php?rest_route=%2Fwp%2Fv2%2Fevent_cat&post=2167"}],"curies":[{"name":"wp","href":"https:\/\/api.w.org\/{rel}","templated":true}]}}

CYR Elphège

<p>1930-2019</p>
<p>À Havre-Saint-Pierre, le 18 février 2019, est décédée à l’âge de 88 ans et 6 mois, monsieur Elphège Cyr époux de feue Thérèse Vigneault et domicilié à Havre-Saint-Pierre.</p>
<p>Les funérailles de monsieur Elphège Cyr auront lieu le samedi 23 février 2019 à 11 h en l’Église Saint-Pierre de Havre-Saint-Pierre et l’inhumation au cimetière de l’endroit.</p>
<p>La famille reçoit parents et amis le vendredi 22 février 2019 de 19 h à 22 h. Le samedi 23 février 2019 jour des funérailles à compter de 10 h au salon de la maison L.J.G. Mallet au 1429 rue du canot à Havre-Saint-Pierre.</p>
<p>Il laisse dans le deuil les enfants de son épouse : Nicole Lebrun, Julien Lebrun (Diane Cormier), Louis-Marie Lebrun (Jocelyne Cormier) et Délia Harvey (feu Michel Lebrun), ses dix-huit petits-enfants, ses vingt-trois arrière-petits-enfants ainsi que sa sœur Gertrude (Bernardin Jomphe), ses beaux-frères, ses belles-sœurs, ses neveux, ses nièces et de nombreux ami(e)</p>
<p>Vos marques de sympathie peuvent se traduire par un don à la fondation du centre de santé de la Minganie au 1035, Promenade des Anciens à Havre-Saint-Pierre. Téléphone : 1-418-538-2212</p>
<p>La famille a confié la direction des funérailles aux services professionnels de la Maison L.J.G. Mallet du 1429, rue du Canot à Havre-Saint-Pierre, maintenant reconnue Distinction et membre de la Corporation des Thanatologues du Québec.</p>
<p>Vous pouvez consulter cet avis de décès, sur le <a href="https://nouveau.maisonmallet.com/back05_01/">www.maisonmallet.com</a></p>
<p>Ceux et celles qui le désirent, peuvent y envoyer des messages de sympathie.</p>
<p>.</p>
<p>&nbsp;</p>
<hr />
<p>Envoyer vos condoléances</p>
<p>[contact-form to= »marc@maisonmallet.com » subject= »Condoléances CYR Elphège »][contact-field label= »Votre nom » type= »name » required= »1&Prime;][contact-field label= »Votre courriel » type= »email » required= »1&Prime;][contact-field label= »Condoléances » type= »textarea »][/contact-form]</p>
