{"id":21707,"date":"2021-06-09T11:17:41","date_gmt":"2021-06-09T15:17:41","guid":{"rendered":"https:\/\/nouveau.maisonmallet.com\/?post_type=event&#038;p=21707"},"modified":"2021-06-14T08:54:20","modified_gmt":"2021-06-14T12:54:20","slug":"proulx-cecile","status":"publish","type":"event","link":"https:\/\/nouveau.maisonmallet.com\/back05_01\/?event=proulx-cecile","title":{"rendered":"PROULX, C\u00e9cile"},"content":{"rendered":"<p>1935 &#8211; 2021<\/p>\n<p>PROULX, C\u00e9cile<\/p>\n<p>&nbsp;<\/p>\n<p>\u00c0 Saint-Isidore, le 8 mai 2021, est d\u00e9c\u00e9d\u00e9e \u00e0 l\u2019\u00e2ge de 85 ans, madame C\u00e9cile Proulx fille de feu Narcisse Proulx et de feue Germaine Beaulieu domicili\u00e9e \u00e0 L\u00e9vis autrefois d\u2019Amqui.<\/p>\n<p>Les fun\u00e9railles de madame C\u00e9cile Proulx auront lieu le mardi 17 ao\u00fbt 2021 \u00e0 14 h en l\u2019\u00e9glise Saint-Benoit-Joseph-Labre \u00e0 Amqui et de l\u00e0 cimeti\u00e8re de l\u2019endroit.<\/p>\n<p><strong><u>\u00c9tant donn\u00e9 la situation de crise entourant le COVID-19 et par souci de se conformer aux recommandations gouvernementales en mati\u00e8re de rassemblements int\u00e9rieurs et des mesures d\u2019hygi\u00e8ne strictes vous pouvez assister aux fun\u00e9railles \u00e0 l\u2019\u00e9glise Saint-Benoit-Joseph-Labre sur invitation 50 personnes maximum seulement.<\/u><\/strong><\/p>\n<p>Selon ses volont\u00e9s, elle a \u00e9t\u00e9 confi\u00e9e au cr\u00e9matorium de la maison Mallet &amp; fils pour cr\u00e9mation.<\/p>\n<p>La famille re\u00e7oit parents et amis le mardi 17 ao\u00fbt 2021 jour des fun\u00e9railles \u00e0 compter de 12 h \u00e0 la Maison comm\u00e9morative familiale F O U R N I E R 110, Avenue Ga\u00e9tan-Archambault Amqui.<\/p>\n<p><strong><u>D\u00fb aux circonstances reli\u00e9es \u00e0 la pand\u00e9mie, vous pouvez venir pr\u00e9senter vos condol\u00e9ances en respectant la distanciation physique et le port du masque sera obligatoire.<\/u><\/strong><\/p>\n<p>Elle laisse dans le deuil ses filles\u00a0: Sylvie, Danielle (Paul-Andr\u00e9 Cyr), Brigitte (Sylvain Girard), Gis\u00e8le (Sylvain Viel), son fils Jean-Nil (Isabelle Thibeault), ses petits-fils\u00a0: Guillaume, Fran\u00e7ois, S\u00e9bastien (Alicia Houde) et Christopher (Karine Dingle), ses petites-filles\u00a0: M\u00e9lanie (Karl Dumas), Karine (Maxime Yockell) et Martine (Jimmy Morin), ses arri\u00e8re-petits-enfants\u00a0: Ruby, Lexy, Justin, Jacob et Emma ainsi que ses fr\u00e8res, ses s\u0153urs, ses belles-s\u0153urs, ses beaux-fr\u00e8res, ses neveux, ses ni\u00e8ces, ses cousins, ses cousines et de nombreux ami(e)s.<\/p>\n<p>La famille a confi\u00e9 les arrangements aux services professionnels de la Maison Mallet &amp; fils du 585 Boul. Laure \u00e0 Sept-\u00celes, maintenant reconnue Distinction et membre de la Corporation des Thanatologues du Qu\u00e9bec.<\/p>\n<p>Vous pouvez consulter cet avis de d\u00e9c\u00e8s sur le <a href=\"https:\/\/nouveau.maisonmallet.com\/back05_01\">www.maisonmallet.com<\/a><\/p>\n<p>Ceux et celles qui le d\u00e9sirent, peuvent y envoyer des messages de condol\u00e9ances.<\/p>\n<p>&nbsp;<\/p>\n<hr \/>\n<p>Envoyer vos condol\u00e9ances<\/p>\n<p>[contact-form to=\u00a0\u00bbsparadis@globetrotter.net\u00a0\u00bb subject=\u00a0\u00bbCondol\u00e9ances C\u00e9cile Proulx\u00a0\u00bb][contact-field label=\u00a0\u00bbVotre nom\u00a0\u00bb type=\u00a0\u00bbname\u00a0\u00bb required=\u00a0\u00bb1&Prime;][contact-field label=\u00a0\u00bbVotre courriel\u00a0\u00bb type=\u00a0\u00bbemail\u00a0\u00bb required=\u00a0\u00bb1&Prime;][contact-field label=\u00a0\u00bbCondol\u00e9ances\u00a0\u00bb type=\u00a0\u00bbtextarea\u00a0\u00bb][\/contact-form]<\/p>\n","protected":false},"featured_media":21731,"template":"","event_cat":[6],"class_list":["post-21707","event","type-event","status-publish","has-post-thumbnail","hentry","event_cat-maison-mallet-et-fils-inc"],"_links":{"self":[{"href":"https:\/\/nouveau.maisonmallet.com\/back05_01\/index.php?rest_route=\/wp\/v2\/event\/21707","targetHints":{"allow":["GET"]}}],"collection":[{"href":"https:\/\/nouveau.maisonmallet.com\/back05_01\/index.php?rest_route=\/wp\/v2\/event"}],"about":[{"href":"https:\/\/nouveau.maisonmallet.com\/back05_01\/index.php?rest_route=\/wp\/v2\/types\/event"}],"wp:featuredmedia":[{"embeddable":true,"href":"https:\/\/nouveau.maisonmallet.com\/back05_01\/index.php?rest_route=\/wp\/v2\/media\/21731"}],"wp:attachment":[{"href":"https:\/\/nouveau.maisonmallet.com\/back05_01\/index.php?rest_route=%2Fwp%2Fv2%2Fmedia&parent=21707"}],"wp:term":[{"taxonomy":"event_cat","embeddable":true,"href":"https:\/\/nouveau.maisonmallet.com\/back05_01\/index.php?rest_route=%2Fwp%2Fv2%2Fevent_cat&post=21707"}],"curies":[{"name":"wp","href":"https:\/\/api.w.org\/{rel}","templated":true}]}}

PROULX, Cécile

<p>1935 &#8211; 2021</p>
<p>PROULX, Cécile</p>
<p>&nbsp;</p>
<p>À Saint-Isidore, le 8 mai 2021, est décédée à l’âge de 85 ans, madame Cécile Proulx fille de feu Narcisse Proulx et de feue Germaine Beaulieu domiciliée à Lévis autrefois d’Amqui.</p>
<p>Les funérailles de madame Cécile Proulx auront lieu le mardi 17 août 2021 à 14 h en l’église Saint-Benoit-Joseph-Labre à Amqui et de là cimetière de l’endroit.</p>
<p><strong><u>Étant donné la situation de crise entourant le COVID-19 et par souci de se conformer aux recommandations gouvernementales en matière de rassemblements intérieurs et des mesures d’hygiène strictes vous pouvez assister aux funérailles à l’église Saint-Benoit-Joseph-Labre sur invitation 50 personnes maximum seulement.</u></strong></p>
<p>Selon ses volontés, elle a été confiée au crématorium de la maison Mallet &amp; fils pour crémation.</p>
<p>La famille reçoit parents et amis le mardi 17 août 2021 jour des funérailles à compter de 12 h à la Maison commémorative familiale F O U R N I E R 110, Avenue Gaétan-Archambault Amqui.</p>
<p><strong><u>Dû aux circonstances reliées à la pandémie, vous pouvez venir présenter vos condoléances en respectant la distanciation physique et le port du masque sera obligatoire.</u></strong></p>
<p>Elle laisse dans le deuil ses filles : Sylvie, Danielle (Paul-André Cyr), Brigitte (Sylvain Girard), Gisèle (Sylvain Viel), son fils Jean-Nil (Isabelle Thibeault), ses petits-fils : Guillaume, François, Sébastien (Alicia Houde) et Christopher (Karine Dingle), ses petites-filles : Mélanie (Karl Dumas), Karine (Maxime Yockell) et Martine (Jimmy Morin), ses arrière-petits-enfants : Ruby, Lexy, Justin, Jacob et Emma ainsi que ses frères, ses sœurs, ses belles-sœurs, ses beaux-frères, ses neveux, ses nièces, ses cousins, ses cousines et de nombreux ami(e)s.</p>
<p>La famille a confié les arrangements aux services professionnels de la Maison Mallet &amp; fils du 585 Boul. Laure à Sept-Îles, maintenant reconnue Distinction et membre de la Corporation des Thanatologues du Québec.</p>
<p>Vous pouvez consulter cet avis de décès sur le <a href="https://nouveau.maisonmallet.com/back05_01">www.maisonmallet.com</a></p>
<p>Ceux et celles qui le désirent, peuvent y envoyer des messages de condoléances.</p>
<p>&nbsp;</p>
<hr />
<p>Envoyer vos condoléances</p>
<p>[contact-form to= »sparadis@globetrotter.net » subject= »Condoléances Cécile Proulx »][contact-field label= »Votre nom » type= »name » required= »1&Prime;][contact-field label= »Votre courriel » type= »email » required= »1&Prime;][contact-field label= »Condoléances » type= »textarea »][/contact-form]</p>
