{"id":21762,"date":"2021-06-07T11:57:35","date_gmt":"2021-06-07T15:57:35","guid":{"rendered":"https:\/\/nouveau.maisonmallet.com\/?post_type=event&#038;p=21762"},"modified":"2021-07-07T09:08:06","modified_gmt":"2021-07-07T13:08:06","slug":"kermelly-aline-boudreault","status":"publish","type":"event","link":"https:\/\/nouveau.maisonmallet.com\/back05_01\/?event=kermelly-aline-boudreault","title":{"rendered":"KERMELLY, Aline (Boudreault)"},"content":{"rendered":"<p>1933 &#8211; 2021<\/p>\n<p>KERMELLY, Aline (Boudreault)<\/p>\n<p>&nbsp;<\/p>\n<p>&nbsp;<\/p>\n<p>\u00c0 Sept-\u00celes (maison \u00c9lyme des sables), le 7 juin 2021, est d\u00e9c\u00e9d\u00e9e \u00e0 l\u2019\u00e2ge de 87 ans, madame Aline Kermelly \u00e9pouse de feu Ernest Boudreault et domicili\u00e9e \u00e0 Sept-\u00celes.<\/p>\n<p>Les fun\u00e9railles de madame Aline Kermelly Boudreault auront lieu le vendredi 25 juin 2021 \u00e0 14 h en l\u2019\u00e9glise St-Joseph situ\u00e9e au 535, ave. Brochu \u00e0 Sept-\u00celes et de l\u00e0 au cimeti\u00e8re Catholique de Sept-\u00celes.<\/p>\n<p><strong><u>\u00c9tant donn\u00e9 la situation de crise entourant le COVID-19 et par souci de se conformer aux recommandations gouvernementales en mati\u00e8re de rassemblements int\u00e9rieurs et des mesures d\u2019hygi\u00e8ne strictes vous pouvez assister aux fun\u00e9railles \u00e0 l\u2019\u00e9glise St-Joseph sur invitation 50 personnes maximum seulement.<\/u><\/strong><\/p>\n<p>Selon ses volont\u00e9s, elle a \u00e9t\u00e9 confi\u00e9e au cr\u00e9matorium de la Maison Mallet &amp; fils pour cr\u00e9mation.<\/p>\n<p>La famille re\u00e7oit parents et amis le vendredi 25 juin 2021 jour des fun\u00e9railles de 9 h 30 \u00e0 11 h 30 et de 12 h 30 \u00e0 14 h au Complexe Thanatologique Mallet &amp; fils du 585 Boul. Laure \u00e0 Sept-\u00celes.<\/p>\n<p><strong><u>D\u00fb aux circonstances reli\u00e9es \u00e0 la pand\u00e9mie, vous pouvez venir pr\u00e9senter vos condol\u00e9ances en respectant la distanciation physique et le port du masque sera obligatoire.<\/u><\/strong><\/p>\n<p>Elle laisse dans le deuil ses enfants : Maryse (R\u00e9gent Chagnon), Pierre Lu (Manon Blais) et Mireille (Jean-Marc Ouellet), ses petits-enfants : Julie (Francis Bouchard), F\u00e9lix, Laurie (Olivier Desjardins), Myl\u00e8ne, Patrick (Iza-\u00c8ve Murray), Catherine (Matthieu Veer) et No\u00e9mie (Guillaume Morin), ses arri\u00e8res petits-enfants ainsi que son fr\u00e8re Roland (Mimi Morin), ses s\u0153urs : Th\u00e9r\u00e8se (feu Armand Poulin) et Lisette (Andr\u00e9 Bouchard) ainsi que son beau-fr\u00e8re Laurent (Margot Fortin), ses belles-s\u0153urs Jeanine (feu Berth O`Brien) et Th\u00e9r\u00e8se Talbot (feu Allen Boudreault), ses neveux, ses ni\u00e8ces, ses cousins, ses cousines et de nombreux ami(e)s.<\/p>\n<p>Elle \u00e9tait la m\u00e8re de feue Line Boudreault (Jacques Dumont).<\/p>\n<p>Vos marques de sympathie peuvent se traduire par un don \u00e0 l\u2019\u00c9lyme des sables <a href=\"http:\/\/www.elymedessables.com\">www.elymedessables.com<\/a><\/p>\n<p>La famille a confi\u00e9 la direction des fun\u00e9railles aux services professionnels de la Maison Mallet &amp; fils du 585 boul. Laure \u00e0 Sept-\u00celes, maintenant reconnue Distinction et membre de la Corporation des Thanatologues du Qu\u00e9bec.<\/p>\n<p>Vous pouvez consulter cet avis de d\u00e9c\u00e8s sur le <a href=\"https:\/\/nouveau.maisonmallet.com\/back05_01\">www.maisonmallet.com<\/a><\/p>\n<p>Ceux et celles qui le d\u00e9sirent, peuvent y envoyer des messages de sympathie.<\/p>\n<p>&nbsp;<\/p>\n<hr \/>\n<p>Envoyer vos condol\u00e9ances<\/p>\n<p>[contact-form to=\u00a0\u00bbmireille.boudreault@csp.qc.ca\u00a0\u00bb subject=\u00a0\u00bbCondol\u00e9ances Aline Kermelly\u00a0\u00bb][contact-field label=\u00a0\u00bbVotre nom\u00a0\u00bb type=\u00a0\u00bbname\u00a0\u00bb required=\u00a0\u00bb1&Prime;][contact-field label=\u00a0\u00bbVotre courriel\u00a0\u00bb type=\u00a0\u00bbemail\u00a0\u00bb required=\u00a0\u00bb1&Prime;][contact-field label=\u00a0\u00bbCondol\u00e9ances\u00a0\u00bb type=\u00a0\u00bbtextarea\u00a0\u00bb][\/contact-form]<\/p>\n","protected":false},"featured_media":21783,"template":"","event_cat":[6],"class_list":["post-21762","event","type-event","status-publish","has-post-thumbnail","hentry","event_cat-maison-mallet-et-fils-inc"],"_links":{"self":[{"href":"https:\/\/nouveau.maisonmallet.com\/back05_01\/index.php?rest_route=\/wp\/v2\/event\/21762","targetHints":{"allow":["GET"]}}],"collection":[{"href":"https:\/\/nouveau.maisonmallet.com\/back05_01\/index.php?rest_route=\/wp\/v2\/event"}],"about":[{"href":"https:\/\/nouveau.maisonmallet.com\/back05_01\/index.php?rest_route=\/wp\/v2\/types\/event"}],"wp:featuredmedia":[{"embeddable":true,"href":"https:\/\/nouveau.maisonmallet.com\/back05_01\/index.php?rest_route=\/wp\/v2\/media\/21783"}],"wp:attachment":[{"href":"https:\/\/nouveau.maisonmallet.com\/back05_01\/index.php?rest_route=%2Fwp%2Fv2%2Fmedia&parent=21762"}],"wp:term":[{"taxonomy":"event_cat","embeddable":true,"href":"https:\/\/nouveau.maisonmallet.com\/back05_01\/index.php?rest_route=%2Fwp%2Fv2%2Fevent_cat&post=21762"}],"curies":[{"name":"wp","href":"https:\/\/api.w.org\/{rel}","templated":true}]}}

<p>1933 &#8211; 2021</p>
<p>KERMELLY, Aline (Boudreault)</p>
<p>&nbsp;</p>
<p>&nbsp;</p>
<p>À Sept-Îles (maison Élyme des sables), le 7 juin 2021, est décédée à l’âge de 87 ans, madame Aline Kermelly épouse de feu Ernest Boudreault et domiciliée à Sept-Îles.</p>
<p>Les funérailles de madame Aline Kermelly Boudreault auront lieu le vendredi 25 juin 2021 à 14 h en l’église St-Joseph située au 535, ave. Brochu à Sept-Îles et de là au cimetière Catholique de Sept-Îles.</p>
<p><strong><u>Étant donné la situation de crise entourant le COVID-19 et par souci de se conformer aux recommandations gouvernementales en matière de rassemblements intérieurs et des mesures d’hygiène strictes vous pouvez assister aux funérailles à l’église St-Joseph sur invitation 50 personnes maximum seulement.</u></strong></p>
<p>Selon ses volontés, elle a été confiée au crématorium de la Maison Mallet &amp; fils pour crémation.</p>
<p>La famille reçoit parents et amis le vendredi 25 juin 2021 jour des funérailles de 9 h 30 à 11 h 30 et de 12 h 30 à 14 h au Complexe Thanatologique Mallet &amp; fils du 585 Boul. Laure à Sept-Îles.</p>
<p><strong><u>Dû aux circonstances reliées à la pandémie, vous pouvez venir présenter vos condoléances en respectant la distanciation physique et le port du masque sera obligatoire.</u></strong></p>
<p>Elle laisse dans le deuil ses enfants : Maryse (Régent Chagnon), Pierre Lu (Manon Blais) et Mireille (Jean-Marc Ouellet), ses petits-enfants : Julie (Francis Bouchard), Félix, Laurie (Olivier Desjardins), Mylène, Patrick (Iza-Ève Murray), Catherine (Matthieu Veer) et Noémie (Guillaume Morin), ses arrières petits-enfants ainsi que son frère Roland (Mimi Morin), ses sœurs : Thérèse (feu Armand Poulin) et Lisette (André Bouchard) ainsi que son beau-frère Laurent (Margot Fortin), ses belles-sœurs Jeanine (feu Berth O`Brien) et Thérèse Talbot (feu Allen Boudreault), ses neveux, ses nièces, ses cousins, ses cousines et de nombreux ami(e)s.</p>
<p>Elle était la mère de feue Line Boudreault (Jacques Dumont).</p>
<p>Vos marques de sympathie peuvent se traduire par un don à l’Élyme des sables <a href="http://www.elymedessables.com">www.elymedessables.com</a></p>
<p>La famille a confié la direction des funérailles aux services professionnels de la Maison Mallet &amp; fils du 585 boul. Laure à Sept-Îles, maintenant reconnue Distinction et membre de la Corporation des Thanatologues du Québec.</p>
<p>Vous pouvez consulter cet avis de décès sur le <a href="https://nouveau.maisonmallet.com/back05_01">www.maisonmallet.com</a></p>
<p>Ceux et celles qui le désirent, peuvent y envoyer des messages de sympathie.</p>
<p>&nbsp;</p>
<hr />
<p>Envoyer vos condoléances</p>
<p>[contact-form to= »mireille.boudreault@csp.qc.ca » subject= »Condoléances Aline Kermelly »][contact-field label= »Votre nom » type= »name » required= »1&Prime;][contact-field label= »Votre courriel » type= »email » required= »1&Prime;][contact-field label= »Condoléances » type= »textarea »][/contact-form]</p>
