{"id":21782,"date":"2021-04-05T16:24:06","date_gmt":"2021-04-05T20:24:06","guid":{"rendered":"https:\/\/nouveau.maisonmallet.com\/?post_type=event&#038;p=21782"},"modified":"2021-07-07T09:07:26","modified_gmt":"2021-07-07T13:07:26","slug":"parisee-jean-marie","status":"publish","type":"event","link":"https:\/\/nouveau.maisonmallet.com\/back05_01\/?event=parisee-jean-marie","title":{"rendered":"PARIS\u00c9E, Jean-Marie"},"content":{"rendered":"<p>1931 &#8211; 2021<\/p>\n<p>PARIS\u00c9E, Jean-Marie<\/p>\n<p>&nbsp;<\/p>\n<p>\u00c0 l`h\u00f4pital de Sept-\u00celes, le 5 avril 2021, est d\u00e9c\u00e9d\u00e9 \u00e0 l\u2019\u00e2ge de 89 ans, monsieur Jean-Marie Paris\u00e9e, \u00e9poux de feu Yvette Pag\u00e9, domicili\u00e9 \u00e0 Sept-\u00celes, autrefois de Rivi\u00e8re Saint-Jean.<\/p>\n<p>La c\u00e9r\u00e9monie comm\u00e9morative de monsieur Jean-Marie Paris\u00e9e aura lieu \u00e0 une date ult\u00e9rieure en l\u2019\u00e9glise Saint-Jean Ap\u00f4tre de Rivi\u00e8re Saint-Jean.<\/p>\n<p>Il laisse dans le deuil ses quatre enfants\u00a0: Suzie (Marco), Renaud (Carole), R\u00e9mi et Nathalie (Charles), ses sept petits-enfants\u00a0: Jo\u00eblle, Jakie (St\u00e9phane), Tessa (Maxime), Alexis, Blanche, Joseph (\u00c9rika) et Marilou ainsi que ses cinq arri\u00e8re-petits-enfants\u00a0: F\u00e9e, \u00c8ve, William, Rosalie et L\u00e9anne.<\/p>\n<p>Des pens\u00e9es particuli\u00e8res vont \u00e0 ses amis et aux citoyens de Rivi\u00e8re-Saint-Jean, qui ont accompagn\u00e9 monsieur Paris\u00e9e tout au long de sa vie.<\/p>\n<p>Vos marques de sympathie peuvent se traduire par un don \u00e0 l\u2019\u00c9lyme des sables <a href=\"http:\/\/www.elymedessables.com\">www.elymedessables.com<\/a><\/p>\n<p>La famille a confi\u00e9 les arrangements aux services professionnels de la Maison L.J.G. Mallet du 1429, rue du Canot \u00e0 Havre Saint-Pierre, membre de la Corporation des thanatologues du Qu\u00e9bec.<\/p>\n<p>Vous pouvez consulter cet avis de d\u00e9c\u00e8s sur le\u00a0: <a href=\"https:\/\/nouveau.maisonmallet.com\/back05_01\">www.maisonmallet.com<\/a><\/p>\n<p>Ceux et celles qui le d\u00e9sirent peuvent y envoyer des messages de sympathie.<\/p>\n<p>&nbsp;<\/p>\n<hr \/>\n<p>Envoyer vos condol\u00e9ances<\/p>\n<p>[contact-form to=\u00a0\u00bbparisee.nathalie@uqam.ca\u00a0\u00bb subject=\u00a0\u00bbCondol\u00e9ances Jean-Marie Paris\u00e9e\u00a0\u00bb][contact-field label=\u00a0\u00bbVotre nom\u00a0\u00bb type=\u00a0\u00bbname\u00a0\u00bb required=\u00a0\u00bb1&Prime;][contact-field label=\u00a0\u00bbVotre courriel\u00a0\u00bb type=\u00a0\u00bbemail\u00a0\u00bb required=\u00a0\u00bb1&Prime;][contact-field label=\u00a0\u00bbCondol\u00e9ances\u00a0\u00bb type=\u00a0\u00bbtextarea\u00a0\u00bb][\/contact-form]<\/p>\n","protected":false},"featured_media":21831,"template":"","event_cat":[7],"class_list":["post-21782","event","type-event","status-publish","has-post-thumbnail","hentry","event_cat-maison-l-j-g-mallet-inc"],"_links":{"self":[{"href":"https:\/\/nouveau.maisonmallet.com\/back05_01\/index.php?rest_route=\/wp\/v2\/event\/21782","targetHints":{"allow":["GET"]}}],"collection":[{"href":"https:\/\/nouveau.maisonmallet.com\/back05_01\/index.php?rest_route=\/wp\/v2\/event"}],"about":[{"href":"https:\/\/nouveau.maisonmallet.com\/back05_01\/index.php?rest_route=\/wp\/v2\/types\/event"}],"wp:featuredmedia":[{"embeddable":true,"href":"https:\/\/nouveau.maisonmallet.com\/back05_01\/index.php?rest_route=\/wp\/v2\/media\/21831"}],"wp:attachment":[{"href":"https:\/\/nouveau.maisonmallet.com\/back05_01\/index.php?rest_route=%2Fwp%2Fv2%2Fmedia&parent=21782"}],"wp:term":[{"taxonomy":"event_cat","embeddable":true,"href":"https:\/\/nouveau.maisonmallet.com\/back05_01\/index.php?rest_route=%2Fwp%2Fv2%2Fevent_cat&post=21782"}],"curies":[{"name":"wp","href":"https:\/\/api.w.org\/{rel}","templated":true}]}}

PARISÉE, Jean-Marie

<p>1931 &#8211; 2021</p>
<p>PARISÉE, Jean-Marie</p>
<p>&nbsp;</p>
<p>À l`hôpital de Sept-Îles, le 5 avril 2021, est décédé à l’âge de 89 ans, monsieur Jean-Marie Parisée, époux de feu Yvette Pagé, domicilié à Sept-Îles, autrefois de Rivière Saint-Jean.</p>
<p>La cérémonie commémorative de monsieur Jean-Marie Parisée aura lieu à une date ultérieure en l’église Saint-Jean Apôtre de Rivière Saint-Jean.</p>
<p>Il laisse dans le deuil ses quatre enfants : Suzie (Marco), Renaud (Carole), Rémi et Nathalie (Charles), ses sept petits-enfants : Joëlle, Jakie (Stéphane), Tessa (Maxime), Alexis, Blanche, Joseph (Érika) et Marilou ainsi que ses cinq arrière-petits-enfants : Fée, Ève, William, Rosalie et Léanne.</p>
<p>Des pensées particulières vont à ses amis et aux citoyens de Rivière-Saint-Jean, qui ont accompagné monsieur Parisée tout au long de sa vie.</p>
<p>Vos marques de sympathie peuvent se traduire par un don à l’Élyme des sables <a href="http://www.elymedessables.com">www.elymedessables.com</a></p>
<p>La famille a confié les arrangements aux services professionnels de la Maison L.J.G. Mallet du 1429, rue du Canot à Havre Saint-Pierre, membre de la Corporation des thanatologues du Québec.</p>
<p>Vous pouvez consulter cet avis de décès sur le : <a href="https://nouveau.maisonmallet.com/back05_01">www.maisonmallet.com</a></p>
<p>Ceux et celles qui le désirent peuvent y envoyer des messages de sympathie.</p>
<p>&nbsp;</p>
<hr />
<p>Envoyer vos condoléances</p>
<p>[contact-form to= »parisee.nathalie@uqam.ca » subject= »Condoléances Jean-Marie Parisée »][contact-field label= »Votre nom » type= »name » required= »1&Prime;][contact-field label= »Votre courriel » type= »email » required= »1&Prime;][contact-field label= »Condoléances » type= »textarea »][/contact-form]</p>
