{"id":21802,"date":"2021-10-03T11:34:46","date_gmt":"2021-10-03T15:34:46","guid":{"rendered":"https:\/\/nouveau.maisonmallet.com\/?post_type=event&#038;p=21802"},"modified":"2021-10-05T09:23:22","modified_gmt":"2021-10-05T13:23:22","slug":"girard-colette-riffou","status":"publish","type":"event","link":"https:\/\/nouveau.maisonmallet.com\/back05_01\/?event=girard-colette-riffou","title":{"rendered":"GIRARD, Colette (Riffou)"},"content":{"rendered":"<p>1935 &#8211; 2021<\/p>\n<p>GIRARD, Colette (Riffou)<\/p>\n<p>&nbsp;<\/p>\n<p>\u00c0 Port-Cartier, le 12 juin 2021, est d\u00e9c\u00e9d\u00e9e \u00e0 l\u2019\u00e2ge de 86 ans, madame Colette Girard \u00e9pouse de feu Vincent Riffou et domicili\u00e9e \u00e0 Port-Cartier.<\/p>\n<p>Les fun\u00e9railles de madame Colette Girard auront lieu le samedi 9 octobre 2021 \u00e0 14 h en l\u2019\u00e9glise Sacr\u00e9-C\u0153ur situ\u00e9e au 38, rue Parent \u00e0 Port-Cartier et de l\u00e0 au cimeti\u00e8re de l`endroit.<\/p>\n<p>Selon ses volont\u00e9s, elle a \u00e9t\u00e9 confi\u00e9e au cr\u00e9matorium de la Maison Mallet &amp; fils pour cr\u00e9mation.<\/p>\n<p>La famille re\u00e7oit parents et amis le samedi 9 octobre 2021 jour des fun\u00e9railles de 10 h \u00e0 11 h 30 et de 12 h 30 \u00e0 14 h au Complexe Thanatologique Mallet &amp; fils du 57, route 138 \u00e0 Port-Cartier.<\/p>\n<p><strong><u>D\u00fb aux circonstances reli\u00e9es \u00e0 la pand\u00e9mie, vous pouvez venir pr\u00e9senter vos condol\u00e9ances en respectant la distanciation physique et le port du masque sera obligatoire.<\/u><\/strong><\/p>\n<p>Elle\u00a0 laisse dans le deuil, sa famille\u00a0: Kathy Beaudin (Richard Therriault)\u00a0\u00a0 Andr\u00e9e ( Richard Loomes), \u00c9gide (Nicole Dauth), Louis, Caroline ( Daniel L\u00e9pine),\u00a0 et ses petits-enfants; Dominic\u00a0 Riffou-Loomes, Mireille Riffou-Loomes,\u00a0 Sandrine Dauth-Riffou, Mathilde Dauth-Riffou, Alex L\u00e9pine , Maxim L\u00e9pine, Marie-Pier Therriault (David), Emilie Therriault (Marc-Andr\u00e9) , ses s\u0153urs\u00a0:\u00a0 Anita Paquette, Ghislaine Malaison, Serge Malaison (St\u00e9phane) , Eric Malaison (Cathy) Georges Girard (Victoria), ses belles-s\u0153urs Ruth Riffou (feu Rudolf Schaefer) et Lise Beaudin ( Andr\u00e9 Beaudin), Louise (feu Jean Riffou) et de nombreux amis.<\/p>\n<p>Vos marques de sympathie peuvent se traduire par un don au centre int\u00e9gr\u00e9 de sant\u00e9 et de services sociaux de la C\u00f4te-Nord de Port-Cartier pour les soins palliatifs (3, rue Shelter Bay, Port-Cartier G5B 2W9.)<\/p>\n<p>La famille a confi\u00e9 la direction des fun\u00e9railles aux services professionnels de la maison Mallet &amp; fils du 57, route 138 \u00e0 Port-Cartier, maintenant reconnue Distinction et membre de la Corporation des Thanatologues du Qu\u00e9bec.<\/p>\n<p>Vous pouvez consulter cet avis de d\u00e9c\u00e8s, sur le <a href=\"https:\/\/nouveau.maisonmallet.com\/back05_01\">www.maisonmallet.com<\/a><\/p>\n<p>Ceux et celles qui le d\u00e9sirent, peuvent y envoyer des messages de sympathie.<\/p>\n<p>&nbsp;<\/p>\n<hr \/>\n<p>Envoyer vos condol\u00e9ances<\/p>\n<p>[contact-form to=\u00a0\u00bbkathybeaudin@icloud.com\u00a0\u00bb subject=\u00a0\u00bbCondol\u00e9ances Colette Girard\u00a0\u00bb][contact-field label=\u00a0\u00bbVotre nom\u00a0\u00bb type=\u00a0\u00bbname\u00a0\u00bb required=\u00a0\u00bb1&Prime;][contact-field label=\u00a0\u00bbVotre courriel\u00a0\u00bb type=\u00a0\u00bbemail\u00a0\u00bb required=\u00a0\u00bb1&Prime;][contact-field label=\u00a0\u00bbCondol\u00e9ances\u00a0\u00bb type=\u00a0\u00bbtextarea\u00a0\u00bb][\/contact-form]<\/p>\n","protected":false},"featured_media":21828,"template":"","event_cat":[6],"class_list":["post-21802","event","type-event","status-publish","has-post-thumbnail","hentry","event_cat-maison-mallet-et-fils-inc"],"_links":{"self":[{"href":"https:\/\/nouveau.maisonmallet.com\/back05_01\/index.php?rest_route=\/wp\/v2\/event\/21802","targetHints":{"allow":["GET"]}}],"collection":[{"href":"https:\/\/nouveau.maisonmallet.com\/back05_01\/index.php?rest_route=\/wp\/v2\/event"}],"about":[{"href":"https:\/\/nouveau.maisonmallet.com\/back05_01\/index.php?rest_route=\/wp\/v2\/types\/event"}],"wp:featuredmedia":[{"embeddable":true,"href":"https:\/\/nouveau.maisonmallet.com\/back05_01\/index.php?rest_route=\/wp\/v2\/media\/21828"}],"wp:attachment":[{"href":"https:\/\/nouveau.maisonmallet.com\/back05_01\/index.php?rest_route=%2Fwp%2Fv2%2Fmedia&parent=21802"}],"wp:term":[{"taxonomy":"event_cat","embeddable":true,"href":"https:\/\/nouveau.maisonmallet.com\/back05_01\/index.php?rest_route=%2Fwp%2Fv2%2Fevent_cat&post=21802"}],"curies":[{"name":"wp","href":"https:\/\/api.w.org\/{rel}","templated":true}]}}

<p>1935 &#8211; 2021</p>
<p>GIRARD, Colette (Riffou)</p>
<p>&nbsp;</p>
<p>À Port-Cartier, le 12 juin 2021, est décédée à l’âge de 86 ans, madame Colette Girard épouse de feu Vincent Riffou et domiciliée à Port-Cartier.</p>
<p>Les funérailles de madame Colette Girard auront lieu le samedi 9 octobre 2021 à 14 h en l’église Sacré-Cœur située au 38, rue Parent à Port-Cartier et de là au cimetière de l`endroit.</p>
<p>Selon ses volontés, elle a été confiée au crématorium de la Maison Mallet &amp; fils pour crémation.</p>
<p>La famille reçoit parents et amis le samedi 9 octobre 2021 jour des funérailles de 10 h à 11 h 30 et de 12 h 30 à 14 h au Complexe Thanatologique Mallet &amp; fils du 57, route 138 à Port-Cartier.</p>
<p><strong><u>Dû aux circonstances reliées à la pandémie, vous pouvez venir présenter vos condoléances en respectant la distanciation physique et le port du masque sera obligatoire.</u></strong></p>
<p>Elle  laisse dans le deuil, sa famille : Kathy Beaudin (Richard Therriault)   Andrée ( Richard Loomes), Égide (Nicole Dauth), Louis, Caroline ( Daniel Lépine),  et ses petits-enfants; Dominic  Riffou-Loomes, Mireille Riffou-Loomes,  Sandrine Dauth-Riffou, Mathilde Dauth-Riffou, Alex Lépine , Maxim Lépine, Marie-Pier Therriault (David), Emilie Therriault (Marc-André) , ses sœurs :  Anita Paquette, Ghislaine Malaison, Serge Malaison (Stéphane) , Eric Malaison (Cathy) Georges Girard (Victoria), ses belles-sœurs Ruth Riffou (feu Rudolf Schaefer) et Lise Beaudin ( André Beaudin), Louise (feu Jean Riffou) et de nombreux amis.</p>
<p>Vos marques de sympathie peuvent se traduire par un don au centre intégré de santé et de services sociaux de la Côte-Nord de Port-Cartier pour les soins palliatifs (3, rue Shelter Bay, Port-Cartier G5B 2W9.)</p>
<p>La famille a confié la direction des funérailles aux services professionnels de la maison Mallet &amp; fils du 57, route 138 à Port-Cartier, maintenant reconnue Distinction et membre de la Corporation des Thanatologues du Québec.</p>
<p>Vous pouvez consulter cet avis de décès, sur le <a href="https://nouveau.maisonmallet.com/back05_01">www.maisonmallet.com</a></p>
<p>Ceux et celles qui le désirent, peuvent y envoyer des messages de sympathie.</p>
<p>&nbsp;</p>
<hr />
<p>Envoyer vos condoléances</p>
<p>[contact-form to= »kathybeaudin@icloud.com » subject= »Condoléances Colette Girard »][contact-field label= »Votre nom » type= »name » required= »1&Prime;][contact-field label= »Votre courriel » type= »email » required= »1&Prime;][contact-field label= »Condoléances » type= »textarea »][/contact-form]</p>
