{"id":21899,"date":"2021-06-19T16:15:17","date_gmt":"2021-06-19T20:15:17","guid":{"rendered":"https:\/\/nouveau.maisonmallet.com\/?post_type=event&#038;p=21899"},"modified":"2021-06-20T16:18:18","modified_gmt":"2021-06-20T20:18:18","slug":"vollantlaurette","status":"publish","type":"event","link":"https:\/\/nouveau.maisonmallet.com\/back05_01\/?event=vollantlaurette","title":{"rendered":"VOLLANT,Laurette (Michel)"},"content":{"rendered":"<p>1939 &#8211; 2021<\/p>\n<p>VOLLANT, Laurette (Michel)<\/p>\n<p>\u00c0 Mani-utenam, le 19 juin 2021, est d\u00e9c\u00e9d\u00e9e \u00e0 l\u2019\u00e2ge de 81 ans, madame Laurette Vollant \u00e9pouse en 1<sup>er<\/sup> noce de feu Georges-Andr\u00e9 Michel et en secondes noces de feu John Gr\u00e9goire domicili\u00e9e \u00e0 Mani-utenam.<\/p>\n<p>Les fun\u00e9railles de madame Laurette Vollant auront lieu le mercredi 23 juin 2021 \u00e0 14 h en l\u2019\u00e9glise Notre-Dame du Cap situ\u00e9e au 139, rue de l\u2019\u00c9glise \u00e0 Mani-utenam et de l\u00e0 au cimeti\u00e8re de Mani-utenam.<\/p>\n<p><strong><u>\u00c9tant donn\u00e9 la situation de crise entourant le COVID-19 et par souci de se conformer aux recommandations gouvernementales en mati\u00e8re de rassemblements int\u00e9rieurs et des mesures d\u2019hygi\u00e8ne strictes vous pouvez assister aux fun\u00e9railles \u00e0 l\u2019\u00e9glise Notre-Dame-du-Cap sur invitation 50 personnes maximum seulement.<\/u><\/strong><\/p>\n<p>La famille re\u00e7oit parents et amis le mardi 22 juin 2021 de 10 h \u00e0 16 h et de 19 h \u00e0 22 h. Le mercredi 23 juin 2021 jour des fun\u00e9railles \u00e0 compte de 8 h \u00e0 l\u2019\u00e9glise Notre-Dame du Cap situ\u00e9e au 139, rue de l\u2019\u00c9glise \u00e0 Mani-utenam<\/p>\n<p><strong><u>D\u00fb aux circonstances reli\u00e9es \u00e0 la pand\u00e9mie, vous pouvez venir pr\u00e9senter vos condol\u00e9ances en respectant la distanciation physique et le port du masque sera obligatoire.<\/u><\/strong><\/p>\n<p>Elle laisse dans le deuil ses fils\u00a0: Mo\u00efse (Lise-Anne Pinette), R\u00e9ginald (Laure Banville) et Fernand (Macgali Fontaine), ses filles\u00a0: Chantal (Alain Fontaine), Marie-Jos\u00e9e, Virginie (Pipan Fontaine) et Fanny, ses seize petits-enfants, ses vingt-deux arri\u00e8re-petits-enfants ainsi que son fr\u00e8re, ses s\u0153urs, ses beaux-fr\u00e8res, ses belles-s\u0153urs, ses neveux, ses ni\u00e8ces, ses cousins, ses cousines et de nombreux ami(e)s.<\/p>\n<p>La famille a confi\u00e9 la direction des fun\u00e9railles aux services professionnels de la Maison Mallet &amp; fils du 585, Boul. Laure \u00e0 Sept-\u00celes, maintenant reconnue Distinction et membre de la Corporation des Thanatologues du Qu\u00e9bec.<\/p>\n<p>Vous pouvez consulter cet avis de d\u00e9c\u00e8s sur le <a href=\"https:\/\/nouveau.maisonmallet.com\/back05_01\">www.maisonmallet.com<\/a><\/p>\n<p>Ceux et celles qui le d\u00e9sirent, peuvent y envoyer des messages de condol\u00e9ances.<\/p>\n<p>&nbsp;<\/p>\n<hr \/>\n<p>Envoyer vos condol\u00e9ances<\/p>\n<p>[contact-form to=\u00a0\u00bbfanny_michel55@hotmail.com\u00a0\u00bb subject=\u00a0\u00bbCondol\u00e9ances Laurette Vollant\u00a0\u00bb][contact-field label=\u00a0\u00bbVotre nom\u00a0\u00bb type=\u00a0\u00bbname\u00a0\u00bb required=\u00a0\u00bb1&Prime;][contact-field label=\u00a0\u00bbVotre courriel\u00a0\u00bb type=\u00a0\u00bbemail\u00a0\u00bb required=\u00a0\u00bb1&Prime;][contact-field label=\u00a0\u00bbCondol\u00e9ances\u00a0\u00bb type=\u00a0\u00bbtextarea\u00a0\u00bb][\/contact-form]<\/p>\n","protected":false},"featured_media":21903,"template":"","event_cat":[6],"class_list":["post-21899","event","type-event","status-publish","has-post-thumbnail","hentry","event_cat-maison-mallet-et-fils-inc"],"_links":{"self":[{"href":"https:\/\/nouveau.maisonmallet.com\/back05_01\/index.php?rest_route=\/wp\/v2\/event\/21899","targetHints":{"allow":["GET"]}}],"collection":[{"href":"https:\/\/nouveau.maisonmallet.com\/back05_01\/index.php?rest_route=\/wp\/v2\/event"}],"about":[{"href":"https:\/\/nouveau.maisonmallet.com\/back05_01\/index.php?rest_route=\/wp\/v2\/types\/event"}],"wp:featuredmedia":[{"embeddable":true,"href":"https:\/\/nouveau.maisonmallet.com\/back05_01\/index.php?rest_route=\/wp\/v2\/media\/21903"}],"wp:attachment":[{"href":"https:\/\/nouveau.maisonmallet.com\/back05_01\/index.php?rest_route=%2Fwp%2Fv2%2Fmedia&parent=21899"}],"wp:term":[{"taxonomy":"event_cat","embeddable":true,"href":"https:\/\/nouveau.maisonmallet.com\/back05_01\/index.php?rest_route=%2Fwp%2Fv2%2Fevent_cat&post=21899"}],"curies":[{"name":"wp","href":"https:\/\/api.w.org\/{rel}","templated":true}]}}

<p>1939 &#8211; 2021</p>
<p>VOLLANT, Laurette (Michel)</p>
<p>À Mani-utenam, le 19 juin 2021, est décédée à l’âge de 81 ans, madame Laurette Vollant épouse en 1<sup>er</sup> noce de feu Georges-André Michel et en secondes noces de feu John Grégoire domiciliée à Mani-utenam.</p>
<p>Les funérailles de madame Laurette Vollant auront lieu le mercredi 23 juin 2021 à 14 h en l’église Notre-Dame du Cap située au 139, rue de l’Église à Mani-utenam et de là au cimetière de Mani-utenam.</p>
<p><strong><u>Étant donné la situation de crise entourant le COVID-19 et par souci de se conformer aux recommandations gouvernementales en matière de rassemblements intérieurs et des mesures d’hygiène strictes vous pouvez assister aux funérailles à l’église Notre-Dame-du-Cap sur invitation 50 personnes maximum seulement.</u></strong></p>
<p>La famille reçoit parents et amis le mardi 22 juin 2021 de 10 h à 16 h et de 19 h à 22 h. Le mercredi 23 juin 2021 jour des funérailles à compte de 8 h à l’église Notre-Dame du Cap située au 139, rue de l’Église à Mani-utenam</p>
<p><strong><u>Dû aux circonstances reliées à la pandémie, vous pouvez venir présenter vos condoléances en respectant la distanciation physique et le port du masque sera obligatoire.</u></strong></p>
<p>Elle laisse dans le deuil ses fils : Moïse (Lise-Anne Pinette), Réginald (Laure Banville) et Fernand (Macgali Fontaine), ses filles : Chantal (Alain Fontaine), Marie-Josée, Virginie (Pipan Fontaine) et Fanny, ses seize petits-enfants, ses vingt-deux arrière-petits-enfants ainsi que son frère, ses sœurs, ses beaux-frères, ses belles-sœurs, ses neveux, ses nièces, ses cousins, ses cousines et de nombreux ami(e)s.</p>
<p>La famille a confié la direction des funérailles aux services professionnels de la Maison Mallet &amp; fils du 585, Boul. Laure à Sept-Îles, maintenant reconnue Distinction et membre de la Corporation des Thanatologues du Québec.</p>
<p>Vous pouvez consulter cet avis de décès sur le <a href="https://nouveau.maisonmallet.com/back05_01">www.maisonmallet.com</a></p>
<p>Ceux et celles qui le désirent, peuvent y envoyer des messages de condoléances.</p>
<p>&nbsp;</p>
<hr />
<p>Envoyer vos condoléances</p>
<p>[contact-form to= »fanny_michel55@hotmail.com » subject= »Condoléances Laurette Vollant »][contact-field label= »Votre nom » type= »name » required= »1&Prime;][contact-field label= »Votre courriel » type= »email » required= »1&Prime;][contact-field label= »Condoléances » type= »textarea »][/contact-form]</p>
