{"id":21942,"date":"2021-06-15T19:05:57","date_gmt":"2021-06-15T23:05:57","guid":{"rendered":"https:\/\/nouveau.maisonmallet.com\/?post_type=event&#038;p=21942"},"modified":"2021-07-07T09:00:32","modified_gmt":"2021-07-07T13:00:32","slug":"pelletier-charles-emile","status":"publish","type":"event","link":"https:\/\/nouveau.maisonmallet.com\/back05_01\/?event=pelletier-charles-emile","title":{"rendered":"PELLETIER, Charles-Emile"},"content":{"rendered":"<p>1941 &#8211; 2021<\/p>\n<p>PELLETIER, Charles-Emile<\/p>\n<p>&nbsp;<\/p>\n<p>\u00c0 Sept-\u00celes (maison \u00c9lyme des Sables), le 15 juin 2021, est d\u00e9c\u00e9d\u00e9 \u00e0 l\u2019\u00e2ge de 80 ans, monsieur Charles-Emile Pelletier \u00e9poux de madame Pierrette Desrosiers et domicili\u00e9 \u00e0 Sept-\u00celes autrefois de Rivi\u00e8re Pentec\u00f4te.<\/p>\n<p>Une pri\u00e8re aura lieu au cimeti\u00e8re de Rivi\u00e8re Pentec\u00f4te en pr\u00e9sence des cendres \u00e0 une date ult\u00e9rieure.<\/p>\n<p>Selon ses volont\u00e9s, il a \u00e9t\u00e9 confi\u00e9 au cr\u00e9matorium de la maison Mallet &amp; fils pour cr\u00e9mation.<\/p>\n<p>Il laisse dans le deuil outre son \u00e9pouse madame Pierrette Desrosiers Pelletier, son fils Daniel (Yves Plante), sa fille Val\u00e9rie (Jean-Fran\u00e7ois Rivet Gagn\u00e9), sa petite-fille Katherine Whittom, ses s\u0153urs\u00a0: Ginette (feu Yvon Gauthier) et Henriette (Jean-Claude Jean), son fr\u00e8re Jocelyn (Denise Gauthier) ainsi que son beau-fr\u00e8re, ses belles-s\u0153urs, ses ni\u00e8ces, ses neveux et de nombreux ami(e)s.<\/p>\n<p>Il \u00e9tait le p\u00e8re de feu Denis Pelletier.<\/p>\n<p>La famille tient \u00e0 remercier toutes l`\u00e9quipe de l`\u00c9lyme des Sables pour leurs bon soins.<\/p>\n<p>Vos marques de sympathie peuvent se traduire par un don \u00e0 l\u2019\u00c9lyme des sables <a href=\"http:\/\/www.elymedessables.com\">www.elymedessables.com<\/a><\/p>\n<p>La famille a confi\u00e9 les arrangements aux services professionnels de la Maison Mallet &amp; fils du 585 Boul. Laure \u00e0 Sept-\u00celes, maintenant reconnue Distinction et membre de la Corporation des Thanatologues du Qu\u00e9bec.<\/p>\n<p>Vous pouvez consulter cet avis de d\u00e9c\u00e8s sur le <a href=\"https:\/\/nouveau.maisonmallet.com\/back05_01\">www.maisonmallet.com<\/a><\/p>\n<p>Ceux et celles qui le d\u00e9sirent, peuvent y envoyer des messages de sympathie.<\/p>\n<p>&nbsp;<\/p>\n<hr \/>\n<p>Envoyer vos condol\u00e9ances<\/p>\n<p>[contact-form to=\u00a0\u00bbpierrette7@hotmail.ca\u00a0\u00bb subject=\u00a0\u00bbCondol\u00e9ances Charles-Emile Pelletier\u00a0\u00bb][contact-field label=\u00a0\u00bbVotre nom\u00a0\u00bb type=\u00a0\u00bbname\u00a0\u00bb required=\u00a0\u00bb1&Prime;][contact-field label=\u00a0\u00bbVotre courriel\u00a0\u00bb type=\u00a0\u00bbemail\u00a0\u00bb required=\u00a0\u00bb1&Prime;][contact-field label=\u00a0\u00bbCondol\u00e9ances\u00a0\u00bb type=\u00a0\u00bbtextarea\u00a0\u00bb][\/contact-form]<\/p>\n","protected":false},"featured_media":21945,"template":"","event_cat":[6],"class_list":["post-21942","event","type-event","status-publish","has-post-thumbnail","hentry","event_cat-maison-mallet-et-fils-inc"],"_links":{"self":[{"href":"https:\/\/nouveau.maisonmallet.com\/back05_01\/index.php?rest_route=\/wp\/v2\/event\/21942","targetHints":{"allow":["GET"]}}],"collection":[{"href":"https:\/\/nouveau.maisonmallet.com\/back05_01\/index.php?rest_route=\/wp\/v2\/event"}],"about":[{"href":"https:\/\/nouveau.maisonmallet.com\/back05_01\/index.php?rest_route=\/wp\/v2\/types\/event"}],"wp:featuredmedia":[{"embeddable":true,"href":"https:\/\/nouveau.maisonmallet.com\/back05_01\/index.php?rest_route=\/wp\/v2\/media\/21945"}],"wp:attachment":[{"href":"https:\/\/nouveau.maisonmallet.com\/back05_01\/index.php?rest_route=%2Fwp%2Fv2%2Fmedia&parent=21942"}],"wp:term":[{"taxonomy":"event_cat","embeddable":true,"href":"https:\/\/nouveau.maisonmallet.com\/back05_01\/index.php?rest_route=%2Fwp%2Fv2%2Fevent_cat&post=21942"}],"curies":[{"name":"wp","href":"https:\/\/api.w.org\/{rel}","templated":true}]}}

<p>1941 &#8211; 2021</p>
<p>PELLETIER, Charles-Emile</p>
<p>&nbsp;</p>
<p>À Sept-Îles (maison Élyme des Sables), le 15 juin 2021, est décédé à l’âge de 80 ans, monsieur Charles-Emile Pelletier époux de madame Pierrette Desrosiers et domicilié à Sept-Îles autrefois de Rivière Pentecôte.</p>
<p>Une prière aura lieu au cimetière de Rivière Pentecôte en présence des cendres à une date ultérieure.</p>
<p>Selon ses volontés, il a été confié au crématorium de la maison Mallet &amp; fils pour crémation.</p>
<p>Il laisse dans le deuil outre son épouse madame Pierrette Desrosiers Pelletier, son fils Daniel (Yves Plante), sa fille Valérie (Jean-François Rivet Gagné), sa petite-fille Katherine Whittom, ses sœurs : Ginette (feu Yvon Gauthier) et Henriette (Jean-Claude Jean), son frère Jocelyn (Denise Gauthier) ainsi que son beau-frère, ses belles-sœurs, ses nièces, ses neveux et de nombreux ami(e)s.</p>
<p>Il était le père de feu Denis Pelletier.</p>
<p>La famille tient à remercier toutes l`équipe de l`Élyme des Sables pour leurs bon soins.</p>
<p>Vos marques de sympathie peuvent se traduire par un don à l’Élyme des sables <a href="http://www.elymedessables.com">www.elymedessables.com</a></p>
<p>La famille a confié les arrangements aux services professionnels de la Maison Mallet &amp; fils du 585 Boul. Laure à Sept-Îles, maintenant reconnue Distinction et membre de la Corporation des Thanatologues du Québec.</p>
<p>Vous pouvez consulter cet avis de décès sur le <a href="https://nouveau.maisonmallet.com/back05_01">www.maisonmallet.com</a></p>
<p>Ceux et celles qui le désirent, peuvent y envoyer des messages de sympathie.</p>
<p>&nbsp;</p>
<hr />
<p>Envoyer vos condoléances</p>
<p>[contact-form to= »pierrette7@hotmail.ca » subject= »Condoléances Charles-Emile Pelletier »][contact-field label= »Votre nom » type= »name » required= »1&Prime;][contact-field label= »Votre courriel » type= »email » required= »1&Prime;][contact-field label= »Condoléances » type= »textarea »][/contact-form]</p>
