{"id":22055,"date":"2021-05-24T17:04:50","date_gmt":"2021-05-24T21:04:50","guid":{"rendered":"https:\/\/nouveau.maisonmallet.com\/?post_type=event&#038;p=22055"},"modified":"2021-07-07T08:58:57","modified_gmt":"2021-07-07T12:58:57","slug":"modele-nom-prenom-33","status":"publish","type":"event","link":"https:\/\/nouveau.maisonmallet.com\/back05_01\/?event=modele-nom-prenom-33","title":{"rendered":"MONGER, Magella"},"content":{"rendered":"<p>1941 \u2013 2021<\/p>\n<p>MONGER, Magella<\/p>\n<p>&nbsp;<\/p>\n<p>\u00c0 Sept-\u00celes, le 24 mai 2021, est d\u00e9c\u00e9d\u00e9 \u00e0 l\u2019\u00e2ge de 79 ans, monsieur Magella Monger fils de feu Thomas Monger et de feue \u00c9m\u00e9rancienne Mercier domicili\u00e9 \u00e0 Sept-\u00celes autre fois de T\u00eate-\u00e0-la-Baleine.<\/p>\n<p>Les fun\u00e9railles de monsieur Magella Monger auront lieu le lundi 28 juin 2021 \u00e0 15 h en l\u2019\u00e9glise Ste-Anne de T\u00eate-\u00e0-la-Baleine et de l\u00e0 au cimeti\u00e8re de l\u2019endroit.<\/p>\n<p>Selon ses volont\u00e9s, il a \u00e9t\u00e9 confi\u00e9 au cr\u00e9matorium de la Maison Mallet &amp; fils pour cr\u00e9mation.<\/p>\n<p>Il laisse dans le deuil son fr\u00e8re Nelson (Clara Green), sa s\u0153ur Th\u00e9r\u00e8se ainsi que son beau-fr\u00e8re, sa belle-s\u0153ur, ses neveux, ses ni\u00e8ces, ses cousins, ses cousines, et de nombreux amis.<\/p>\n<p>La famille a confi\u00e9 les arrangements fun\u00e9raires aux services professionnels de la Maison Mallet &amp; fils du 585, boul. Laure \u00e0 Sept-\u00celes, membre de la Corporation des thanatologues du Qu\u00e9bec.<\/p>\n<p>Vous pouvez consulter cet avis de d\u00e9c\u00e8s, sur le <a href=\"https:\/\/nouveau.maisonmallet.com\/back05_01\">www.maisonmallet.com<\/a><\/p>\n<p>Ceux et celles qui le d\u00e9sirent peuvent y envoyer des messages de sympathie.<\/p>\n<p>&nbsp;<\/p>\n<hr \/>\n<p>Envoyer vos condol\u00e9ances<\/p>\n<p>[contact-form to=\u00a0\u00bbdesangemarcoux@outlook.com\u00a0\u00bb subject=\u00a0\u00bbCondol\u00e9ances Magella Monger\u00a0\u00bb][contact-field label=\u00a0\u00bbVotre nom\u00a0\u00bb type=\u00a0\u00bbname\u00a0\u00bb required=\u00a0\u00bb1&Prime;][contact-field label=\u00a0\u00bbVotre courriel\u00a0\u00bb type=\u00a0\u00bbemail\u00a0\u00bb required=\u00a0\u00bb1&Prime;][contact-field label=\u00a0\u00bbCondol\u00e9ances\u00a0\u00bb type=\u00a0\u00bbtextarea\u00a0\u00bb][\/contact-form]<\/p>\n","protected":false},"featured_media":22057,"template":"","event_cat":[6],"class_list":["post-22055","event","type-event","status-publish","has-post-thumbnail","hentry","event_cat-maison-mallet-et-fils-inc"],"_links":{"self":[{"href":"https:\/\/nouveau.maisonmallet.com\/back05_01\/index.php?rest_route=\/wp\/v2\/event\/22055","targetHints":{"allow":["GET"]}}],"collection":[{"href":"https:\/\/nouveau.maisonmallet.com\/back05_01\/index.php?rest_route=\/wp\/v2\/event"}],"about":[{"href":"https:\/\/nouveau.maisonmallet.com\/back05_01\/index.php?rest_route=\/wp\/v2\/types\/event"}],"wp:featuredmedia":[{"embeddable":true,"href":"https:\/\/nouveau.maisonmallet.com\/back05_01\/index.php?rest_route=\/wp\/v2\/media\/22057"}],"wp:attachment":[{"href":"https:\/\/nouveau.maisonmallet.com\/back05_01\/index.php?rest_route=%2Fwp%2Fv2%2Fmedia&parent=22055"}],"wp:term":[{"taxonomy":"event_cat","embeddable":true,"href":"https:\/\/nouveau.maisonmallet.com\/back05_01\/index.php?rest_route=%2Fwp%2Fv2%2Fevent_cat&post=22055"}],"curies":[{"name":"wp","href":"https:\/\/api.w.org\/{rel}","templated":true}]}}

<p>1941 – 2021</p>
<p>MONGER, Magella</p>
<p>&nbsp;</p>
<p>À Sept-Îles, le 24 mai 2021, est décédé à l’âge de 79 ans, monsieur Magella Monger fils de feu Thomas Monger et de feue Émérancienne Mercier domicilié à Sept-Îles autre fois de Tête-à-la-Baleine.</p>
<p>Les funérailles de monsieur Magella Monger auront lieu le lundi 28 juin 2021 à 15 h en l’église Ste-Anne de Tête-à-la-Baleine et de là au cimetière de l’endroit.</p>
<p>Selon ses volontés, il a été confié au crématorium de la Maison Mallet &amp; fils pour crémation.</p>
<p>Il laisse dans le deuil son frère Nelson (Clara Green), sa sœur Thérèse ainsi que son beau-frère, sa belle-sœur, ses neveux, ses nièces, ses cousins, ses cousines, et de nombreux amis.</p>
<p>La famille a confié les arrangements funéraires aux services professionnels de la Maison Mallet &amp; fils du 585, boul. Laure à Sept-Îles, membre de la Corporation des thanatologues du Québec.</p>
<p>Vous pouvez consulter cet avis de décès, sur le <a href="https://nouveau.maisonmallet.com/back05_01">www.maisonmallet.com</a></p>
<p>Ceux et celles qui le désirent peuvent y envoyer des messages de sympathie.</p>
<p>&nbsp;</p>
<hr />
<p>Envoyer vos condoléances</p>
<p>[contact-form to= »desangemarcoux@outlook.com » subject= »Condoléances Magella Monger »][contact-field label= »Votre nom » type= »name » required= »1&Prime;][contact-field label= »Votre courriel » type= »email » required= »1&Prime;][contact-field label= »Condoléances » type= »textarea »][/contact-form]</p>
