{"id":22077,"date":"2021-06-29T10:30:57","date_gmt":"2021-06-29T14:30:57","guid":{"rendered":"https:\/\/nouveau.maisonmallet.com\/?post_type=event&#038;p=22077"},"modified":"2021-07-06T14:54:33","modified_gmt":"2021-07-06T18:54:33","slug":"corriveau-edgar","status":"publish","type":"event","link":"https:\/\/nouveau.maisonmallet.com\/back05_01\/?event=corriveau-edgar","title":{"rendered":"CORRIVEAU, Edgar"},"content":{"rendered":"<p>1935 &#8211; 2021<\/p>\n<p>CORRIVEAU, Edgar<\/p>\n<p>&nbsp;<\/p>\n<p>C\u2019est avec regret que nous annon\u00e7ons le d\u00e9c\u00e8s d\u2019Edgar Corriveau \u00e0 l\u2019h\u00f4pital de Sept-Iles,\u00a0 le 27 juin 2021, des suites d\u2019une longue maladie. \u00c2g\u00e9 de 86 ans, il \u00e9tait l\u2019\u00e9poux de Gertrude Synnett.<\/p>\n<p>Les fun\u00e9railles de monsieur Edgar Corriveau auront lieu le jeudi 8 juillet 2021 \u00e0 10 h 30 en l\u2019\u00e9glise Marie-Immacul\u00e9e situ\u00e9e au 180, rue Papineau \u00e0 Sept-\u00celes et de l\u00e0 au cimeti\u00e8re Catholique de Sept-\u00celes.<\/p>\n<p>Selon ses volont\u00e9s, il a \u00e9t\u00e9 confi\u00e9 au cr\u00e9matorium de la maison Mallet &amp; fils pour cr\u00e9mation.<\/p>\n<p>La famille re\u00e7oit parents et amis le mercredi 7 juillet 2021 de 13 h \u00e0 16 h et de 19 h \u00e0 22 h. Le jeudi 8 juillet 2021 jour des fun\u00e9railles \u00e0 compter de 9 h au Complexe Thanatologique Mallet &amp; fils du 585 Boul. Laure \u00e0 Sept-\u00celes.<\/p>\n<p><strong><u>D\u00fb aux circonstances reli\u00e9es \u00e0 la pand\u00e9mie, vous pouvez venir pr\u00e9senter vos condol\u00e9ances en respectant la distanciation physique et le port du masque sera obligatoire.<\/u><\/strong><\/p>\n<p>Il laisse dans le deuil outre son \u00e9pouse madame Gertrude Synnett, la m\u00e8re de ses enfants Claire Beaudin et leurs enfants : Louis (Lyne), Andr\u00e9 (Guylaine), Julie (Jean-Paul) et France, ses petits-enfants : Jo\u00ebl, Emilie, Lucie, Daniel, Vicky, Andr\u00e9e-Ann, J\u00e9r\u00e9mie, Genevi\u00e8ve, Fr\u00e9d\u00e9rique et Samuel, ses beaux-enfants : Ren\u00e9, Mario (Diane), Julie (Alain), Claude (Jos\u00e9e) et leurs enfants : Sarah, \u00c9milie, No\u00e9mie, Alexandre, Jade, et Patrick, ses arri\u00e8res petits-enfants ainsi que sa s\u0153ur Blanche, ses fr\u00e8res : Robert (Paule), Omer (Suzan), feu Eug\u00e8ne (Pierrette), feu Raymond (Gracia) et de nombreux parents et amis.<\/p>\n<p>Vos marques de sympathie peuvent se traduire par un don \u00e0 l\u2019\u00c9lyme des sables <a href=\"http:\/\/www.elymedessables.com\">www.elymedessables.com<\/a><\/p>\n<p>La famille a confi\u00e9 la direction des fun\u00e9railles aux services professionnels de la Maison Mallet &amp; fils du 585 boul. Laure \u00e0 Sept-\u00celes, maintenant reconnue Distinction et membre de la Corporation des Thanatologues du Qu\u00e9bec.<\/p>\n<p>Vous pouvez consulter cet avis de d\u00e9c\u00e8s sur le <a href=\"https:\/\/nouveau.maisonmallet.com\/back05_01\">www.maisonmallet.com<\/a><\/p>\n<p>Ceux et celles qui le d\u00e9sirent, peuvent y envoyer des messages de sympathie.<\/p>\n<p>&nbsp;<\/p>\n<hr \/>\n<p>Envoyer vos condol\u00e9ances<\/p>\n<p>[contact-form to=\u00a0\u00bbgsynnett29@cgocable.ca\u00a0\u00bb subject=\u00a0\u00bbCondol\u00e9ances Edgar Corriveau\u00a0\u00bb][contact-field label=\u00a0\u00bbVotre nom\u00a0\u00bb type=\u00a0\u00bbname\u00a0\u00bb required=\u00a0\u00bb1&Prime;][contact-field label=\u00a0\u00bbVotre courriel\u00a0\u00bb type=\u00a0\u00bbemail\u00a0\u00bb required=\u00a0\u00bb1&Prime;][contact-field label=\u00a0\u00bbCondol\u00e9ances\u00a0\u00bb type=\u00a0\u00bbtextarea\u00a0\u00bb][\/contact-form]<\/p>\n","protected":false},"featured_media":22127,"template":"","event_cat":[6],"class_list":["post-22077","event","type-event","status-publish","has-post-thumbnail","hentry","event_cat-maison-mallet-et-fils-inc"],"_links":{"self":[{"href":"https:\/\/nouveau.maisonmallet.com\/back05_01\/index.php?rest_route=\/wp\/v2\/event\/22077","targetHints":{"allow":["GET"]}}],"collection":[{"href":"https:\/\/nouveau.maisonmallet.com\/back05_01\/index.php?rest_route=\/wp\/v2\/event"}],"about":[{"href":"https:\/\/nouveau.maisonmallet.com\/back05_01\/index.php?rest_route=\/wp\/v2\/types\/event"}],"wp:featuredmedia":[{"embeddable":true,"href":"https:\/\/nouveau.maisonmallet.com\/back05_01\/index.php?rest_route=\/wp\/v2\/media\/22127"}],"wp:attachment":[{"href":"https:\/\/nouveau.maisonmallet.com\/back05_01\/index.php?rest_route=%2Fwp%2Fv2%2Fmedia&parent=22077"}],"wp:term":[{"taxonomy":"event_cat","embeddable":true,"href":"https:\/\/nouveau.maisonmallet.com\/back05_01\/index.php?rest_route=%2Fwp%2Fv2%2Fevent_cat&post=22077"}],"curies":[{"name":"wp","href":"https:\/\/api.w.org\/{rel}","templated":true}]}}

<p>1935 &#8211; 2021</p>
<p>CORRIVEAU, Edgar</p>
<p>&nbsp;</p>
<p>C’est avec regret que nous annonçons le décès d’Edgar Corriveau à l’hôpital de Sept-Iles,  le 27 juin 2021, des suites d’une longue maladie. Âgé de 86 ans, il était l’époux de Gertrude Synnett.</p>
<p>Les funérailles de monsieur Edgar Corriveau auront lieu le jeudi 8 juillet 2021 à 10 h 30 en l’église Marie-Immaculée située au 180, rue Papineau à Sept-Îles et de là au cimetière Catholique de Sept-Îles.</p>
<p>Selon ses volontés, il a été confié au crématorium de la maison Mallet &amp; fils pour crémation.</p>
<p>La famille reçoit parents et amis le mercredi 7 juillet 2021 de 13 h à 16 h et de 19 h à 22 h. Le jeudi 8 juillet 2021 jour des funérailles à compter de 9 h au Complexe Thanatologique Mallet &amp; fils du 585 Boul. Laure à Sept-Îles.</p>
<p><strong><u>Dû aux circonstances reliées à la pandémie, vous pouvez venir présenter vos condoléances en respectant la distanciation physique et le port du masque sera obligatoire.</u></strong></p>
<p>Il laisse dans le deuil outre son épouse madame Gertrude Synnett, la mère de ses enfants Claire Beaudin et leurs enfants : Louis (Lyne), André (Guylaine), Julie (Jean-Paul) et France, ses petits-enfants : Joël, Emilie, Lucie, Daniel, Vicky, Andrée-Ann, Jérémie, Geneviève, Frédérique et Samuel, ses beaux-enfants : René, Mario (Diane), Julie (Alain), Claude (Josée) et leurs enfants : Sarah, Émilie, Noémie, Alexandre, Jade, et Patrick, ses arrières petits-enfants ainsi que sa sœur Blanche, ses frères : Robert (Paule), Omer (Suzan), feu Eugène (Pierrette), feu Raymond (Gracia) et de nombreux parents et amis.</p>
<p>Vos marques de sympathie peuvent se traduire par un don à l’Élyme des sables <a href="http://www.elymedessables.com">www.elymedessables.com</a></p>
<p>La famille a confié la direction des funérailles aux services professionnels de la Maison Mallet &amp; fils du 585 boul. Laure à Sept-Îles, maintenant reconnue Distinction et membre de la Corporation des Thanatologues du Québec.</p>
<p>Vous pouvez consulter cet avis de décès sur le <a href="https://nouveau.maisonmallet.com/back05_01">www.maisonmallet.com</a></p>
<p>Ceux et celles qui le désirent, peuvent y envoyer des messages de sympathie.</p>
<p>&nbsp;</p>
<hr />
<p>Envoyer vos condoléances</p>
<p>[contact-form to= »gsynnett29@cgocable.ca » subject= »Condoléances Edgar Corriveau »][contact-field label= »Votre nom » type= »name » required= »1&Prime;][contact-field label= »Votre courriel » type= »email » required= »1&Prime;][contact-field label= »Condoléances » type= »textarea »][/contact-form]</p>
