{"id":22234,"date":"2021-02-18T13:12:59","date_gmt":"2021-02-18T18:12:59","guid":{"rendered":"https:\/\/nouveau.maisonmallet.com\/?post_type=event&#038;p=22234"},"modified":"2021-08-30T20:23:01","modified_gmt":"2021-08-31T00:23:01","slug":"vallee-therese-levesque","status":"publish","type":"event","link":"https:\/\/nouveau.maisonmallet.com\/back05_01\/?event=vallee-therese-levesque","title":{"rendered":"VALL\u00c9E, Th\u00e9r\u00e8se (L\u00e9vesque)"},"content":{"rendered":"<p>1927 \u2013 2021<br \/>\nVALL\u00c9E, Th\u00e9r\u00e8se (L\u00e9vesque)<\/p>\n<p>&nbsp;<\/p>\n<p>\u00c0 Sept-\u00celes (maison \u00c9lyme des sables), le 18 f\u00e9vrier 2021, est d\u00e9c\u00e9d\u00e9e \u00e0 l\u2019\u00e2ge de 94 ans, madame Th\u00e9r\u00e8se Vall\u00e9e \u00e9pouse de feu Jean-Baptiste L\u00e9vesque et domicili\u00e9e \u00e0 Sept-\u00celes.<\/p>\n<p>Les fun\u00e9railles de madame Th\u00e9r\u00e8se Vall\u00e9e L\u00e9vesque auront lieu le samedi 24 juillet 2021 \u00e0 14 h en l\u2019\u00e9glise St-Joseph situ\u00e9e au 535, ave. Brochu \u00e0 Sept-\u00celes et de l\u00e0 au cimeti\u00e8re Catholique de Sept-\u00celes.<\/p>\n<p>Selon ses volont\u00e9s, elle a \u00e9t\u00e9 confi\u00e9e au cr\u00e9matorium de la Maison Mallet &amp; fils pour cr\u00e9mation.<\/p>\n<p>La famille re\u00e7oit parents et amis le vendredi 23 juillet 2021 de 13 h \u00e0 16 h et de 19 h \u00e0 22 h. Le samedi 24 juillet 2021 jour des fun\u00e9railles \u00e0 compter de 12 h 30 h au Complexe Thanatologique Mallet &amp; fils du 585, boul. Laure \u00e0 Sept-\u00celes.<\/p>\n<p><strong><u>D\u00fb aux circonstances reli\u00e9es \u00e0 la pand\u00e9mie, vous pouvez venir pr\u00e9senter vos condol\u00e9ances en respectant la distanciation physique et le port du masque sera obligatoire.<\/u><\/strong><\/p>\n<p>Elle laisse dans le deuil ses filles : Jeanne (feu Bernard Fortin, feu Raynald L\u00e9vesque) et Louise, ses petits-fils : Richard (Jessica Gravel) et Guy (Cindy Francoeur), ses petites-filles : Carmen, Vicky (\u00c9ric Ouellet), Nancy et Caroline (Jonathan Th\u00e9riault), ses arri\u00e8re-petits-enfants : Mike, Jake, Liam, Sophie, Ma\u00efna, Juliane, Olivia, Marc-Andr\u00e9, Alysanne, Lydia, Jimmy, Anne-Marie, Vincent, Isaac ainsi que sa s\u0153ur Rolande, ses fr\u00e8res : Lucien (Simone Vall\u00e9e), Patrick (Simone Mallet) et Julien (Marielle Fournier), ses beaux-fr\u00e8res, ses belles-s\u0153urs, ses neveux, ses ni\u00e8ces, ses cousins, ses cousines, et de nombreux ami(e)s.<\/p>\n<p>Elle \u00e9tait la m\u00e8re de feu Andr\u00e9 (L\u00e9onie Girard) et de feu Jean-Marie (Louise Turbis) et la grand-m\u00e8re de feue Anne L\u00e9vesque la fille d&rsquo;Andr\u00e9.<\/p>\n<p>Vos marques de sympathie peuvent se traduire par un don \u00e0 l\u2019\u00c9lyme des sables www.elymedessables.com et ou \u00e0 La fondation r\u00e9gionale h\u00f4pital Sept-\u00celes www.fondationsept-iles.qc.ca<\/p>\n<p>La famille a confi\u00e9 la direction des fun\u00e9railles aux services professionnels de la Maison Mallet &amp; fils du 585 Boul. Laure \u00e0 Sept-\u00celes, maintenant reconnue Distinction et membre de la Corporation des Thanatologues du Qu\u00e9bec.<\/p>\n<p>Vous pouvez consulter cet avis de d\u00e9c\u00e8s sur le : www.maisonmallet.com<\/p>\n<p>Ceux et celles qui le d\u00e9sirent, peuvent y envoyer des messages de sympathie.<\/p>\n<p>&nbsp;<\/p>\n<hr \/>\n<p>Envoyer vos condol\u00e9ances<\/p>\n<p>[contact-form to=\u00a0\u00bblouleve@videotron.ca\u00a0\u00bb subject=\u00a0\u00bbCondol\u00e9ances Th\u00e9r\u00e8se Vall\u00e9e\u00a0\u00bb][contact-field label=\u00a0\u00bbVotre nom\u00a0\u00bb type=\u00a0\u00bbname\u00a0\u00bb required=\u00a0\u00bb1&Prime;][contact-field label=\u00a0\u00bbVotre courriel\u00a0\u00bb type=\u00a0\u00bbemail\u00a0\u00bb required=\u00a0\u00bb1&Prime;][contact-field label=\u00a0\u00bbCondol\u00e9ances\u00a0\u00bb type=\u00a0\u00bbtextarea\u00a0\u00bb][\/contact-form]<\/p>\n","protected":false},"featured_media":22236,"template":"","event_cat":[6],"class_list":["post-22234","event","type-event","status-publish","has-post-thumbnail","hentry","event_cat-maison-mallet-et-fils-inc"],"_links":{"self":[{"href":"https:\/\/nouveau.maisonmallet.com\/back05_01\/index.php?rest_route=\/wp\/v2\/event\/22234","targetHints":{"allow":["GET"]}}],"collection":[{"href":"https:\/\/nouveau.maisonmallet.com\/back05_01\/index.php?rest_route=\/wp\/v2\/event"}],"about":[{"href":"https:\/\/nouveau.maisonmallet.com\/back05_01\/index.php?rest_route=\/wp\/v2\/types\/event"}],"wp:featuredmedia":[{"embeddable":true,"href":"https:\/\/nouveau.maisonmallet.com\/back05_01\/index.php?rest_route=\/wp\/v2\/media\/22236"}],"wp:attachment":[{"href":"https:\/\/nouveau.maisonmallet.com\/back05_01\/index.php?rest_route=%2Fwp%2Fv2%2Fmedia&parent=22234"}],"wp:term":[{"taxonomy":"event_cat","embeddable":true,"href":"https:\/\/nouveau.maisonmallet.com\/back05_01\/index.php?rest_route=%2Fwp%2Fv2%2Fevent_cat&post=22234"}],"curies":[{"name":"wp","href":"https:\/\/api.w.org\/{rel}","templated":true}]}}

VALLÉE, Thérèse (Lévesque)

<p>1927 – 2021<br />
VALLÉE, Thérèse (Lévesque)</p>
<p>&nbsp;</p>
<p>À Sept-Îles (maison Élyme des sables), le 18 février 2021, est décédée à l’âge de 94 ans, madame Thérèse Vallée épouse de feu Jean-Baptiste Lévesque et domiciliée à Sept-Îles.</p>
<p>Les funérailles de madame Thérèse Vallée Lévesque auront lieu le samedi 24 juillet 2021 à 14 h en l’église St-Joseph située au 535, ave. Brochu à Sept-Îles et de là au cimetière Catholique de Sept-Îles.</p>
<p>Selon ses volontés, elle a été confiée au crématorium de la Maison Mallet &amp; fils pour crémation.</p>
<p>La famille reçoit parents et amis le vendredi 23 juillet 2021 de 13 h à 16 h et de 19 h à 22 h. Le samedi 24 juillet 2021 jour des funérailles à compter de 12 h 30 h au Complexe Thanatologique Mallet &amp; fils du 585, boul. Laure à Sept-Îles.</p>
<p><strong><u>Dû aux circonstances reliées à la pandémie, vous pouvez venir présenter vos condoléances en respectant la distanciation physique et le port du masque sera obligatoire.</u></strong></p>
<p>Elle laisse dans le deuil ses filles : Jeanne (feu Bernard Fortin, feu Raynald Lévesque) et Louise, ses petits-fils : Richard (Jessica Gravel) et Guy (Cindy Francoeur), ses petites-filles : Carmen, Vicky (Éric Ouellet), Nancy et Caroline (Jonathan Thériault), ses arrière-petits-enfants : Mike, Jake, Liam, Sophie, Maïna, Juliane, Olivia, Marc-André, Alysanne, Lydia, Jimmy, Anne-Marie, Vincent, Isaac ainsi que sa sœur Rolande, ses frères : Lucien (Simone Vallée), Patrick (Simone Mallet) et Julien (Marielle Fournier), ses beaux-frères, ses belles-sœurs, ses neveux, ses nièces, ses cousins, ses cousines, et de nombreux ami(e)s.</p>
<p>Elle était la mère de feu André (Léonie Girard) et de feu Jean-Marie (Louise Turbis) et la grand-mère de feue Anne Lévesque la fille d&rsquo;André.</p>
<p>Vos marques de sympathie peuvent se traduire par un don à l’Élyme des sables www.elymedessables.com et ou à La fondation régionale hôpital Sept-Îles www.fondationsept-iles.qc.ca</p>
<p>La famille a confié la direction des funérailles aux services professionnels de la Maison Mallet &amp; fils du 585 Boul. Laure à Sept-Îles, maintenant reconnue Distinction et membre de la Corporation des Thanatologues du Québec.</p>
<p>Vous pouvez consulter cet avis de décès sur le : www.maisonmallet.com</p>
<p>Ceux et celles qui le désirent, peuvent y envoyer des messages de sympathie.</p>
<p>&nbsp;</p>
<hr />
<p>Envoyer vos condoléances</p>
<p>[contact-form to= »louleve@videotron.ca » subject= »Condoléances Thérèse Vallée »][contact-field label= »Votre nom » type= »name » required= »1&Prime;][contact-field label= »Votre courriel » type= »email » required= »1&Prime;][contact-field label= »Condoléances » type= »textarea »][/contact-form]</p>
