{"id":22274,"date":"2021-09-07T09:10:48","date_gmt":"2021-09-07T13:10:48","guid":{"rendered":"https:\/\/nouveau.maisonmallet.com\/?post_type=event&#038;p=22274"},"modified":"2021-09-07T09:12:57","modified_gmt":"2021-09-07T13:12:57","slug":"ward-jean-luc","status":"publish","type":"event","link":"https:\/\/nouveau.maisonmallet.com\/back05_01\/?event=ward-jean-luc","title":{"rendered":"WARD, Jean-Luc"},"content":{"rendered":"<p>1946-2021<\/p>\n<p>Ward, Jean-Luc<\/p>\n<p>\u00c0 Havre-Saint-Pierre, le 4 juillet 2021, est d\u00e9c\u00e9d\u00e9 \u00e0 l\u2019\u00e2ge de 75 ans et 3 mois, monsieur Jean-Luc Ward \u00e9poux de madame Francine Gallant et domicili\u00e9 \u00e0 Longue-Pointe-de-Mingan.<\/p>\n<p>Les fun\u00e9railles de monsieur Jean-Luc Ward aura lieu le vendredi 10 septembre 2021 \u00e0 14 h en l\u2019\u00c9glise Saint-Fran\u00e7ois d\u2019Assise de Longue-Pointe-de-Mingan et de l\u00e0 au cimeti\u00e8re de l\u2019endroit.<\/p>\n<p>Selon ses volont\u00e9s, il a \u00e9t\u00e9 confi\u00e9 au cr\u00e9matorium de la Maison L.J.G. Mallet pour cr\u00e9mation.<\/p>\n<p>La famille re\u00e7oit parents et amis le vendredi 10 septembre 2021 \u00e0 compter de 13 h \u00e0 l\u2019\u00c9glise Saint-Fran\u00e7ois d\u2019Assise de Longue-Pointe-de-Mingan.<\/p>\n<p><strong>D\u00fb aux circonstances reli\u00e9es \u00e0 la pand\u00e9mie, vous pouvez venir pr\u00e9senter vos condol\u00e9ances en respectant la distanciation physique et le port du masque sera obligatoire.<\/strong><\/p>\n<p>Il laisse dans le deuil outre son \u00e9pouse madame Francine Gallant, ses fils : Kent (Yana Boucher), Jacky (M\u00e9lanie Mallet) et Barry (Bianca Vibert), sa petite fille Laurence Ward, ses fr\u00e8res : Marius (Christiane Boudreau) et Mario (Sylvaine Scherrer), ses s\u0153urs : Huguette, Linda (Aur\u00e8le Bernatchez), Marjolaine (Jean Bond), Johanna (Val\u00e8re Jomphe) et Claire (Richard Maltais), ses beaux-fr\u00e8res, belles-s\u0153urs, ses neveux, ses ni\u00e8ces et ainsi que nombreux ami(e)s.<\/p>\n<p>Vos marques de sympathie peuvent se traduire par un don \u00e0 la Fondation du centre de sant\u00e9 de la Minganie.<\/p>\n<p>La famille a confi\u00e9 les arrangements fun\u00e9raires aux services professionnels de la Maison L.J.G. Mallet du 1429, rue du Canot \u00e0 Havre-Saint-Pierre, maintenant reconnue Distinction et membre de la Corporation des Thanatologues du Qu\u00e9bec.<\/p>\n<p>Vous pouvez consulter cet avis de d\u00e9c\u00e8s sur le <a href=\"https:\/\/nouveau.maisonmallet.com\/back05_01\">www.maisonmallet.com<\/a><\/p>\n<p>Ceux et celles qui le d\u00e9sirent, peuvent y envoyer des messages de sympathie.<\/p>\n<p>&nbsp;<\/p>\n<hr \/>\n<p>Envoyer vos condol\u00e9ances<\/p>\n<p>[contact-form to=\u00a0\u00bbwardjack37@hotmail.com\u00a0\u00bb subject=\u00a0\u00bbCondol\u00e9ances Jean-Luc Ward\u00a0\u00bb][contact-field label=\u00a0\u00bbVotre nom\u00a0\u00bb type=\u00a0\u00bbname\u00a0\u00bb required=\u00a0\u00bb1&Prime;][contact-field label=\u00a0\u00bbVotre courriel\u00a0\u00bb type=\u00a0\u00bbemail\u00a0\u00bb required=\u00a0\u00bb1&Prime;][contact-field label=\u00a0\u00bbCondol\u00e9ances\u00a0\u00bb type=\u00a0\u00bbtextarea\u00a0\u00bb][\/contact-form]<\/p>\n","protected":false},"featured_media":22308,"template":"","event_cat":[7],"class_list":["post-22274","event","type-event","status-publish","has-post-thumbnail","hentry","event_cat-maison-l-j-g-mallet-inc"],"_links":{"self":[{"href":"https:\/\/nouveau.maisonmallet.com\/back05_01\/index.php?rest_route=\/wp\/v2\/event\/22274","targetHints":{"allow":["GET"]}}],"collection":[{"href":"https:\/\/nouveau.maisonmallet.com\/back05_01\/index.php?rest_route=\/wp\/v2\/event"}],"about":[{"href":"https:\/\/nouveau.maisonmallet.com\/back05_01\/index.php?rest_route=\/wp\/v2\/types\/event"}],"wp:featuredmedia":[{"embeddable":true,"href":"https:\/\/nouveau.maisonmallet.com\/back05_01\/index.php?rest_route=\/wp\/v2\/media\/22308"}],"wp:attachment":[{"href":"https:\/\/nouveau.maisonmallet.com\/back05_01\/index.php?rest_route=%2Fwp%2Fv2%2Fmedia&parent=22274"}],"wp:term":[{"taxonomy":"event_cat","embeddable":true,"href":"https:\/\/nouveau.maisonmallet.com\/back05_01\/index.php?rest_route=%2Fwp%2Fv2%2Fevent_cat&post=22274"}],"curies":[{"name":"wp","href":"https:\/\/api.w.org\/{rel}","templated":true}]}}

<p>1946-2021</p>
<p>Ward, Jean-Luc</p>
<p>À Havre-Saint-Pierre, le 4 juillet 2021, est décédé à l’âge de 75 ans et 3 mois, monsieur Jean-Luc Ward époux de madame Francine Gallant et domicilié à Longue-Pointe-de-Mingan.</p>
<p>Les funérailles de monsieur Jean-Luc Ward aura lieu le vendredi 10 septembre 2021 à 14 h en l’Église Saint-François d’Assise de Longue-Pointe-de-Mingan et de là au cimetière de l’endroit.</p>
<p>Selon ses volontés, il a été confié au crématorium de la Maison L.J.G. Mallet pour crémation.</p>
<p>La famille reçoit parents et amis le vendredi 10 septembre 2021 à compter de 13 h à l’Église Saint-François d’Assise de Longue-Pointe-de-Mingan.</p>
<p><strong>Dû aux circonstances reliées à la pandémie, vous pouvez venir présenter vos condoléances en respectant la distanciation physique et le port du masque sera obligatoire.</strong></p>
<p>Il laisse dans le deuil outre son épouse madame Francine Gallant, ses fils : Kent (Yana Boucher), Jacky (Mélanie Mallet) et Barry (Bianca Vibert), sa petite fille Laurence Ward, ses frères : Marius (Christiane Boudreau) et Mario (Sylvaine Scherrer), ses sœurs : Huguette, Linda (Aurèle Bernatchez), Marjolaine (Jean Bond), Johanna (Valère Jomphe) et Claire (Richard Maltais), ses beaux-frères, belles-sœurs, ses neveux, ses nièces et ainsi que nombreux ami(e)s.</p>
<p>Vos marques de sympathie peuvent se traduire par un don à la Fondation du centre de santé de la Minganie.</p>
<p>La famille a confié les arrangements funéraires aux services professionnels de la Maison L.J.G. Mallet du 1429, rue du Canot à Havre-Saint-Pierre, maintenant reconnue Distinction et membre de la Corporation des Thanatologues du Québec.</p>
<p>Vous pouvez consulter cet avis de décès sur le <a href="https://nouveau.maisonmallet.com/back05_01">www.maisonmallet.com</a></p>
<p>Ceux et celles qui le désirent, peuvent y envoyer des messages de sympathie.</p>
<p>&nbsp;</p>
<hr />
<p>Envoyer vos condoléances</p>
<p>[contact-form to= »wardjack37@hotmail.com » subject= »Condoléances Jean-Luc Ward »][contact-field label= »Votre nom » type= »name » required= »1&Prime;][contact-field label= »Votre courriel » type= »email » required= »1&Prime;][contact-field label= »Condoléances » type= »textarea »][/contact-form]</p>
