{"id":22335,"date":"2021-07-06T09:07:12","date_gmt":"2021-07-06T13:07:12","guid":{"rendered":"https:\/\/nouveau.maisonmallet.com\/?post_type=event&#038;p=22335"},"modified":"2021-08-30T20:21:04","modified_gmt":"2021-08-31T00:21:04","slug":"modele-nom-prenom-36","status":"publish","type":"event","link":"https:\/\/nouveau.maisonmallet.com\/back05_01\/?event=modele-nom-prenom-36","title":{"rendered":"WARD, Johnson"},"content":{"rendered":"<p>Ward, Johnson<\/p>\n<p>1949 &#8211; 2021<\/p>\n<p>\u00c0 Longue-Pointe-de-Mingan, le 6 juillet 2021, est d\u00e9c\u00e9d\u00e9 \u00e0 l\u2019\u00e2ge de 72 ans, monsieur Johnson Ward \u00e9poux de madame Suzanne Vibert domicili\u00e9 \u00e0 Longue-Pointe-de-Mingan.<\/p>\n<p>Selon ses volont\u00e9s, il a \u00e9t\u00e9 confi\u00e9 au cr\u00e9matorium de la Maison L.J.G. Mallet pour cr\u00e9mation.<\/p>\n<p>Il laisse dans le deuil outre son \u00e9pouse madame Suzanne Vibert, sa petite fille Kelly-Ann, sa s\u0153ur Linda (John Vibert), ses fr\u00e8res : Claude (Ga\u00e9tane Beaudin) et Fernand (feue Reina Ferlatte), beaux-fr\u00e8res, belles-s\u0153urs, ses neveux, ses ni\u00e8ces et ainsi que de nombreux ami(e)s.<\/p>\n<p>Il \u00e9tait le p\u00e8re de feu Yanick et feu Fran\u00e7ois (Karine Chiasson)<\/p>\n<p>Vos marques de sympathie peuvent se traduire par un don \u00e0 Ataxie Canada 4388, rue Saint-Denis, suite 200 Montr\u00e9al Qc H2J 2L1.<\/p>\n<p>La famille a confi\u00e9 les arrangements aux services professionnels de la Maison L.J.G. Mallet du 1429, rue du Canot \u00e0 Havre-Saint-Pierre, maintenant reconnue Distinction et membre de la Corporation des Thanatologues du Qu\u00e9bec.<\/p>\n<p>Vous pouvez consulter cet avis de d\u00e9c\u00e8s sur le\u00a0: <a href=\"https:\/\/nouveau.maisonmallet.com\/back05_01\">www.maisonmallet.com<\/a><\/p>\n<p>Ceux et celles qui le d\u00e9sirent, peuvent y envoyer des messages de sympathie.<\/p>\n<p>&nbsp;<\/p>\n<hr \/>\n<p>Envoyer vos condol\u00e9ances<\/p>\n<p>[contact-form to=\u00a0\u00bbmonavail@hotmail.com\u00a0\u00bb subject=\u00a0\u00bbCondol\u00e9ances Johnson Ward\u00a0\u00bb][contact-field label=\u00a0\u00bbVotre nom\u00a0\u00bb type=\u00a0\u00bbname\u00a0\u00bb required=\u00a0\u00bb1&Prime;][contact-field label=\u00a0\u00bbVotre courriel\u00a0\u00bb type=\u00a0\u00bbemail\u00a0\u00bb required=\u00a0\u00bb1&Prime;][contact-field label=\u00a0\u00bbCondol\u00e9ances\u00a0\u00bb type=\u00a0\u00bbtextarea\u00a0\u00bb][\/contact-form]<\/p>\n","protected":false},"featured_media":22339,"template":"","event_cat":[7],"class_list":["post-22335","event","type-event","status-publish","has-post-thumbnail","hentry","event_cat-maison-l-j-g-mallet-inc"],"_links":{"self":[{"href":"https:\/\/nouveau.maisonmallet.com\/back05_01\/index.php?rest_route=\/wp\/v2\/event\/22335","targetHints":{"allow":["GET"]}}],"collection":[{"href":"https:\/\/nouveau.maisonmallet.com\/back05_01\/index.php?rest_route=\/wp\/v2\/event"}],"about":[{"href":"https:\/\/nouveau.maisonmallet.com\/back05_01\/index.php?rest_route=\/wp\/v2\/types\/event"}],"wp:featuredmedia":[{"embeddable":true,"href":"https:\/\/nouveau.maisonmallet.com\/back05_01\/index.php?rest_route=\/wp\/v2\/media\/22339"}],"wp:attachment":[{"href":"https:\/\/nouveau.maisonmallet.com\/back05_01\/index.php?rest_route=%2Fwp%2Fv2%2Fmedia&parent=22335"}],"wp:term":[{"taxonomy":"event_cat","embeddable":true,"href":"https:\/\/nouveau.maisonmallet.com\/back05_01\/index.php?rest_route=%2Fwp%2Fv2%2Fevent_cat&post=22335"}],"curies":[{"name":"wp","href":"https:\/\/api.w.org\/{rel}","templated":true}]}}

<p>Ward, Johnson</p>
<p>1949 &#8211; 2021</p>
<p>À Longue-Pointe-de-Mingan, le 6 juillet 2021, est décédé à l’âge de 72 ans, monsieur Johnson Ward époux de madame Suzanne Vibert domicilié à Longue-Pointe-de-Mingan.</p>
<p>Selon ses volontés, il a été confié au crématorium de la Maison L.J.G. Mallet pour crémation.</p>
<p>Il laisse dans le deuil outre son épouse madame Suzanne Vibert, sa petite fille Kelly-Ann, sa sœur Linda (John Vibert), ses frères : Claude (Gaétane Beaudin) et Fernand (feue Reina Ferlatte), beaux-frères, belles-sœurs, ses neveux, ses nièces et ainsi que de nombreux ami(e)s.</p>
<p>Il était le père de feu Yanick et feu François (Karine Chiasson)</p>
<p>Vos marques de sympathie peuvent se traduire par un don à Ataxie Canada 4388, rue Saint-Denis, suite 200 Montréal Qc H2J 2L1.</p>
<p>La famille a confié les arrangements aux services professionnels de la Maison L.J.G. Mallet du 1429, rue du Canot à Havre-Saint-Pierre, maintenant reconnue Distinction et membre de la Corporation des Thanatologues du Québec.</p>
<p>Vous pouvez consulter cet avis de décès sur le : <a href="https://nouveau.maisonmallet.com/back05_01">www.maisonmallet.com</a></p>
<p>Ceux et celles qui le désirent, peuvent y envoyer des messages de sympathie.</p>
<p>&nbsp;</p>
<hr />
<p>Envoyer vos condoléances</p>
<p>[contact-form to= »monavail@hotmail.com » subject= »Condoléances Johnson Ward »][contact-field label= »Votre nom » type= »name » required= »1&Prime;][contact-field label= »Votre courriel » type= »email » required= »1&Prime;][contact-field label= »Condoléances » type= »textarea »][/contact-form]</p>
