{"id":22338,"date":"2021-06-29T16:42:12","date_gmt":"2021-06-29T20:42:12","guid":{"rendered":"https:\/\/nouveau.maisonmallet.com\/?post_type=event&#038;p=22338"},"modified":"2021-08-30T20:20:44","modified_gmt":"2021-08-31T00:20:44","slug":"modele-nom-prenom-37","status":"publish","type":"event","link":"https:\/\/nouveau.maisonmallet.com\/back05_01\/?event=modele-nom-prenom-37","title":{"rendered":"ANTONGIOVANNI, Paolo"},"content":{"rendered":"<p>1928 &#8211; 2021<\/p>\n<p>ANTONGIOVANNI, Paolo<\/p>\n<p>&nbsp;<\/p>\n<p>\u00c0 Sept-\u00celes, le 29 juin 2021, est d\u00e9c\u00e9d\u00e9 \u00e0 l\u2019\u00e2ge de 92 ans, monsieur Paolo Antongiovanni conjoint de feue Gis\u00e8le Richard, p\u00e8re de feue Sandra Antongiovanni et domicili\u00e9 \u00e0 Sept-\u00celes.<\/p>\n<p>Selon ses volont\u00e9s, il a \u00e9t\u00e9 confi\u00e9 au cr\u00e9matorium de la maison Mallet &amp; fils pour cr\u00e9mation.<\/p>\n<p>Il laisse dans le deuil son beau-fils Andr\u00e9 St-Pierre (Marjolaine Proulx), sa petite-fille Marie-Andr\u00e9e (Christophe Haerlingen), ses petits-fils\u00a0: Michel-Olivier (Val\u00e9rie Lajeunesse-Lavoie) et Jean-Christophe, ses arri\u00e8re-petits-fils\u00a0: Logan et Hayden ainsi que ses beaux-fr\u00e8res, ses belles-s\u0153urs, ses neveux\u00a0: Pierluigi Antongiovanni (Marinella Polacchi), Claudio Antongiovanni (Monica Paganelli) et Guido Antongiovanni, sa ni\u00e8ce Nadia Antongiovanni et de nombreux ami(e)s.<\/p>\n<p>Une mention toute sp\u00e9ciale \u00e0 Danielle Proulx, aidante naturelle, pour tous les bons soins prodigu\u00e9s et son d\u00e9vouement envers lui.\u00a0 Un merci \u00e9galement \u00e0 tout le personnel infirmier de l\u2019H\u00f4pital des Sept-Iles pour \u00a0leur soutien ainsi que leur professionnalisme.<\/p>\n<p>La famille a confi\u00e9 les arrangements aux services professionnels de la Maison Mallet &amp; fils du 585 Boul. Laure \u00e0 Sept-\u00celes, maintenant reconnue Distinction et membre de la Corporation des Thanatologues du Qu\u00e9bec.<\/p>\n<p>Vous pouvez consulter cet avis de d\u00e9c\u00e8s sur le <a href=\"https:\/\/nouveau.maisonmallet.com\/back05_01\">www.maisonmallet.com<\/a><\/p>\n<p>Ceux et celles qui le d\u00e9sirent, peuvent y envoyer des messages de sympathie.<\/p>\n<p>&nbsp;<\/p>\n<p>1928 &#8211; 2021<\/p>\n<p>ANTONGIOVANNI, Paolo<\/p>\n<p>&nbsp;<\/p>\n<p>A Sept-Iles, nel giugno 2021, \u00e8 deceduto all&rsquo;et\u00e0 di 92 anni, il signor Paolo Antongiovanni coniuge della defunta Gis\u00e8le Richard, padre della defunta Sandra Antongiovanni e residente a Sept-\u00celes.<\/p>\n<p>Secondo i suoi desideri, \u00e8 stato affidato al crematorio della casa Mallet &amp; fils per la cremazione.<\/p>\n<p>Gli sopravvissero il genero Andr\u00e9 St-Pierre (Marjolaine Proulx), sua nipote Marie-Andr\u00e9e (Christophe Haerlingen), i suoi nipoti: Michel-Olivier (Val\u00e9rie Lajeunesse-Lavoie) e Jean-Christophe, i suoi pronipoti: Logan e Hayden cos\u00ec come i cognati, le suore, i nipoti: Pierluigi Antongiovanni (Marinella Polacchi), Claudio Antongiovanni (Monica Paganelli) e Guido Antongiovanni, sua nipote Nadia Antongiovanni e molti amici.<\/p>\n<p>Una menzione speciale a Danielle Proulx, una badante, per tutta la buona cura fornita e la sua dedizione a lui.\u00a0 Un grazie anche a tutto il personale infermieristico dell&rsquo;Ospedale Sept-Iles per il supporto e la professionalit\u00e0.<\/p>\n<p>La famiglia affid\u00f2 gli accordi ai servizi professionali della Maison Mallet &amp; fils del 585 Boul. Laure di Sept-\u00celes, ora riconosciuta come Distinction e membro della Corporation des Thanatologues du Qu\u00e9bec.<\/p>\n<p>Puoi vedere questo avviso di morte sul <a href=\"https:\/\/ssl.microsofttranslator.com\/bv.aspx?ref=TAns&amp;from=&amp;to=it&amp;a=www.maisonmallet.com\">www.maisonmallet.com<\/a><\/p>\n<p>Coloro che lo desiderano possono inviare messaggi di solidariet\u00e0.<\/p>\n<p>&nbsp;<\/p>\n<hr \/>\n<p>Envoyer vos condol\u00e9ances<\/p>\n<p>[contact-form to=\u00a0\u00bbmarjolaine_proulx@hotmail.com\u00a0\u00bb subject=\u00a0\u00bbCondol\u00e9ances Paolo antongiovanni\u00a0\u00bb][contact-field label=\u00a0\u00bbVotre nom\u00a0\u00bb type=\u00a0\u00bbname\u00a0\u00bb required=\u00a0\u00bb1&Prime;][contact-field label=\u00a0\u00bbVotre courriel\u00a0\u00bb type=\u00a0\u00bbemail\u00a0\u00bb required=\u00a0\u00bb1&Prime;][contact-field label=\u00a0\u00bbCondol\u00e9ances\u00a0\u00bb type=\u00a0\u00bbtextarea\u00a0\u00bb][\/contact-form]<\/p>\n","protected":false},"featured_media":22356,"template":"","event_cat":[6],"class_list":["post-22338","event","type-event","status-publish","has-post-thumbnail","hentry","event_cat-maison-mallet-et-fils-inc"],"_links":{"self":[{"href":"https:\/\/nouveau.maisonmallet.com\/back05_01\/index.php?rest_route=\/wp\/v2\/event\/22338","targetHints":{"allow":["GET"]}}],"collection":[{"href":"https:\/\/nouveau.maisonmallet.com\/back05_01\/index.php?rest_route=\/wp\/v2\/event"}],"about":[{"href":"https:\/\/nouveau.maisonmallet.com\/back05_01\/index.php?rest_route=\/wp\/v2\/types\/event"}],"wp:featuredmedia":[{"embeddable":true,"href":"https:\/\/nouveau.maisonmallet.com\/back05_01\/index.php?rest_route=\/wp\/v2\/media\/22356"}],"wp:attachment":[{"href":"https:\/\/nouveau.maisonmallet.com\/back05_01\/index.php?rest_route=%2Fwp%2Fv2%2Fmedia&parent=22338"}],"wp:term":[{"taxonomy":"event_cat","embeddable":true,"href":"https:\/\/nouveau.maisonmallet.com\/back05_01\/index.php?rest_route=%2Fwp%2Fv2%2Fevent_cat&post=22338"}],"curies":[{"name":"wp","href":"https:\/\/api.w.org\/{rel}","templated":true}]}}

<p>1928 &#8211; 2021</p>
<p>ANTONGIOVANNI, Paolo</p>
<p>&nbsp;</p>
<p>À Sept-Îles, le 29 juin 2021, est décédé à l’âge de 92 ans, monsieur Paolo Antongiovanni conjoint de feue Gisèle Richard, père de feue Sandra Antongiovanni et domicilié à Sept-Îles.</p>
<p>Selon ses volontés, il a été confié au crématorium de la maison Mallet &amp; fils pour crémation.</p>
<p>Il laisse dans le deuil son beau-fils André St-Pierre (Marjolaine Proulx), sa petite-fille Marie-Andrée (Christophe Haerlingen), ses petits-fils : Michel-Olivier (Valérie Lajeunesse-Lavoie) et Jean-Christophe, ses arrière-petits-fils : Logan et Hayden ainsi que ses beaux-frères, ses belles-sœurs, ses neveux : Pierluigi Antongiovanni (Marinella Polacchi), Claudio Antongiovanni (Monica Paganelli) et Guido Antongiovanni, sa nièce Nadia Antongiovanni et de nombreux ami(e)s.</p>
<p>Une mention toute spéciale à Danielle Proulx, aidante naturelle, pour tous les bons soins prodigués et son dévouement envers lui.  Un merci également à tout le personnel infirmier de l’Hôpital des Sept-Iles pour  leur soutien ainsi que leur professionnalisme.</p>
<p>La famille a confié les arrangements aux services professionnels de la Maison Mallet &amp; fils du 585 Boul. Laure à Sept-Îles, maintenant reconnue Distinction et membre de la Corporation des Thanatologues du Québec.</p>
<p>Vous pouvez consulter cet avis de décès sur le <a href="https://nouveau.maisonmallet.com/back05_01">www.maisonmallet.com</a></p>
<p>Ceux et celles qui le désirent, peuvent y envoyer des messages de sympathie.</p>
<p>&nbsp;</p>
<p>1928 &#8211; 2021</p>
<p>ANTONGIOVANNI, Paolo</p>
<p>&nbsp;</p>
<p>A Sept-Iles, nel giugno 2021, è deceduto all&rsquo;età di 92 anni, il signor Paolo Antongiovanni coniuge della defunta Gisèle Richard, padre della defunta Sandra Antongiovanni e residente a Sept-Îles.</p>
<p>Secondo i suoi desideri, è stato affidato al crematorio della casa Mallet &amp; fils per la cremazione.</p>
<p>Gli sopravvissero il genero André St-Pierre (Marjolaine Proulx), sua nipote Marie-Andrée (Christophe Haerlingen), i suoi nipoti: Michel-Olivier (Valérie Lajeunesse-Lavoie) e Jean-Christophe, i suoi pronipoti: Logan e Hayden così come i cognati, le suore, i nipoti: Pierluigi Antongiovanni (Marinella Polacchi), Claudio Antongiovanni (Monica Paganelli) e Guido Antongiovanni, sua nipote Nadia Antongiovanni e molti amici.</p>
<p>Una menzione speciale a Danielle Proulx, una badante, per tutta la buona cura fornita e la sua dedizione a lui.  Un grazie anche a tutto il personale infermieristico dell&rsquo;Ospedale Sept-Iles per il supporto e la professionalità.</p>
<p>La famiglia affidò gli accordi ai servizi professionali della Maison Mallet &amp; fils del 585 Boul. Laure di Sept-Îles, ora riconosciuta come Distinction e membro della Corporation des Thanatologues du Québec.</p>
<p>Puoi vedere questo avviso di morte sul <a href="https://ssl.microsofttranslator.com/bv.aspx?ref=TAns&amp;from=&amp;to=it&amp;a=www.maisonmallet.com">www.maisonmallet.com</a></p>
<p>Coloro che lo desiderano possono inviare messaggi di solidarietà.</p>
<p>&nbsp;</p>
<hr />
<p>Envoyer vos condoléances</p>
<p>[contact-form to= »marjolaine_proulx@hotmail.com » subject= »Condoléances Paolo antongiovanni »][contact-field label= »Votre nom » type= »name » required= »1&Prime;][contact-field label= »Votre courriel » type= »email » required= »1&Prime;][contact-field label= »Condoléances » type= »textarea »][/contact-form]</p>
