{"id":2243,"date":"2019-04-24T11:14:02","date_gmt":"2019-04-24T15:14:02","guid":{"rendered":"http:\/\/207.253.81.73\/?post_type=event&#038;p=2243"},"modified":"2019-05-02T17:24:01","modified_gmt":"2019-05-02T21:24:01","slug":"rowselle-dwardwilson16031935","status":"publish","type":"event","link":"https:\/\/nouveau.maisonmallet.com\/back05_01\/?event=rowselle-dwardwilson16031935","title":{"rendered":"ROWSELL, Edward Wilson"},"content":{"rendered":"<p>1935 \u2013 2019<\/p>\n<p>\u00c0 Sept-\u00celes (maison \u00c9lyme des sables), le 24 avril 2019, est d\u00e9c\u00e9d\u00e9 \u00e0 l\u2019\u00e2ge de 84 ans, monsieur Edward Wilson Rowsell \u00e9poux de madame Cecily Bobbitt et domicili\u00e9 \u00e0 Sept-\u00celes.<\/p>\n<p>Les fun\u00e9railles de monsieur Edward Wilson Rowsell auront lieu le mardi 30 avril 2019 \u00e0 14 h en l\u2019\u00e9glise All Saints-Anglican Church situ\u00e9e au 47, rue Ungava \u00e0 Sept-\u00celes et de l\u00e0 au cr\u00e9matorium de la maison Mallet &amp; fils pour cr\u00e9mation.<\/p>\n<p>La famille re\u00e7oit parents et amis le lundi 29 avril 2019 de 13 h \u00e0 16 h et de 19 h \u00e0 22 h\u00a0au Complexe Thanatologique Mallet &amp; fils du 585 boul. Laure \u00e0 Sept-\u00celes.<\/p>\n<p>Il laisse dans le deuil outre son \u00e9pouse madame Cecily Bobbitt Rowsell, ses filles : Cora (Tom Zebrowski) et Cindy (Ghislain Paquet), ses fils Wayne (Tanya Vandenberg) et Mark (Jos\u00e9e Beaurivage), ses petits-enfants, ses arri\u00e8re-petits-enfants ainsi que ses fr\u00e8res, ses s\u0153urs, ses beaux-fr\u00e8res, ses belles-s\u0153urs, ses neveux, ses ni\u00e8ces, ses cousins, ses cousines et de nombreux amis.<\/p>\n<p>Vos marques de sympathie peuvent se traduire par un don \u00e0 l\u2019\u00c9lyme des sables\u00a0<a href=\"http:\/\/www.elymedessables.com\/\">www.elymedessables.com<\/a><\/p>\n<p>La famille a confi\u00e9 la direction des fun\u00e9railles aux services professionnels de la Maison Mallet &amp; fils du 585 boul. Laure \u00e0 Sept-\u00celes, maintenant reconnue Distinction et membre de la Corporation des Thanatologues du Qu\u00e9bec.<\/p>\n<hr \/>\n<p>On April 24<sup>th<\/sup>\u00a02019, Mr. Edward Wilson Rowsell passed away peacefully at the age of 84, at l\u2019\u00c9lyme des Sables in Sept-Iles, leaving behind his wife Mrs. Cecily Bobbitt.<\/p>\n<p>Visitation for family and friends will be held on Monday, April 29<sup>th<\/sup>\u00a02019 from 1:00- 4:00 pm and 7:00-10:00 pm at the Complexe Thanatologique Mallet &amp; fils at 585 boulevard Laure in Sept-Iles.<\/p>\n<p>A Celebration of Life will be held on Tuesday April 30<sup>th<\/sup>, 2019 at 2:00 pm at All Saints-Anglican Church located at 47 Ungava Street in Sept-Iles.<\/p>\n<p>He is survived by his wife, Mrs. Cecily Bobbitt Rowsell, daughters: Cora (Tom Zebrowski) and Cindy (Ghislain Paquet), sons Wayne (Tanya Vandenberg) and Mark (Jos\u00e9e Beaurivage), grandchildren, great-grandchildren and brother, sisters, brothers-in-law, sisters-in-law, nephews, nieces, cousins and friends.<\/p>\n<p>Donations in his memory may be made to l\u2019\u00c9lyme des Sables<\/p>\n<p><a href=\"http:\/\/www.elymedessables.com\/\">www.elymedessables.com<\/a>. The family would like to extend their gratitude to all the staff for the exceptional care and support they provide.<\/p>\n<p>The family has entrusted the funeral arrangements to Maison Mallet &amp; fils at 585 boul. Laure in Sept-Iles, a distinctive member of the Corporation des Thanatologues du Qu\u00e9bec.<\/p>\n<p>Further information is available on their website\u00a0where those who wish to post messages of sympathy may do so\u00a0:\u00a0<a href=\"https:\/\/nouveau.maisonmallet.com\/back05_01\/www.maisonmallet.com%20\">www.maisonmallet.com<\/a><\/p>\n<p>Ceux et celles qui le d\u00e9sirent, peuvent y envoyer des messages de sympathie.<\/p>\n<p>&nbsp;<\/p>\n<hr \/>\n<p>Envoyer vos condol\u00e9ances<\/p>\n<p>[contact-form to=\u00a0\u00bbmarc@maisonmallet.com\u00a0\u00bb subject=\u00a0\u00bbCondol\u00e9ances ROWSELL, Edward Wilson\u00a0\u00bb][contact-field label=\u00a0\u00bbVotre nom\u00a0\u00bb type=\u00a0\u00bbname\u00a0\u00bb required=\u00a0\u00bb1&Prime;][contact-field label=\u00a0\u00bbVotre courriel\u00a0\u00bb type=\u00a0\u00bbemail\u00a0\u00bb required=\u00a0\u00bb1&Prime;][contact-field label=\u00a0\u00bbCondol\u00e9ances\u00a0\u00bb type=\u00a0\u00bbtextarea\u00a0\u00bb][\/contact-form]<\/p>\n","protected":false},"featured_media":2315,"template":"","event_cat":[6],"class_list":["post-2243","event","type-event","status-publish","has-post-thumbnail","hentry","event_cat-maison-mallet-et-fils-inc"],"_links":{"self":[{"href":"https:\/\/nouveau.maisonmallet.com\/back05_01\/index.php?rest_route=\/wp\/v2\/event\/2243","targetHints":{"allow":["GET"]}}],"collection":[{"href":"https:\/\/nouveau.maisonmallet.com\/back05_01\/index.php?rest_route=\/wp\/v2\/event"}],"about":[{"href":"https:\/\/nouveau.maisonmallet.com\/back05_01\/index.php?rest_route=\/wp\/v2\/types\/event"}],"wp:featuredmedia":[{"embeddable":true,"href":"https:\/\/nouveau.maisonmallet.com\/back05_01\/index.php?rest_route=\/wp\/v2\/media\/2315"}],"wp:attachment":[{"href":"https:\/\/nouveau.maisonmallet.com\/back05_01\/index.php?rest_route=%2Fwp%2Fv2%2Fmedia&parent=2243"}],"wp:term":[{"taxonomy":"event_cat","embeddable":true,"href":"https:\/\/nouveau.maisonmallet.com\/back05_01\/index.php?rest_route=%2Fwp%2Fv2%2Fevent_cat&post=2243"}],"curies":[{"name":"wp","href":"https:\/\/api.w.org\/{rel}","templated":true}]}}

<p>1935 – 2019</p>
<p>À Sept-Îles (maison Élyme des sables), le 24 avril 2019, est décédé à l’âge de 84 ans, monsieur Edward Wilson Rowsell époux de madame Cecily Bobbitt et domicilié à Sept-Îles.</p>
<p>Les funérailles de monsieur Edward Wilson Rowsell auront lieu le mardi 30 avril 2019 à 14 h en l’église All Saints-Anglican Church située au 47, rue Ungava à Sept-Îles et de là au crématorium de la maison Mallet &amp; fils pour crémation.</p>
<p>La famille reçoit parents et amis le lundi 29 avril 2019 de 13 h à 16 h et de 19 h à 22 h au Complexe Thanatologique Mallet &amp; fils du 585 boul. Laure à Sept-Îles.</p>
<p>Il laisse dans le deuil outre son épouse madame Cecily Bobbitt Rowsell, ses filles : Cora (Tom Zebrowski) et Cindy (Ghislain Paquet), ses fils Wayne (Tanya Vandenberg) et Mark (Josée Beaurivage), ses petits-enfants, ses arrière-petits-enfants ainsi que ses frères, ses sœurs, ses beaux-frères, ses belles-sœurs, ses neveux, ses nièces, ses cousins, ses cousines et de nombreux amis.</p>
<p>Vos marques de sympathie peuvent se traduire par un don à l’Élyme des sables <a href="http://www.elymedessables.com/">www.elymedessables.com</a></p>
<p>La famille a confié la direction des funérailles aux services professionnels de la Maison Mallet &amp; fils du 585 boul. Laure à Sept-Îles, maintenant reconnue Distinction et membre de la Corporation des Thanatologues du Québec.</p>
<hr />
<p>On April 24<sup>th</sup> 2019, Mr. Edward Wilson Rowsell passed away peacefully at the age of 84, at l’Élyme des Sables in Sept-Iles, leaving behind his wife Mrs. Cecily Bobbitt.</p>
<p>Visitation for family and friends will be held on Monday, April 29<sup>th</sup> 2019 from 1:00- 4:00 pm and 7:00-10:00 pm at the Complexe Thanatologique Mallet &amp; fils at 585 boulevard Laure in Sept-Iles.</p>
<p>A Celebration of Life will be held on Tuesday April 30<sup>th</sup>, 2019 at 2:00 pm at All Saints-Anglican Church located at 47 Ungava Street in Sept-Iles.</p>
<p>He is survived by his wife, Mrs. Cecily Bobbitt Rowsell, daughters: Cora (Tom Zebrowski) and Cindy (Ghislain Paquet), sons Wayne (Tanya Vandenberg) and Mark (Josée Beaurivage), grandchildren, great-grandchildren and brother, sisters, brothers-in-law, sisters-in-law, nephews, nieces, cousins and friends.</p>
<p>Donations in his memory may be made to l’Élyme des Sables</p>
<p><a href="http://www.elymedessables.com/">www.elymedessables.com</a>. The family would like to extend their gratitude to all the staff for the exceptional care and support they provide.</p>
<p>The family has entrusted the funeral arrangements to Maison Mallet &amp; fils at 585 boul. Laure in Sept-Iles, a distinctive member of the Corporation des Thanatologues du Québec.</p>
<p>Further information is available on their website where those who wish to post messages of sympathy may do so : <a href="https://nouveau.maisonmallet.com/back05_01/www.maisonmallet.com%20">www.maisonmallet.com</a></p>
<p>Ceux et celles qui le désirent, peuvent y envoyer des messages de sympathie.</p>
<p>&nbsp;</p>
<hr />
<p>Envoyer vos condoléances</p>
<p>[contact-form to= »marc@maisonmallet.com » subject= »Condoléances ROWSELL, Edward Wilson »][contact-field label= »Votre nom » type= »name » required= »1&Prime;][contact-field label= »Votre courriel » type= »email » required= »1&Prime;][contact-field label= »Condoléances » type= »textarea »][/contact-form]</p>
