{"id":2249,"date":"2019-04-22T11:55:35","date_gmt":"2019-04-22T15:55:35","guid":{"rendered":"http:\/\/207.253.81.73\/?post_type=event&#038;p=2249"},"modified":"2019-05-01T15:11:26","modified_gmt":"2019-05-01T19:11:26","slug":"st-ongeflorian2019","status":"publish","type":"event","link":"https:\/\/nouveau.maisonmallet.com\/back05_01\/?event=st-ongeflorian2019","title":{"rendered":"ST-ONGE, Florian"},"content":{"rendered":"<p>1961 \u2013 2019<\/p>\n<p>\u00c0 Sept-\u00celes (maison \u00c9lyme des sables), le 22 avril 2019, est d\u00e9c\u00e9d\u00e9 \u00e0 l\u2019\u00e2ge de 58 ans monsieur Florian St-Onge \u00e9poux de madame Mireille Michel et domicili\u00e9 \u00e0 Uashat.<\/p>\n<p>Les fun\u00e9railles de monsieur Florian St-Onge auront lieu le jeudi 25 avril 2019 \u00e0 10 h en l\u2019\u00e9glise Kateri Tekakwitha, situ\u00e9e au 1035, rue Dequen \u00e0 Uashat et de l\u00e0 au cimeti\u00e8re de Uashat.<\/p>\n<p>La famille re\u00e7oit parents et amis \u00e0 compter de 18 h le mardi 23 avril 2019 au 1016, ave. Cartier \u00e0 Uashat.<\/p>\n<p>Il laisse dans le deuil outre son \u00e9pouse madame Mireille Michel, ses fils\u00a0: Martin et Ren\u00e9-John, ses filles\u00a0: Alice et Alexandra, ses beaux-fils\u00a0: Georges, Camille et Enzo, ses belles-filles\u00a0: Sylvanne et Marie-Christine, ses petits-enfants ainsi que ses fr\u00e8res, ses s\u0153urs, ses beaux-fr\u00e8res, ses belles-s\u0153urs, ses neveux, ses ni\u00e8ces, ses cousins, ses cousines, et de nombreux ami(e)s.<\/p>\n<p>La famille a confi\u00e9 la direction des fun\u00e9railles aux services professionnels de la Maison Mallet &amp; fils du 585, boul. Laure \u00e0 Sept-\u00celes, maintenant reconnue Distinction et membre de la Corporation des Thanatologues du Qu\u00e9bec.<\/p>\n<p>&nbsp;<\/p>\n<p><strong>Ceux et celles qui le d\u00e9sirent,\u00a0 peuvent y envoyer des messages de sympathie.<\/strong><\/p>\n<p>&nbsp;<\/p>\n<hr \/>\n<p>Envoyer vos condol\u00e9ances<\/p>\n<p>[contact-form to=\u00a0\u00bbmarc@maisonmallet.com\u00a0\u00bb subject=\u00a0\u00bbCondol\u00e9ances ST-ONGE, Florian\u00a0\u00bb][contact-field label=\u00a0\u00bbVotre nom\u00a0\u00bb type=\u00a0\u00bbname\u00a0\u00bb required=\u00a0\u00bb1&Prime;][contact-field label=\u00a0\u00bbVotre courriel\u00a0\u00bb type=\u00a0\u00bbemail\u00a0\u00bb required=\u00a0\u00bb1&Prime;][contact-field label=\u00a0\u00bbCondol\u00e9ances\u00a0\u00bb type=\u00a0\u00bbtextarea\u00a0\u00bb][\/contact-form]<\/p>\n","protected":false},"featured_media":2313,"template":"","event_cat":[6],"class_list":["post-2249","event","type-event","status-publish","has-post-thumbnail","hentry","event_cat-maison-mallet-et-fils-inc"],"_links":{"self":[{"href":"https:\/\/nouveau.maisonmallet.com\/back05_01\/index.php?rest_route=\/wp\/v2\/event\/2249","targetHints":{"allow":["GET"]}}],"collection":[{"href":"https:\/\/nouveau.maisonmallet.com\/back05_01\/index.php?rest_route=\/wp\/v2\/event"}],"about":[{"href":"https:\/\/nouveau.maisonmallet.com\/back05_01\/index.php?rest_route=\/wp\/v2\/types\/event"}],"wp:featuredmedia":[{"embeddable":true,"href":"https:\/\/nouveau.maisonmallet.com\/back05_01\/index.php?rest_route=\/wp\/v2\/media\/2313"}],"wp:attachment":[{"href":"https:\/\/nouveau.maisonmallet.com\/back05_01\/index.php?rest_route=%2Fwp%2Fv2%2Fmedia&parent=2249"}],"wp:term":[{"taxonomy":"event_cat","embeddable":true,"href":"https:\/\/nouveau.maisonmallet.com\/back05_01\/index.php?rest_route=%2Fwp%2Fv2%2Fevent_cat&post=2249"}],"curies":[{"name":"wp","href":"https:\/\/api.w.org\/{rel}","templated":true}]}}

<p>1961 – 2019</p>
<p>À Sept-Îles (maison Élyme des sables), le 22 avril 2019, est décédé à l’âge de 58 ans monsieur Florian St-Onge époux de madame Mireille Michel et domicilié à Uashat.</p>
<p>Les funérailles de monsieur Florian St-Onge auront lieu le jeudi 25 avril 2019 à 10 h en l’église Kateri Tekakwitha, située au 1035, rue Dequen à Uashat et de là au cimetière de Uashat.</p>
<p>La famille reçoit parents et amis à compter de 18 h le mardi 23 avril 2019 au 1016, ave. Cartier à Uashat.</p>
<p>Il laisse dans le deuil outre son épouse madame Mireille Michel, ses fils : Martin et René-John, ses filles : Alice et Alexandra, ses beaux-fils : Georges, Camille et Enzo, ses belles-filles : Sylvanne et Marie-Christine, ses petits-enfants ainsi que ses frères, ses sœurs, ses beaux-frères, ses belles-sœurs, ses neveux, ses nièces, ses cousins, ses cousines, et de nombreux ami(e)s.</p>
<p>La famille a confié la direction des funérailles aux services professionnels de la Maison Mallet &amp; fils du 585, boul. Laure à Sept-Îles, maintenant reconnue Distinction et membre de la Corporation des Thanatologues du Québec.</p>
<p>&nbsp;</p>
<p><strong>Ceux et celles qui le désirent,  peuvent y envoyer des messages de sympathie.</strong></p>
<p>&nbsp;</p>
<hr />
<p>Envoyer vos condoléances</p>
<p>[contact-form to= »marc@maisonmallet.com » subject= »Condoléances ST-ONGE, Florian »][contact-field label= »Votre nom » type= »name » required= »1&Prime;][contact-field label= »Votre courriel » type= »email » required= »1&Prime;][contact-field label= »Condoléances » type= »textarea »][/contact-form]</p>
