{"id":2250,"date":"2019-04-17T11:59:12","date_gmt":"2019-04-17T15:59:12","guid":{"rendered":"http:\/\/207.253.81.73\/?post_type=event&#038;p=2250"},"modified":"2019-05-01T15:03:40","modified_gmt":"2019-05-01T19:03:40","slug":"bezeauednavallee2019","status":"publish","type":"event","link":"https:\/\/nouveau.maisonmallet.com\/back05_01\/?event=bezeauednavallee2019","title":{"rendered":"BEZEAU, Edna (Vall\u00e9e)"},"content":{"rendered":"<p>1932 \u2013 2019<\/p>\n<p>\u00c0 Sept-\u00celes (maison l\u2019\u00c9lyme des sables), le 17 avril 2019, est d\u00e9c\u00e9d\u00e9e \u00e0 l\u2019\u00e2ge de 87 ans, madame Edna Bezeau \u00e9pouse de Patrice Vall\u00e9e et domicili\u00e9e \u00e0 Sept-\u00celes.<\/p>\n<p>Les fun\u00e9railles de madame Edna Bezeau auront lieu le mardi 23 avril 2019 \u00e0 14 h en l\u2019\u00e9glise Marie-Immacul\u00e9e situ\u00e9e au 180, rue Papineau \u00e0 Sept-\u00celes.<\/p>\n<p>Selon ses volont\u00e9s, elle a \u00e9t\u00e9 confi\u00e9e au cr\u00e9matorium de la maison Mallet &amp; fils pour cr\u00e9mation.<\/p>\n<p>Elle laisse dans le deuil outre son \u00e9poux monsieur Patrice Vall\u00e9e, ses cinq enfants, leurs conjoints(es), ses quatre petits-enfants, son arri\u00e8re-petite-fille, ainsi que ses s\u0153urs, ses beaux-fr\u00e8res, ses neveux, ses ni\u00e8ces, ses cousins, ses cousines et de nombreux ami(e)s.<\/p>\n<p>Vos marques de sympathie peuvent se traduire par un don \u00e0 l\u2019\u00c9lyme des sables\u00a0<a href=\"http:\/\/www.elymedessables.com\/\">www.elymedessables.com<\/a><\/p>\n<p>La famille a confi\u00e9 les fun\u00e9railles aux services professionnels de la Maison Mallet &amp; fils du 585, boul. Laure \u00e0 Sept-\u00celes, maintenant reconnu Distinction et membre de la Corporation des Thanatologues du Qu\u00e9bec.<\/p>\n<p>&nbsp;<\/p>\n<p><strong>Ceux et celles qui le d\u00e9sirent,\u00a0 peuvent y envoyer des messages de sympathie.<\/strong><\/p>\n<p>&nbsp;<\/p>\n<hr \/>\n<p>Envoyer vos condol\u00e9ances<\/p>\n<p>[contact-form to=\u00a0\u00bbmarc@maisonmallet.com\u00a0\u00bb subject=\u00a0\u00bbCondol\u00e9ances BEZEAU, Edna (Vall\u00e9e)\u00a0\u00bb][contact-field label=\u00a0\u00bbVotre nom\u00a0\u00bb type=\u00a0\u00bbname\u00a0\u00bb required=\u00a0\u00bb1&Prime;][contact-field label=\u00a0\u00bbVotre courriel\u00a0\u00bb type=\u00a0\u00bbemail\u00a0\u00bb required=\u00a0\u00bb1&Prime;][contact-field label=\u00a0\u00bbCondol\u00e9ances\u00a0\u00bb type=\u00a0\u00bbtextarea\u00a0\u00bb][\/contact-form]<\/p>\n","protected":false},"featured_media":2311,"template":"","event_cat":[6],"class_list":["post-2250","event","type-event","status-publish","has-post-thumbnail","hentry","event_cat-maison-mallet-et-fils-inc"],"_links":{"self":[{"href":"https:\/\/nouveau.maisonmallet.com\/back05_01\/index.php?rest_route=\/wp\/v2\/event\/2250","targetHints":{"allow":["GET"]}}],"collection":[{"href":"https:\/\/nouveau.maisonmallet.com\/back05_01\/index.php?rest_route=\/wp\/v2\/event"}],"about":[{"href":"https:\/\/nouveau.maisonmallet.com\/back05_01\/index.php?rest_route=\/wp\/v2\/types\/event"}],"wp:featuredmedia":[{"embeddable":true,"href":"https:\/\/nouveau.maisonmallet.com\/back05_01\/index.php?rest_route=\/wp\/v2\/media\/2311"}],"wp:attachment":[{"href":"https:\/\/nouveau.maisonmallet.com\/back05_01\/index.php?rest_route=%2Fwp%2Fv2%2Fmedia&parent=2250"}],"wp:term":[{"taxonomy":"event_cat","embeddable":true,"href":"https:\/\/nouveau.maisonmallet.com\/back05_01\/index.php?rest_route=%2Fwp%2Fv2%2Fevent_cat&post=2250"}],"curies":[{"name":"wp","href":"https:\/\/api.w.org\/{rel}","templated":true}]}}

BEZEAU, Edna (Vallée)

<p>1932 – 2019</p>
<p>À Sept-Îles (maison l’Élyme des sables), le 17 avril 2019, est décédée à l’âge de 87 ans, madame Edna Bezeau épouse de Patrice Vallée et domiciliée à Sept-Îles.</p>
<p>Les funérailles de madame Edna Bezeau auront lieu le mardi 23 avril 2019 à 14 h en l’église Marie-Immaculée située au 180, rue Papineau à Sept-Îles.</p>
<p>Selon ses volontés, elle a été confiée au crématorium de la maison Mallet &amp; fils pour crémation.</p>
<p>Elle laisse dans le deuil outre son époux monsieur Patrice Vallée, ses cinq enfants, leurs conjoints(es), ses quatre petits-enfants, son arrière-petite-fille, ainsi que ses sœurs, ses beaux-frères, ses neveux, ses nièces, ses cousins, ses cousines et de nombreux ami(e)s.</p>
<p>Vos marques de sympathie peuvent se traduire par un don à l’Élyme des sables <a href="http://www.elymedessables.com/">www.elymedessables.com</a></p>
<p>La famille a confié les funérailles aux services professionnels de la Maison Mallet &amp; fils du 585, boul. Laure à Sept-Îles, maintenant reconnu Distinction et membre de la Corporation des Thanatologues du Québec.</p>
<p>&nbsp;</p>
<p><strong>Ceux et celles qui le désirent,  peuvent y envoyer des messages de sympathie.</strong></p>
<p>&nbsp;</p>
<hr />
<p>Envoyer vos condoléances</p>
<p>[contact-form to= »marc@maisonmallet.com » subject= »Condoléances BEZEAU, Edna (Vallée) »][contact-field label= »Votre nom » type= »name » required= »1&Prime;][contact-field label= »Votre courriel » type= »email » required= »1&Prime;][contact-field label= »Condoléances » type= »textarea »][/contact-form]</p>
