{"id":2251,"date":"2019-04-12T12:03:03","date_gmt":"2019-04-12T16:03:03","guid":{"rendered":"http:\/\/207.253.81.73\/?post_type=event&#038;p=2251"},"modified":"2019-04-26T12:05:39","modified_gmt":"2019-04-26T16:05:39","slug":"levesquelaurent2019","status":"publish","type":"event","link":"https:\/\/nouveau.maisonmallet.com\/back05_01\/?event=levesquelaurent2019","title":{"rendered":"LEVESQUE, Laurent"},"content":{"rendered":"<p>1953 \u2013 2019<\/p>\n<p>\u00c0 Sept-\u00celes (maison l\u2019\u00c9lyme des Sables), le 12 avril 2019, est d\u00e9c\u00e9d\u00e9 \u00e0 l\u2019\u00e2ge de 65 ans, monsieur Laurent Levesque fils de feu Raymond Denis Levesque et de madame Lorraine Vigneault domicili\u00e9 \u00e0 Sept-\u00celes.<\/p>\n<p>Les fun\u00e9railles de monsieur Laurent Levesque auront lieu le samedi 20 avril 2019 \u00e0 11 h en l\u2019\u00e9glise St-Joseph situ\u00e9e au 535, ave. Brochu \u00e0 Sept-\u00celes.<\/p>\n<p>Selon ses volont\u00e9s, il a \u00e9t\u00e9 confi\u00e9 au cr\u00e9matorium de la maison Mallet et fils pour cr\u00e9mation.<\/p>\n<p>La famille re\u00e7oit parents et amis le vendredi 19 avril 2019 de 19 h \u00e0 22 h. Le samedi 20 avril 2019 jour des fun\u00e9railles \u00e0 compter de 9 h 30 au complexe thanatologique Mallet et fils du 585, boul. Laure \u00e0 Sept-\u00celes.<\/p>\n<p>Il laisse dans le deuil ses fils\u00a0: Fran\u00e7ois et St\u00e9phane sa m\u00e8re madame Lorraine Vigneault ses s\u0153urs\u00a0: Raymonde (Gratien Bouchard), Line (Pierre Bouchard) et Danielle (Luc Guillot), ses fr\u00e8res Alain (Patricia Normand) et Steve (Martine Ouellet), ainsi que ses deux petites-filles \u00c9lianne et L\u00e9a-Marie, ses oncles, ses tantes, ses neveux, ses ni\u00e8ces, ses cousins, ses cousines et de nombreux ami(e)s.<\/p>\n<p>Vos marques de sympathie peuvent se traduire par un don \u00e0 l\u2019\u00c9lyme des sables.\u00a0<a href=\"http:\/\/www.elymedessables.com\/\">www.elymedessables.com<\/a><\/p>\n<p>La famille a confi\u00e9 la direction des fun\u00e9railles aux services professionnels de la Maison Mallet et fils du 585 boul. Laure \u00e0 Sept-\u00celes, maintenant reconnue Distinction et membre de la corporation des thanatologues du Qu\u00e9bec.<\/p>\n<p><strong>Ceux et celles qui le d\u00e9sirent,\u00a0 peuvent y envoyer des messages de sympathie.<\/strong><\/p>\n<p>&nbsp;<\/p>\n<hr \/>\n<p>Envoyer vos condol\u00e9ances<\/p>\n<p>[contact-form to=\u00a0\u00bbmarc@maisonmallet.com\u00a0\u00bb subject=\u00a0\u00bbCondol\u00e9ances LEVESQUE, Laurent\u00a0\u00bb][contact-field label=\u00a0\u00bbVotre nom\u00a0\u00bb type=\u00a0\u00bbname\u00a0\u00bb required=\u00a0\u00bb1&Prime;][contact-field label=\u00a0\u00bbVotre courriel\u00a0\u00bb type=\u00a0\u00bbemail\u00a0\u00bb required=\u00a0\u00bb1&Prime;][contact-field label=\u00a0\u00bbCondol\u00e9ances\u00a0\u00bb type=\u00a0\u00bbtextarea\u00a0\u00bb][\/contact-form]<\/p>\n","protected":false},"featured_media":0,"template":"","event_cat":[6],"class_list":["post-2251","event","type-event","status-publish","hentry","event_cat-maison-mallet-et-fils-inc"],"_links":{"self":[{"href":"https:\/\/nouveau.maisonmallet.com\/back05_01\/index.php?rest_route=\/wp\/v2\/event\/2251","targetHints":{"allow":["GET"]}}],"collection":[{"href":"https:\/\/nouveau.maisonmallet.com\/back05_01\/index.php?rest_route=\/wp\/v2\/event"}],"about":[{"href":"https:\/\/nouveau.maisonmallet.com\/back05_01\/index.php?rest_route=\/wp\/v2\/types\/event"}],"wp:attachment":[{"href":"https:\/\/nouveau.maisonmallet.com\/back05_01\/index.php?rest_route=%2Fwp%2Fv2%2Fmedia&parent=2251"}],"wp:term":[{"taxonomy":"event_cat","embeddable":true,"href":"https:\/\/nouveau.maisonmallet.com\/back05_01\/index.php?rest_route=%2Fwp%2Fv2%2Fevent_cat&post=2251"}],"curies":[{"name":"wp","href":"https:\/\/api.w.org\/{rel}","templated":true}]}}

<p>1953 – 2019</p>
<p>À Sept-Îles (maison l’Élyme des Sables), le 12 avril 2019, est décédé à l’âge de 65 ans, monsieur Laurent Levesque fils de feu Raymond Denis Levesque et de madame Lorraine Vigneault domicilié à Sept-Îles.</p>
<p>Les funérailles de monsieur Laurent Levesque auront lieu le samedi 20 avril 2019 à 11 h en l’église St-Joseph située au 535, ave. Brochu à Sept-Îles.</p>
<p>Selon ses volontés, il a été confié au crématorium de la maison Mallet et fils pour crémation.</p>
<p>La famille reçoit parents et amis le vendredi 19 avril 2019 de 19 h à 22 h. Le samedi 20 avril 2019 jour des funérailles à compter de 9 h 30 au complexe thanatologique Mallet et fils du 585, boul. Laure à Sept-Îles.</p>
<p>Il laisse dans le deuil ses fils : François et Stéphane sa mère madame Lorraine Vigneault ses sœurs : Raymonde (Gratien Bouchard), Line (Pierre Bouchard) et Danielle (Luc Guillot), ses frères Alain (Patricia Normand) et Steve (Martine Ouellet), ainsi que ses deux petites-filles Élianne et Léa-Marie, ses oncles, ses tantes, ses neveux, ses nièces, ses cousins, ses cousines et de nombreux ami(e)s.</p>
<p>Vos marques de sympathie peuvent se traduire par un don à l’Élyme des sables. <a href="http://www.elymedessables.com/">www.elymedessables.com</a></p>
<p>La famille a confié la direction des funérailles aux services professionnels de la Maison Mallet et fils du 585 boul. Laure à Sept-Îles, maintenant reconnue Distinction et membre de la corporation des thanatologues du Québec.</p>
<p><strong>Ceux et celles qui le désirent,  peuvent y envoyer des messages de sympathie.</strong></p>
<p>&nbsp;</p>
<hr />
<p>Envoyer vos condoléances</p>
<p>[contact-form to= »marc@maisonmallet.com » subject= »Condoléances LEVESQUE, Laurent »][contact-field label= »Votre nom » type= »name » required= »1&Prime;][contact-field label= »Votre courriel » type= »email » required= »1&Prime;][contact-field label= »Condoléances » type= »textarea »][/contact-form]</p>
