{"id":2253,"date":"2019-04-13T12:09:00","date_gmt":"2019-04-13T16:09:00","guid":{"rendered":"http:\/\/207.253.81.73\/?post_type=event&#038;p=2253"},"modified":"2019-04-26T12:12:08","modified_gmt":"2019-04-26T16:12:08","slug":"boucherlorenzo2019","status":"publish","type":"event","link":"https:\/\/nouveau.maisonmallet.com\/back05_01\/?event=boucherlorenzo2019","title":{"rendered":"BOUCHER, Lorenzo"},"content":{"rendered":"<p>1936 &#8211; 2019<\/p>\n<p>\u00c0 Sept-\u00celes (R\u00e9sidence Gustave Gauvreau), le 13 avril 2019, est d\u00e9c\u00e9d\u00e9 \u00e0 l\u2019\u00e2ge de 82 ans, monsieur Lorenzo Boucher \u00e9poux de madame Micheline Berthelot et domicili\u00e9 \u00e0 Sept-\u00celes.<\/p>\n<p>La c\u00e9r\u00e9monie comm\u00e9morative de monsieur Lorenzo Boucher aura lieu le vendredi 3 mai 2019 \u00e0 20 h 15 \u00e0 la chapelle du Complexe Thanatologique Mallet &amp; fils du 585, Boul. Laure \u00e0 Sept-\u00celes.<\/p>\n<p>Selon ses volont\u00e9s, il a \u00e9t\u00e9 confi\u00e9 au cr\u00e9matorium de la Maison Mallet &amp; fils pour cr\u00e9mation.<\/p>\n<p>La famille re\u00e7oit parents et amis le vendredi 3 mai 2019 jour de la c\u00e9r\u00e9monie de 19 h \u00e0 22 h au Complexe Thanatologique Mallet &amp; fils du 585 boul. Laure \u00e0 Sept-\u00celes.<\/p>\n<p>Il laisse dans le deuil outre son \u00e9pouse madame Micheline Berthelot Boucher, sa fille Myl\u00e8ne (Serge St-Aubin), son Fils Jean-Pierre (Dominique Landry), ses petites-filles\u00a0: Jessica et Anne-Fr\u00e9d\u00e9rique, son petit-fils Gabriel ainsi que ses fr\u00e8res\u00a0: Hector (Feue Lorraine Guignard) et R\u00e9ginald (Feue Georgette Hach\u00e9), ses s\u0153urs\u00a0: Ghislaine et Pierrette (Melvin Galuchon), son beau-fr\u00e8re\u00a0: Jacques (Yvonne), sa belle-s\u0153ur Denise (Conrad Murray), ses neveux, ses ni\u00e8ces, ses cousins, ses cousines et de nombreux ami(e)s.<\/p>\n<p>Vos marques de sympathie peuvent se traduire par un don \u00e0 l\u2019\u00c9lyme des sables\u00a0<a href=\"http:\/\/www.elymedessables.com\/\">www.elymedessables.com<\/a><\/p>\n<p>La famille a confi\u00e9 les arrangements aux services professionnels de la Maison Mallet &amp; fils du 585 Boul. Laure \u00e0 Sept-\u00celes, maintenant reconnue Distinction et membre de la Corporation des Thanatologues du Qu\u00e9bec.<\/p>\n<p>&nbsp;<\/p>\n<p><strong>Ceux et celles qui le d\u00e9sirent,\u00a0 peuvent y envoyer des messages de sympathie.<\/strong><\/p>\n<p>&nbsp;<\/p>\n<hr \/>\n<p>Envoyer vos condol\u00e9ances<\/p>\n<p>[contact-form to=\u00a0\u00bbmarc@maisonmallet.com\u00a0\u00bb subject=\u00a0\u00bbCondol\u00e9ances BOUCHER, Lorenzo\u00a0\u00bb][contact-field label=\u00a0\u00bbVotre nom\u00a0\u00bb type=\u00a0\u00bbname\u00a0\u00bb required=\u00a0\u00bb1&Prime;][contact-field label=\u00a0\u00bbVotre courriel\u00a0\u00bb type=\u00a0\u00bbemail\u00a0\u00bb required=\u00a0\u00bb1&Prime;][contact-field label=\u00a0\u00bbCondol\u00e9ances\u00a0\u00bb type=\u00a0\u00bbtextarea\u00a0\u00bb][\/contact-form]<\/p>\n","protected":false},"featured_media":0,"template":"","event_cat":[6],"class_list":["post-2253","event","type-event","status-publish","hentry","event_cat-maison-mallet-et-fils-inc"],"_links":{"self":[{"href":"https:\/\/nouveau.maisonmallet.com\/back05_01\/index.php?rest_route=\/wp\/v2\/event\/2253","targetHints":{"allow":["GET"]}}],"collection":[{"href":"https:\/\/nouveau.maisonmallet.com\/back05_01\/index.php?rest_route=\/wp\/v2\/event"}],"about":[{"href":"https:\/\/nouveau.maisonmallet.com\/back05_01\/index.php?rest_route=\/wp\/v2\/types\/event"}],"wp:attachment":[{"href":"https:\/\/nouveau.maisonmallet.com\/back05_01\/index.php?rest_route=%2Fwp%2Fv2%2Fmedia&parent=2253"}],"wp:term":[{"taxonomy":"event_cat","embeddable":true,"href":"https:\/\/nouveau.maisonmallet.com\/back05_01\/index.php?rest_route=%2Fwp%2Fv2%2Fevent_cat&post=2253"}],"curies":[{"name":"wp","href":"https:\/\/api.w.org\/{rel}","templated":true}]}}

<p>1936 &#8211; 2019</p>
<p>À Sept-Îles (Résidence Gustave Gauvreau), le 13 avril 2019, est décédé à l’âge de 82 ans, monsieur Lorenzo Boucher époux de madame Micheline Berthelot et domicilié à Sept-Îles.</p>
<p>La cérémonie commémorative de monsieur Lorenzo Boucher aura lieu le vendredi 3 mai 2019 à 20 h 15 à la chapelle du Complexe Thanatologique Mallet &amp; fils du 585, Boul. Laure à Sept-Îles.</p>
<p>Selon ses volontés, il a été confié au crématorium de la Maison Mallet &amp; fils pour crémation.</p>
<p>La famille reçoit parents et amis le vendredi 3 mai 2019 jour de la cérémonie de 19 h à 22 h au Complexe Thanatologique Mallet &amp; fils du 585 boul. Laure à Sept-Îles.</p>
<p>Il laisse dans le deuil outre son épouse madame Micheline Berthelot Boucher, sa fille Mylène (Serge St-Aubin), son Fils Jean-Pierre (Dominique Landry), ses petites-filles : Jessica et Anne-Frédérique, son petit-fils Gabriel ainsi que ses frères : Hector (Feue Lorraine Guignard) et Réginald (Feue Georgette Haché), ses sœurs : Ghislaine et Pierrette (Melvin Galuchon), son beau-frère : Jacques (Yvonne), sa belle-sœur Denise (Conrad Murray), ses neveux, ses nièces, ses cousins, ses cousines et de nombreux ami(e)s.</p>
<p>Vos marques de sympathie peuvent se traduire par un don à l’Élyme des sables <a href="http://www.elymedessables.com/">www.elymedessables.com</a></p>
<p>La famille a confié les arrangements aux services professionnels de la Maison Mallet &amp; fils du 585 Boul. Laure à Sept-Îles, maintenant reconnue Distinction et membre de la Corporation des Thanatologues du Québec.</p>
<p>&nbsp;</p>
<p><strong>Ceux et celles qui le désirent,  peuvent y envoyer des messages de sympathie.</strong></p>
<p>&nbsp;</p>
<hr />
<p>Envoyer vos condoléances</p>
<p>[contact-form to= »marc@maisonmallet.com » subject= »Condoléances BOUCHER, Lorenzo »][contact-field label= »Votre nom » type= »name » required= »1&Prime;][contact-field label= »Votre courriel » type= »email » required= »1&Prime;][contact-field label= »Condoléances » type= »textarea »][/contact-form]</p>
