{"id":2254,"date":"2019-04-14T12:12:31","date_gmt":"2019-04-14T16:12:31","guid":{"rendered":"http:\/\/207.253.81.73\/?post_type=event&#038;p=2254"},"modified":"2019-04-26T12:17:05","modified_gmt":"2019-04-26T16:17:05","slug":"landryangelineotis2019","status":"publish","type":"event","link":"https:\/\/nouveau.maisonmallet.com\/back05_01\/?event=landryangelineotis2019","title":{"rendered":"LANDRY, Angeline (Otis)"},"content":{"rendered":"<p>1922 &#8211; 2019<\/p>\n<p>\u00c0 Sept-\u00celes, le 14 avril 2019, est d\u00e9c\u00e9d\u00e9e \u00e0 l\u2019\u00e2ge de 96 ans, madame Angeline Landry \u00e9pouse de feu Jean Otis et domicili\u00e9e \u00e0 Sept-\u00celes.<\/p>\n<p>La c\u00e9r\u00e9monie comm\u00e9morative de madame Angeline Landry Otis aura lieu le samedi 20 avril 2019 \u00e0 15 h 30 \u00e0 la chapelle du Complexe Thanatologique Mallet &amp; fils du 585, Boul. Laure \u00e0 Sept-\u00celes.<\/p>\n<p>Selon ses volont\u00e9s, elle a \u00e9t\u00e9 confi\u00e9e au cr\u00e9matorium de la Maison Mallet &amp; fils pour cr\u00e9mation.<\/p>\n<p>La famille re\u00e7oit parents et amis le samedi 20 avril 2019 jour de la c\u00e9r\u00e9monie de 13 h \u00e0 16 h au Complexe Thanatologique Mallet &amp; fils du 585 boul. Laure \u00e0 Sept-\u00celes.<\/p>\n<p>Elle laisse dans le deuil son fils\u00a0Jean-Claude (Brigitte Couturier), sa fille Suzanne (Marc Giroux), son petit-fils Jean-Philippe, sa petite-fille Jeanie ainsi que ses fr\u00e8res, ses s\u0153urs, ses belles-s\u0153urs, ses beaux-fr\u00e8res, ses neveux, ses ni\u00e8ces, ses cousins, ses cousines et de nombreux ami(e)s.<\/p>\n<p>Vos marques de sympathie peuvent se traduire par un don \u00e0 l\u2019\u00c9lyme des sables\u00a0<a href=\"http:\/\/www.elymedessables.com\/\">www.elymedessables.com<\/a><\/p>\n<p>La famille a confi\u00e9 les arrangements aux services professionnels de la Maison Mallet et Fils du 585 Boul. Laure \u00e0 Sept-\u00celes, maintenant reconnue Distinction et membre de la Corporation des Thanatologues du Qu\u00e9bec.<\/p>\n<p>&nbsp;<\/p>\n<p><strong>Ceux et celles qui le d\u00e9sirent,\u00a0 peuvent y envoyer des messages de sympathie.<\/strong><\/p>\n<p>&nbsp;<\/p>\n<hr \/>\n<p>Envoyer vos condol\u00e9ances<\/p>\n<p>[contact-form to=\u00a0\u00bbmarc@maisonmallet.com\u00a0\u00bb subject=\u00a0\u00bbCondol\u00e9ances LANDRY, Angeline (Otis)\u00a0\u00bb][contact-field label=\u00a0\u00bbVotre nom\u00a0\u00bb type=\u00a0\u00bbname\u00a0\u00bb required=\u00a0\u00bb1&Prime;][contact-field label=\u00a0\u00bbVotre courriel\u00a0\u00bb type=\u00a0\u00bbemail\u00a0\u00bb required=\u00a0\u00bb1&Prime;][contact-field label=\u00a0\u00bbCondol\u00e9ances\u00a0\u00bb type=\u00a0\u00bbtextarea\u00a0\u00bb][\/contact-form]<\/p>\n","protected":false},"featured_media":0,"template":"","event_cat":[6],"class_list":["post-2254","event","type-event","status-publish","hentry","event_cat-maison-mallet-et-fils-inc"],"_links":{"self":[{"href":"https:\/\/nouveau.maisonmallet.com\/back05_01\/index.php?rest_route=\/wp\/v2\/event\/2254","targetHints":{"allow":["GET"]}}],"collection":[{"href":"https:\/\/nouveau.maisonmallet.com\/back05_01\/index.php?rest_route=\/wp\/v2\/event"}],"about":[{"href":"https:\/\/nouveau.maisonmallet.com\/back05_01\/index.php?rest_route=\/wp\/v2\/types\/event"}],"wp:attachment":[{"href":"https:\/\/nouveau.maisonmallet.com\/back05_01\/index.php?rest_route=%2Fwp%2Fv2%2Fmedia&parent=2254"}],"wp:term":[{"taxonomy":"event_cat","embeddable":true,"href":"https:\/\/nouveau.maisonmallet.com\/back05_01\/index.php?rest_route=%2Fwp%2Fv2%2Fevent_cat&post=2254"}],"curies":[{"name":"wp","href":"https:\/\/api.w.org\/{rel}","templated":true}]}}

<p>1922 &#8211; 2019</p>
<p>À Sept-Îles, le 14 avril 2019, est décédée à l’âge de 96 ans, madame Angeline Landry épouse de feu Jean Otis et domiciliée à Sept-Îles.</p>
<p>La cérémonie commémorative de madame Angeline Landry Otis aura lieu le samedi 20 avril 2019 à 15 h 30 à la chapelle du Complexe Thanatologique Mallet &amp; fils du 585, Boul. Laure à Sept-Îles.</p>
<p>Selon ses volontés, elle a été confiée au crématorium de la Maison Mallet &amp; fils pour crémation.</p>
<p>La famille reçoit parents et amis le samedi 20 avril 2019 jour de la cérémonie de 13 h à 16 h au Complexe Thanatologique Mallet &amp; fils du 585 boul. Laure à Sept-Îles.</p>
<p>Elle laisse dans le deuil son fils Jean-Claude (Brigitte Couturier), sa fille Suzanne (Marc Giroux), son petit-fils Jean-Philippe, sa petite-fille Jeanie ainsi que ses frères, ses sœurs, ses belles-sœurs, ses beaux-frères, ses neveux, ses nièces, ses cousins, ses cousines et de nombreux ami(e)s.</p>
<p>Vos marques de sympathie peuvent se traduire par un don à l’Élyme des sables <a href="http://www.elymedessables.com/">www.elymedessables.com</a></p>
<p>La famille a confié les arrangements aux services professionnels de la Maison Mallet et Fils du 585 Boul. Laure à Sept-Îles, maintenant reconnue Distinction et membre de la Corporation des Thanatologues du Québec.</p>
<p>&nbsp;</p>
<p><strong>Ceux et celles qui le désirent,  peuvent y envoyer des messages de sympathie.</strong></p>
<p>&nbsp;</p>
<hr />
<p>Envoyer vos condoléances</p>
<p>[contact-form to= »marc@maisonmallet.com » subject= »Condoléances LANDRY, Angeline (Otis) »][contact-field label= »Votre nom » type= »name » required= »1&Prime;][contact-field label= »Votre courriel » type= »email » required= »1&Prime;][contact-field label= »Condoléances » type= »textarea »][/contact-form]</p>
