{"id":22620,"date":"2021-07-19T10:05:06","date_gmt":"2021-07-19T14:05:06","guid":{"rendered":"https:\/\/nouveau.maisonmallet.com\/?post_type=event&#038;p=22620"},"modified":"2021-07-19T10:05:06","modified_gmt":"2021-07-19T14:05:06","slug":"lebrun-cyrille","status":"publish","type":"event","link":"https:\/\/nouveau.maisonmallet.com\/back05_01\/?event=lebrun-cyrille","title":{"rendered":"LEBRUN, Cyrille"},"content":{"rendered":"<p>1944-2020<\/p>\n<p>LEBRUN, Cyrille<\/p>\n<p>\u00c0 Sherbrooke, le 23 juillet 2020, est d\u00e9c\u00e9d\u00e9 \u00e0 l\u2019\u00e2ge de 76 ans et 5 mois, monsieur Cyrille Lebrun \u00e9poux de madame Rita Boudreau et domicili\u00e9 \u00e0 Sherbrooke.<\/p>\n<p>Les fun\u00e9railles de monsieur Cyrille Lebrun auront lieu le samedi 24 juillet 2021 \u00e0 11 h en l\u2019\u00e9glise Saint-Pierre de Havre-Saint-Pierre et de l\u00e0 au cimeti\u00e8re de Rivi\u00e8re-au-Tonnerre.<\/p>\n<p><strong><u>\u00c9tant donn\u00e9 la situation de crise entourant la COVID-19 et par souci de se conformer aux recommandations gouvernementales en de rassemblements int\u00e9rieurs et des mesures strictes d\u2019hygi\u00e8ne vous pouvez assister aux fun\u00e9railles seulement sur invitation \u00e0 l\u2019\u00c9glise Saint-Pierre. Un maximum de 250 personnes.<\/u><\/strong><\/p>\n<p>La famille re\u00e7oit parents et amis le vendredi 23 juillet 2021 de 19 h \u00e0 21 h 30. Le samedi 24 juillet 2021 jour des fun\u00e9railles \u00e0 compter de 10 h au salon de la Maison L.J.G. Mallet du 1429, rue du Canot \u00e0 Havre-Saint-Pierre.<\/p>\n<p><strong>D\u00fb aux circonstances reli\u00e9es \u00e0 la pand\u00e9mie, vous pouvez venir pr\u00e9senter vos condol\u00e9ances en respectant la distanciation sociale et le port du masque sera obligatoire.<\/strong><\/p>\n<p>Il laisse dans le deuil outre son \u00e9pouse madame Rita Boudreau, son fils Sylvio, sa fille Annie (Benoit Desjardins), ses petits-enfants Rosalie Desjardins et Antoine Desjardins, ses fr\u00e8res\u00a0: Georges (Suzette Bergeron) et Jean-Guy (Diane No\u00ebl), ses s\u0153urs\u00a0: Rose-Aim\u00e9e (feu Raymond Cody), Francine (Gilles Lebrasseur) et Raymonde Petitpas (feu Paul Th\u00e9riault), ses beaux-fr\u00e8res\u00a0: Michel Gignac (feue Jocelyne Boudreau), Jules Boudreau (Yvonne Pr\u00e9vereau), Denis Boudreau (Ren\u00e9e Th\u00e9riault) et Arnold Boudreau (Lucette Boudreau), ses belles-s\u0153urs\u00a0: Rosabelle Boudreau (feu Donald Bouchard) et Monique Cormier (feu Jean-Louis Boudreau), ses neveux et ses ni\u00e8ces. Il laisse \u00e9galement de nombreux amis et anciens coll\u00e8gues de travail.<\/p>\n<p>Vos marques de sympathie peuvent se traduire par un don \u00e0 la SLA Qu\u00e9bec sur internet.<\/p>\n<p>La famille a confi\u00e9 la direction des fun\u00e9railles aux services professionnels de la Maison L.J.G. Mallet du 1429, rue du Canot \u00e0 Havre-Saint-Pierre, maintenant reconnue Distinction et membre de la Corporation des Thanatologues du Qu\u00e9bec.<\/p>\n<p>Vous pouvez consulter cet avis de d\u00e9c\u00e8s sur le <a href=\"https:\/\/nouveau.maisonmallet.com\/back05_01\">www.maisonmallet.com<\/a><\/p>\n<p>Ceux et celles qui le d\u00e9sirent, peuvent y envoyer des messages de sympathie.<\/p>\n<p>&nbsp;<\/p>\n<hr \/>\n<p>Envoyer vos condol\u00e9ances<\/p>\n<p>[contact-form to=\u00a0\u00bbannielebrun@videotron.ca\u00a0\u00bb subject=\u00a0\u00bbCondol\u00e9ances Cyrille Lebrun\u00a0\u00bb][contact-field label=\u00a0\u00bbVotre nom\u00a0\u00bb type=\u00a0\u00bbname\u00a0\u00bb required=\u00a0\u00bb1&Prime;][contact-field label=\u00a0\u00bbVotre courriel\u00a0\u00bb type=\u00a0\u00bbemail\u00a0\u00bb required=\u00a0\u00bb1&Prime;][contact-field label=\u00a0\u00bbCondol\u00e9ances\u00a0\u00bb type=\u00a0\u00bbtextarea\u00a0\u00bb][\/contact-form]<\/p>\n","protected":false},"featured_media":22622,"template":"","event_cat":[7],"class_list":["post-22620","event","type-event","status-publish","has-post-thumbnail","hentry","event_cat-maison-l-j-g-mallet-inc"],"_links":{"self":[{"href":"https:\/\/nouveau.maisonmallet.com\/back05_01\/index.php?rest_route=\/wp\/v2\/event\/22620","targetHints":{"allow":["GET"]}}],"collection":[{"href":"https:\/\/nouveau.maisonmallet.com\/back05_01\/index.php?rest_route=\/wp\/v2\/event"}],"about":[{"href":"https:\/\/nouveau.maisonmallet.com\/back05_01\/index.php?rest_route=\/wp\/v2\/types\/event"}],"wp:featuredmedia":[{"embeddable":true,"href":"https:\/\/nouveau.maisonmallet.com\/back05_01\/index.php?rest_route=\/wp\/v2\/media\/22622"}],"wp:attachment":[{"href":"https:\/\/nouveau.maisonmallet.com\/back05_01\/index.php?rest_route=%2Fwp%2Fv2%2Fmedia&parent=22620"}],"wp:term":[{"taxonomy":"event_cat","embeddable":true,"href":"https:\/\/nouveau.maisonmallet.com\/back05_01\/index.php?rest_route=%2Fwp%2Fv2%2Fevent_cat&post=22620"}],"curies":[{"name":"wp","href":"https:\/\/api.w.org\/{rel}","templated":true}]}}

<p>1944-2020</p>
<p>LEBRUN, Cyrille</p>
<p>À Sherbrooke, le 23 juillet 2020, est décédé à l’âge de 76 ans et 5 mois, monsieur Cyrille Lebrun époux de madame Rita Boudreau et domicilié à Sherbrooke.</p>
<p>Les funérailles de monsieur Cyrille Lebrun auront lieu le samedi 24 juillet 2021 à 11 h en l’église Saint-Pierre de Havre-Saint-Pierre et de là au cimetière de Rivière-au-Tonnerre.</p>
<p><strong><u>Étant donné la situation de crise entourant la COVID-19 et par souci de se conformer aux recommandations gouvernementales en de rassemblements intérieurs et des mesures strictes d’hygiène vous pouvez assister aux funérailles seulement sur invitation à l’Église Saint-Pierre. Un maximum de 250 personnes.</u></strong></p>
<p>La famille reçoit parents et amis le vendredi 23 juillet 2021 de 19 h à 21 h 30. Le samedi 24 juillet 2021 jour des funérailles à compter de 10 h au salon de la Maison L.J.G. Mallet du 1429, rue du Canot à Havre-Saint-Pierre.</p>
<p><strong>Dû aux circonstances reliées à la pandémie, vous pouvez venir présenter vos condoléances en respectant la distanciation sociale et le port du masque sera obligatoire.</strong></p>
<p>Il laisse dans le deuil outre son épouse madame Rita Boudreau, son fils Sylvio, sa fille Annie (Benoit Desjardins), ses petits-enfants Rosalie Desjardins et Antoine Desjardins, ses frères : Georges (Suzette Bergeron) et Jean-Guy (Diane Noël), ses sœurs : Rose-Aimée (feu Raymond Cody), Francine (Gilles Lebrasseur) et Raymonde Petitpas (feu Paul Thériault), ses beaux-frères : Michel Gignac (feue Jocelyne Boudreau), Jules Boudreau (Yvonne Prévereau), Denis Boudreau (Renée Thériault) et Arnold Boudreau (Lucette Boudreau), ses belles-sœurs : Rosabelle Boudreau (feu Donald Bouchard) et Monique Cormier (feu Jean-Louis Boudreau), ses neveux et ses nièces. Il laisse également de nombreux amis et anciens collègues de travail.</p>
<p>Vos marques de sympathie peuvent se traduire par un don à la SLA Québec sur internet.</p>
<p>La famille a confié la direction des funérailles aux services professionnels de la Maison L.J.G. Mallet du 1429, rue du Canot à Havre-Saint-Pierre, maintenant reconnue Distinction et membre de la Corporation des Thanatologues du Québec.</p>
<p>Vous pouvez consulter cet avis de décès sur le <a href="https://nouveau.maisonmallet.com/back05_01">www.maisonmallet.com</a></p>
<p>Ceux et celles qui le désirent, peuvent y envoyer des messages de sympathie.</p>
<p>&nbsp;</p>
<hr />
<p>Envoyer vos condoléances</p>
<p>[contact-form to= »annielebrun@videotron.ca » subject= »Condoléances Cyrille Lebrun »][contact-field label= »Votre nom » type= »name » required= »1&Prime;][contact-field label= »Votre courriel » type= »email » required= »1&Prime;][contact-field label= »Condoléances » type= »textarea »][/contact-form]</p>
