{"id":22621,"date":"2021-07-20T16:31:20","date_gmt":"2021-07-20T20:31:20","guid":{"rendered":"https:\/\/nouveau.maisonmallet.com\/?post_type=event&#038;p=22621"},"modified":"2021-07-23T09:18:59","modified_gmt":"2021-07-23T13:18:59","slug":"bezeau-chantal-lalancette","status":"publish","type":"event","link":"https:\/\/nouveau.maisonmallet.com\/back05_01\/?event=bezeau-chantal-lalancette","title":{"rendered":"BEZEAU, Chantal (Lalancette)"},"content":{"rendered":"<p>1963-2021<\/p>\n<p>BEZEAU, Chantal (Lalancette)<\/p>\n<p>&nbsp;<\/p>\n<p>&nbsp;<\/p>\n<p>\u00c0 Port-Cartier, le 19 juillet 2021, est d\u00e9c\u00e9d\u00e9e \u00e0 l\u2019\u00e2ge de 58 ans, madame Chantal Bezeau \u00e9pouse de monsieur R\u00e9jean Lalancette et domicili\u00e9e \u00e0 Port-Cartier.<\/p>\n<p>Les fun\u00e9railles de madame Chantal Bezeau auront lieu le samedi 24 juillet 2021 \u00e0 14 h en l\u2019\u00e9glise Sacr\u00e9-C\u0153ur situ\u00e9e au 38, rue Parent \u00e0 Port-Cartier et de l\u00e0 au cimeti\u00e8re de Rivi\u00e8re Pentec\u00f4te.<\/p>\n<p>La famille re\u00e7oit parents et amis le vendredi 23 juillet 2021 de 19 h \u00e0 22 h. Le samedi 24 juillet 2021 jour des fun\u00e9railles \u00e0 compte de 12 h 30 au Complexe Thanatologique Mallet &amp; fils du 57, route 138 \u00e0 Port-Cartier.<\/p>\n<p><strong><u>D\u00fb aux circonstances reli\u00e9es \u00e0 la pand\u00e9mie, vous pouvez venir pr\u00e9senter vos condol\u00e9ances en respectant la distanciation physique et le port du masque sera obligatoire.<\/u><\/strong><strong><u>\u00a0<\/u><\/strong><\/p>\n<p>Elle laisse dans le deuil outre son \u00e9poux monsieur R\u00e9jean Lalancette, ses fils\u00a0: Patrick (Marie-No\u00ebl Beaudin Langlois) et Benoit (Sonia Imbeault), sa fille H\u00e9l\u00e8ne (Fr\u00e9d\u00e9ric Jean-Breton), ses petites-filles\u00a0: Sydney, Kelly-Ann, Anne-Julie, Kymberley, Fanny, \u00a0Lily-Rose et Andr\u00e9anne, ses petits-fils\u00a0: Christopher et William, son arri\u00e8re-petite-fille Coraly, son p\u00e8re monsieur Edgar Bezeau (Eliette Lessard) ainsi que ses s\u0153urs\u00a0: Solange (Jude Fournier), Lucie (Serge Ayers) et M\u00e9lanie (Sylvain Desrochers), ses beaux-fr\u00e8res, ses belles-s\u0153urs, ses neveux, ses ni\u00e8ces, ses oncles, ses tantes, ses cousins, ses cousines et de nombreux ami(e)s.<\/p>\n<p>Elle \u00e9tait la s\u0153ur de feu Magella.<\/p>\n<p>Vos marques de sympathie peuvent se traduire par un don \u00e0 la Fondation du cancer du sein du Qu\u00e9bec <a href=\"http:\/\/www.rubanrose.org\">www.rubanrose.org<\/a><\/p>\n<p>La famille a confi\u00e9 la direction des fun\u00e9railles aux services professionnels de la maison Mallet &amp; fils du 57, route 138 \u00e0 Port-Cartier, maintenant reconnue Distinction et membre de la Corporation des Thanatologues du Qu\u00e9bec.<\/p>\n<p>Vous pouvez consulter cet avis de d\u00e9c\u00e8s, sur le <a href=\"https:\/\/nouveau.maisonmallet.com\/back05_01\">www.maisonmallet.com<\/a><\/p>\n<p>Ceux et celles qui le d\u00e9sirent, peuvent y envoyer des messages de sympathie.<\/p>\n<p>&nbsp;<\/p>\n<p>&nbsp;<\/p>\n<hr \/>\n<p>Envoyer vos condol\u00e9ances<\/p>\n<p>[contact-form to=\u00a0\u00bbgrenouillekym05@hotmail.com\u00a0\u00bb subject=\u00a0\u00bbCondol\u00e9ances Chantal Bezeau\u00a0\u00bb][contact-field label=\u00a0\u00bbVotre nom\u00a0\u00bb type=\u00a0\u00bbname\u00a0\u00bb required=\u00a0\u00bb1&Prime;][contact-field label=\u00a0\u00bbVotre courriel\u00a0\u00bb type=\u00a0\u00bbemail\u00a0\u00bb required=\u00a0\u00bb1&Prime;][contact-field label=\u00a0\u00bbCondol\u00e9ances\u00a0\u00bb type=\u00a0\u00bbtextarea\u00a0\u00bb][\/contact-form]<\/p>\n","protected":false},"featured_media":22678,"template":"","event_cat":[6],"class_list":["post-22621","event","type-event","status-publish","has-post-thumbnail","hentry","event_cat-maison-mallet-et-fils-inc"],"_links":{"self":[{"href":"https:\/\/nouveau.maisonmallet.com\/back05_01\/index.php?rest_route=\/wp\/v2\/event\/22621","targetHints":{"allow":["GET"]}}],"collection":[{"href":"https:\/\/nouveau.maisonmallet.com\/back05_01\/index.php?rest_route=\/wp\/v2\/event"}],"about":[{"href":"https:\/\/nouveau.maisonmallet.com\/back05_01\/index.php?rest_route=\/wp\/v2\/types\/event"}],"wp:featuredmedia":[{"embeddable":true,"href":"https:\/\/nouveau.maisonmallet.com\/back05_01\/index.php?rest_route=\/wp\/v2\/media\/22678"}],"wp:attachment":[{"href":"https:\/\/nouveau.maisonmallet.com\/back05_01\/index.php?rest_route=%2Fwp%2Fv2%2Fmedia&parent=22621"}],"wp:term":[{"taxonomy":"event_cat","embeddable":true,"href":"https:\/\/nouveau.maisonmallet.com\/back05_01\/index.php?rest_route=%2Fwp%2Fv2%2Fevent_cat&post=22621"}],"curies":[{"name":"wp","href":"https:\/\/api.w.org\/{rel}","templated":true}]}}

<p>1963-2021</p>
<p>BEZEAU, Chantal (Lalancette)</p>
<p>&nbsp;</p>
<p>&nbsp;</p>
<p>À Port-Cartier, le 19 juillet 2021, est décédée à l’âge de 58 ans, madame Chantal Bezeau épouse de monsieur Réjean Lalancette et domiciliée à Port-Cartier.</p>
<p>Les funérailles de madame Chantal Bezeau auront lieu le samedi 24 juillet 2021 à 14 h en l’église Sacré-Cœur située au 38, rue Parent à Port-Cartier et de là au cimetière de Rivière Pentecôte.</p>
<p>La famille reçoit parents et amis le vendredi 23 juillet 2021 de 19 h à 22 h. Le samedi 24 juillet 2021 jour des funérailles à compte de 12 h 30 au Complexe Thanatologique Mallet &amp; fils du 57, route 138 à Port-Cartier.</p>
<p><strong><u>Dû aux circonstances reliées à la pandémie, vous pouvez venir présenter vos condoléances en respectant la distanciation physique et le port du masque sera obligatoire.</u></strong><strong><u> </u></strong></p>
<p>Elle laisse dans le deuil outre son époux monsieur Réjean Lalancette, ses fils : Patrick (Marie-Noël Beaudin Langlois) et Benoit (Sonia Imbeault), sa fille Hélène (Frédéric Jean-Breton), ses petites-filles : Sydney, Kelly-Ann, Anne-Julie, Kymberley, Fanny,  Lily-Rose et Andréanne, ses petits-fils : Christopher et William, son arrière-petite-fille Coraly, son père monsieur Edgar Bezeau (Eliette Lessard) ainsi que ses sœurs : Solange (Jude Fournier), Lucie (Serge Ayers) et Mélanie (Sylvain Desrochers), ses beaux-frères, ses belles-sœurs, ses neveux, ses nièces, ses oncles, ses tantes, ses cousins, ses cousines et de nombreux ami(e)s.</p>
<p>Elle était la sœur de feu Magella.</p>
<p>Vos marques de sympathie peuvent se traduire par un don à la Fondation du cancer du sein du Québec <a href="http://www.rubanrose.org">www.rubanrose.org</a></p>
<p>La famille a confié la direction des funérailles aux services professionnels de la maison Mallet &amp; fils du 57, route 138 à Port-Cartier, maintenant reconnue Distinction et membre de la Corporation des Thanatologues du Québec.</p>
<p>Vous pouvez consulter cet avis de décès, sur le <a href="https://nouveau.maisonmallet.com/back05_01">www.maisonmallet.com</a></p>
<p>Ceux et celles qui le désirent, peuvent y envoyer des messages de sympathie.</p>
<p>&nbsp;</p>
<p>&nbsp;</p>
<hr />
<p>Envoyer vos condoléances</p>
<p>[contact-form to= »grenouillekym05@hotmail.com » subject= »Condoléances Chantal Bezeau »][contact-field label= »Votre nom » type= »name » required= »1&Prime;][contact-field label= »Votre courriel » type= »email » required= »1&Prime;][contact-field label= »Condoléances » type= »textarea »][/contact-form]</p>
