{"id":22731,"date":"2021-07-26T08:52:23","date_gmt":"2021-07-26T12:52:23","guid":{"rendered":"https:\/\/nouveau.maisonmallet.com\/?post_type=event&#038;p=22731"},"modified":"2021-08-30T20:14:59","modified_gmt":"2021-08-31T00:14:59","slug":"tremblay-fernand","status":"publish","type":"event","link":"https:\/\/nouveau.maisonmallet.com\/back05_01\/?event=tremblay-fernand","title":{"rendered":"TREMBLAY, Fernand"},"content":{"rendered":"<p>&nbsp;<\/p>\n<p>TREMBLAY, Fernand<\/p>\n<p>1944 &#8211; 2021<\/p>\n<p>\u00c0 Havre-Saint-Pierre, le 26 juillet 2021, est d\u00e9c\u00e9d\u00e9 \u00e0 l\u2019\u00e2ge de 76 ans et 9 mois monsieur Fernand Tremblay fils de feu Michel Tremblay et de feue Simone Gagnon domicili\u00e9 \u00e0 Havre-Saint-Pierre autrefois de Port-Menier.<\/p>\n<p>Les fun\u00e9railles de monsieur Fernand Tremblay auront lieu \u00e0 une date ult\u00e9rieure en l\u2019\u00c9glise Notre-Dame de-l\u2019Assomption de Port-Menier.<\/p>\n<p>Selon ses volont\u00e9s, il a \u00e9t\u00e9 confi\u00e9 au cr\u00e9matorium de la Maison L.J.G. Mallet pour cr\u00e9mation.<\/p>\n<p>Il laisse dans le deuil sa fille Wendy (Joshua Joubert), ses fils : Stefan (Johanne H\u00e9mond) et Paul (Isabelle Lapierre), ses petits-enfants : Lo\u00efck, \u00c9loi, Maxime, Janick, Sarah et leur conjoint. Son fr\u00e8re, ses s\u0153urs, ses beaux-fr\u00e8res, ses belles-s\u0153urs, ses neveux, ses ni\u00e8ces et de nombreux amis.<\/p>\n<p>Vos marques de sympathie peuvent se traduire par un don \u00e0 la Fondation du centre de sant\u00e9 de la Minganie.<\/p>\n<p>La famille a confi\u00e9 les arrangements aux services professionnels de la Maison L.J.G. Mallet du 1429, rue du Canot \u00e0 Havre-Saint-Pierre, maintenant reconnue Distinction et membre de la Corporation des Thanatologues du Qu\u00e9bec.<\/p>\n<p>Vous pouvez consulter cet avis de d\u00e9c\u00e8s sur le <a href=\"https:\/\/nouveau.maisonmallet.com\/back05_01\">www.maisonmallet.com<\/a><\/p>\n<p>Ceux et celles qui le d\u00e9sirent, peuvent y envoyer des messages de sympathie.<\/p>\n<hr \/>\n<p>Envoyer vos condol\u00e9ances<\/p>\n<p>[contact-form to=\u00a0\u00bbstephane.tremblay@transports.gouv.qc.ca\u00a0\u00bb subject=\u00a0\u00bbCondol\u00e9ances Fernand Tremblay\u00a0\u00bb][contact-field label=\u00a0\u00bbVotre nom\u00a0\u00bb type=\u00a0\u00bbname\u00a0\u00bb required=\u00a0\u00bb1&Prime;][contact-field label=\u00a0\u00bbVotre courriel\u00a0\u00bb type=\u00a0\u00bbemail\u00a0\u00bb required=\u00a0\u00bb1&Prime;][contact-field label=\u00a0\u00bbCondol\u00e9ances\u00a0\u00bb type=\u00a0\u00bbtextarea\u00a0\u00bb][\/contact-form]<\/p>\n","protected":false},"featured_media":22784,"template":"","event_cat":[7],"class_list":["post-22731","event","type-event","status-publish","has-post-thumbnail","hentry","event_cat-maison-l-j-g-mallet-inc"],"_links":{"self":[{"href":"https:\/\/nouveau.maisonmallet.com\/back05_01\/index.php?rest_route=\/wp\/v2\/event\/22731","targetHints":{"allow":["GET"]}}],"collection":[{"href":"https:\/\/nouveau.maisonmallet.com\/back05_01\/index.php?rest_route=\/wp\/v2\/event"}],"about":[{"href":"https:\/\/nouveau.maisonmallet.com\/back05_01\/index.php?rest_route=\/wp\/v2\/types\/event"}],"wp:featuredmedia":[{"embeddable":true,"href":"https:\/\/nouveau.maisonmallet.com\/back05_01\/index.php?rest_route=\/wp\/v2\/media\/22784"}],"wp:attachment":[{"href":"https:\/\/nouveau.maisonmallet.com\/back05_01\/index.php?rest_route=%2Fwp%2Fv2%2Fmedia&parent=22731"}],"wp:term":[{"taxonomy":"event_cat","embeddable":true,"href":"https:\/\/nouveau.maisonmallet.com\/back05_01\/index.php?rest_route=%2Fwp%2Fv2%2Fevent_cat&post=22731"}],"curies":[{"name":"wp","href":"https:\/\/api.w.org\/{rel}","templated":true}]}}

<p>&nbsp;</p>
<p>TREMBLAY, Fernand</p>
<p>1944 &#8211; 2021</p>
<p>À Havre-Saint-Pierre, le 26 juillet 2021, est décédé à l’âge de 76 ans et 9 mois monsieur Fernand Tremblay fils de feu Michel Tremblay et de feue Simone Gagnon domicilié à Havre-Saint-Pierre autrefois de Port-Menier.</p>
<p>Les funérailles de monsieur Fernand Tremblay auront lieu à une date ultérieure en l’Église Notre-Dame de-l’Assomption de Port-Menier.</p>
<p>Selon ses volontés, il a été confié au crématorium de la Maison L.J.G. Mallet pour crémation.</p>
<p>Il laisse dans le deuil sa fille Wendy (Joshua Joubert), ses fils : Stefan (Johanne Hémond) et Paul (Isabelle Lapierre), ses petits-enfants : Loïck, Éloi, Maxime, Janick, Sarah et leur conjoint. Son frère, ses sœurs, ses beaux-frères, ses belles-sœurs, ses neveux, ses nièces et de nombreux amis.</p>
<p>Vos marques de sympathie peuvent se traduire par un don à la Fondation du centre de santé de la Minganie.</p>
<p>La famille a confié les arrangements aux services professionnels de la Maison L.J.G. Mallet du 1429, rue du Canot à Havre-Saint-Pierre, maintenant reconnue Distinction et membre de la Corporation des Thanatologues du Québec.</p>
<p>Vous pouvez consulter cet avis de décès sur le <a href="https://nouveau.maisonmallet.com/back05_01">www.maisonmallet.com</a></p>
<p>Ceux et celles qui le désirent, peuvent y envoyer des messages de sympathie.</p>
<hr />
<p>Envoyer vos condoléances</p>
<p>[contact-form to= »stephane.tremblay@transports.gouv.qc.ca » subject= »Condoléances Fernand Tremblay »][contact-field label= »Votre nom » type= »name » required= »1&Prime;][contact-field label= »Votre courriel » type= »email » required= »1&Prime;][contact-field label= »Condoléances » type= »textarea »][/contact-form]</p>
