{"id":22794,"date":"2021-07-24T09:18:29","date_gmt":"2021-07-24T13:18:29","guid":{"rendered":"https:\/\/nouveau.maisonmallet.com\/?post_type=event&#038;p=22794"},"modified":"2021-08-30T20:14:36","modified_gmt":"2021-08-31T00:14:36","slug":"lebrun-patrice","status":"publish","type":"event","link":"https:\/\/nouveau.maisonmallet.com\/back05_01\/?event=lebrun-patrice","title":{"rendered":"LEBRUN, Patrice"},"content":{"rendered":"<p>1948 \u2013 2021<\/p>\n<p>LEBRUN, Patrice<\/p>\n<p>&nbsp;<\/p>\n<p>\u00c0 Qu\u00e9bec, le 24 juillet 2021, est d\u00e9c\u00e9d\u00e9 \u00e0 l\u2019\u00e2ge de 73 ans, monsieur Patrice Lebrun fils de feu Johnny Lebrun et de feue Alfreda Vigneault domicili\u00e9 \u00e0 Havre Saint-Pierre.<\/p>\n<p>La c\u00e9r\u00e9monie comm\u00e9morative de monsieur Patrice Lebrun aura lieu le samedi 14 ao\u00fbt 2021 \u00e0 15 h au salon de la maison L.J.G. Mallet du 1429, rue du Canot \u00e0 Havre Saint-Pierre.<\/p>\n<p>Selon ses volont\u00e9s, il a \u00e9t\u00e9 confi\u00e9 au cr\u00e9matorium de la maison L.J.G. Mallet pour cr\u00e9mation.<\/p>\n<p>La famille re\u00e7oit parents et amis le samedi 14 ao\u00fbt 2021 de 13 h \u00e0 16 h \u00e0 la maison L.J.G. Mallet du 1429, rue du Canot \u00e0 Havre Saint-Pierre.<\/p>\n<p><strong><u>D\u00fb aux circonstances reli\u00e9es \u00e0 la pand\u00e9mie, vous pouvez venir pr\u00e9senter vos condol\u00e9ances en respectant la distanciation physique et le port du masque sera obligatoire.<\/u><\/strong><\/p>\n<p>Il laisse dans le deuil sa fille Marlyne (Rock Lebrasseur), son fils Yvan, ses petites-filles\u00a0: Joannie et St\u00e9phanie, son petit-fils Maxime, son arri\u00e8re-petit-fils Albert ainsi que sa s\u0153ur Aline, ses fr\u00e8res\u00a0: Jean-Guy (Candide) et Louis, la m\u00e8re de ses enfants madame H\u00e9l\u00e8ne Turbis, ses beaux-fr\u00e8res, ses belles-s\u0153urs, ses neveux, ses ni\u00e8ces, ses cousins, ses cousines et ses ami(e)s.<\/p>\n<p>Vos marques de sympathie peuvent se traduire par un don \u00e0 la Fondation des maladies du c\u0153ur et de l\u2019AVC.<\/p>\n<p>La famille a confi\u00e9 les arrangements aux services professionnels de la Maison L.J.G. Mallet du 1429, rue du Canot \u00e0 Havre-St-Pierre, membre de la Corporation des thanatologues du Qu\u00e9bec.<\/p>\n<p>Vous pouvez consulter cet avis de d\u00e9c\u00e8s, sur le <a href=\"https:\/\/nouveau.maisonmallet.com\/back05_01\">www.maisonmallet.com<\/a><\/p>\n<p>Ceux et celles qui le d\u00e9sirent, peuvent y envoyer des messages de sympathie.<\/p>\n<p>&nbsp;<\/p>\n<hr \/>\n<p>Envoyer vos condol\u00e9ances<\/p>\n<p>[contact-form to=\u00a0\u00bbmarlynelebrun@hotmail.com\u00a0\u00bb subject=\u00a0\u00bbCondol\u00e9ances Patrice Lebrun\u00a0\u00bb][contact-field label=\u00a0\u00bbVotre nom\u00a0\u00bb type=\u00a0\u00bbname\u00a0\u00bb required=\u00a0\u00bb1&Prime;][contact-field label=\u00a0\u00bbVotre courriel\u00a0\u00bb type=\u00a0\u00bbemail\u00a0\u00bb required=\u00a0\u00bb1&Prime;][contact-field label=\u00a0\u00bbCondol\u00e9ances\u00a0\u00bb type=\u00a0\u00bbtextarea\u00a0\u00bb][\/contact-form]<\/p>\n","protected":false},"featured_media":22801,"template":"","event_cat":[7],"class_list":["post-22794","event","type-event","status-publish","has-post-thumbnail","hentry","event_cat-maison-l-j-g-mallet-inc"],"_links":{"self":[{"href":"https:\/\/nouveau.maisonmallet.com\/back05_01\/index.php?rest_route=\/wp\/v2\/event\/22794","targetHints":{"allow":["GET"]}}],"collection":[{"href":"https:\/\/nouveau.maisonmallet.com\/back05_01\/index.php?rest_route=\/wp\/v2\/event"}],"about":[{"href":"https:\/\/nouveau.maisonmallet.com\/back05_01\/index.php?rest_route=\/wp\/v2\/types\/event"}],"wp:featuredmedia":[{"embeddable":true,"href":"https:\/\/nouveau.maisonmallet.com\/back05_01\/index.php?rest_route=\/wp\/v2\/media\/22801"}],"wp:attachment":[{"href":"https:\/\/nouveau.maisonmallet.com\/back05_01\/index.php?rest_route=%2Fwp%2Fv2%2Fmedia&parent=22794"}],"wp:term":[{"taxonomy":"event_cat","embeddable":true,"href":"https:\/\/nouveau.maisonmallet.com\/back05_01\/index.php?rest_route=%2Fwp%2Fv2%2Fevent_cat&post=22794"}],"curies":[{"name":"wp","href":"https:\/\/api.w.org\/{rel}","templated":true}]}}

<p>1948 – 2021</p>
<p>LEBRUN, Patrice</p>
<p>&nbsp;</p>
<p>À Québec, le 24 juillet 2021, est décédé à l’âge de 73 ans, monsieur Patrice Lebrun fils de feu Johnny Lebrun et de feue Alfreda Vigneault domicilié à Havre Saint-Pierre.</p>
<p>La cérémonie commémorative de monsieur Patrice Lebrun aura lieu le samedi 14 août 2021 à 15 h au salon de la maison L.J.G. Mallet du 1429, rue du Canot à Havre Saint-Pierre.</p>
<p>Selon ses volontés, il a été confié au crématorium de la maison L.J.G. Mallet pour crémation.</p>
<p>La famille reçoit parents et amis le samedi 14 août 2021 de 13 h à 16 h à la maison L.J.G. Mallet du 1429, rue du Canot à Havre Saint-Pierre.</p>
<p><strong><u>Dû aux circonstances reliées à la pandémie, vous pouvez venir présenter vos condoléances en respectant la distanciation physique et le port du masque sera obligatoire.</u></strong></p>
<p>Il laisse dans le deuil sa fille Marlyne (Rock Lebrasseur), son fils Yvan, ses petites-filles : Joannie et Stéphanie, son petit-fils Maxime, son arrière-petit-fils Albert ainsi que sa sœur Aline, ses frères : Jean-Guy (Candide) et Louis, la mère de ses enfants madame Hélène Turbis, ses beaux-frères, ses belles-sœurs, ses neveux, ses nièces, ses cousins, ses cousines et ses ami(e)s.</p>
<p>Vos marques de sympathie peuvent se traduire par un don à la Fondation des maladies du cœur et de l’AVC.</p>
<p>La famille a confié les arrangements aux services professionnels de la Maison L.J.G. Mallet du 1429, rue du Canot à Havre-St-Pierre, membre de la Corporation des thanatologues du Québec.</p>
<p>Vous pouvez consulter cet avis de décès, sur le <a href="https://nouveau.maisonmallet.com/back05_01">www.maisonmallet.com</a></p>
<p>Ceux et celles qui le désirent, peuvent y envoyer des messages de sympathie.</p>
<p>&nbsp;</p>
<hr />
<p>Envoyer vos condoléances</p>
<p>[contact-form to= »marlynelebrun@hotmail.com » subject= »Condoléances Patrice Lebrun »][contact-field label= »Votre nom » type= »name » required= »1&Prime;][contact-field label= »Votre courriel » type= »email » required= »1&Prime;][contact-field label= »Condoléances » type= »textarea »][/contact-form]</p>
