{"id":22795,"date":"2021-07-25T09:29:05","date_gmt":"2021-07-25T13:29:05","guid":{"rendered":"https:\/\/nouveau.maisonmallet.com\/?post_type=event&#038;p=22795"},"modified":"2021-08-30T20:13:12","modified_gmt":"2021-08-31T00:13:12","slug":"pinette-louisa-mckenzie","status":"publish","type":"event","link":"https:\/\/nouveau.maisonmallet.com\/back05_01\/?event=pinette-louisa-mckenzie","title":{"rendered":"PINETTE, Louisa (McKenzie)"},"content":{"rendered":"<p>1934 \u2013 2021<\/p>\n<p>PINETTE, Louisa (McKenzie)<\/p>\n<p>&nbsp;<\/p>\n<p>\u00c0 Sept-\u00celes (maison \u00c9lyme des sables), le 25 juillet 2021, est d\u00e9c\u00e9d\u00e9e \u00e0 l\u2019\u00e2ge de 87 ans, madame Louisa Pinette \u00e9pouse de feu Francis McKenzie et domicili\u00e9e \u00e0 Mani-Utenam.<\/p>\n<p>Les fun\u00e9railles de madame Louisa Pinette McKenzie auront lieu le lundi 2 ao\u00fbt 2021 \u00e0 10 h en l\u2019\u00e9glise Notre-Dame-du-Cap situ\u00e9e au 139, rue de l\u2019\u00c9glise \u00e0 Mani-Utenam et de l\u00e0 au cimeti\u00e8re de Mani-Utenam.<\/p>\n<p>La famille re\u00e7oit parents et amis le dimanche le 1<sup>er<\/sup> ao\u00fbt 2021 \u00e0 compter de 13 h \u00e0 l\u2019\u00e9glise Notre-Dame-du-Cap situ\u00e9e au 139, rue de l\u2019\u00c9glise \u00e0 Mani-Utenam.<\/p>\n<p><strong>D\u00fb aux circonstances reli\u00e9es \u00e0 la pand\u00e9mie, vous pouvez venir pr\u00e9senter vos condol\u00e9ances en respectant la distanciation physique et le port du masque sera obligatoire. <\/strong><\/p>\n<p>Elle laisse dans le deuil ses fils\u00a0: Jacques, R\u00e9al (Claudia) et Serge (Marie-Aim\u00e9e), ses petits-enfants\u00a0: M\u00e9lanie, Jimmy (Charlotte), Sophie-Lyne, Anne, D\u00e9bby, Raoul, Sacha, Jos, Bryanna, Anthony, John-Napesh, Alexandrine, Maggie, Maiko et Nelly, ses arri\u00e8re-petits-enfants ainsi que \u00a0ses neveux, ses ni\u00e8ces et nombreux ami(e)s.<\/p>\n<p>La famille a confi\u00e9 la direction des fun\u00e9railles aux services professionnels de la Maison Mallet &amp; fils du 585, boul. Laure \u00e0 Sept-\u00celes, maintenant reconnue Distinction et membre de la Corporation des Thanatologues du Qu\u00e9bec.<\/p>\n<p>Vous pouvez consulter cet avis de d\u00e9c\u00e8s, sur le <a href=\"https:\/\/nouveau.maisonmallet.com\/back05_01\">www.maisonmallet.com<\/a><\/p>\n<p>Ceux et celles qui le d\u00e9sirent, peuvent y envoyer des messages de sympathie.<\/p>\n<p>&nbsp;<\/p>\n<p>&nbsp;<\/p>\n<hr \/>\n<p>Envoyer vos condol\u00e9ances<\/p>\n<p>[contact-form to=\u00a0\u00bbmelvollant612@gmail.com\u00a0\u00bb subject=\u00a0\u00bbCondol\u00e9ances Louisa Pinette\u00a0\u00bb][contact-field label=\u00a0\u00bbVotre nom\u00a0\u00bb type=\u00a0\u00bbname\u00a0\u00bb required=\u00a0\u00bb1&Prime;][contact-field label=\u00a0\u00bbVotre courriel\u00a0\u00bb type=\u00a0\u00bbemail\u00a0\u00bb required=\u00a0\u00bb1&Prime;][contact-field label=\u00a0\u00bbCondol\u00e9ances\u00a0\u00bb type=\u00a0\u00bbtextarea\u00a0\u00bb][\/contact-form]<\/p>\n","protected":false},"featured_media":22800,"template":"","event_cat":[6],"class_list":["post-22795","event","type-event","status-publish","has-post-thumbnail","hentry","event_cat-maison-mallet-et-fils-inc"],"_links":{"self":[{"href":"https:\/\/nouveau.maisonmallet.com\/back05_01\/index.php?rest_route=\/wp\/v2\/event\/22795","targetHints":{"allow":["GET"]}}],"collection":[{"href":"https:\/\/nouveau.maisonmallet.com\/back05_01\/index.php?rest_route=\/wp\/v2\/event"}],"about":[{"href":"https:\/\/nouveau.maisonmallet.com\/back05_01\/index.php?rest_route=\/wp\/v2\/types\/event"}],"wp:featuredmedia":[{"embeddable":true,"href":"https:\/\/nouveau.maisonmallet.com\/back05_01\/index.php?rest_route=\/wp\/v2\/media\/22800"}],"wp:attachment":[{"href":"https:\/\/nouveau.maisonmallet.com\/back05_01\/index.php?rest_route=%2Fwp%2Fv2%2Fmedia&parent=22795"}],"wp:term":[{"taxonomy":"event_cat","embeddable":true,"href":"https:\/\/nouveau.maisonmallet.com\/back05_01\/index.php?rest_route=%2Fwp%2Fv2%2Fevent_cat&post=22795"}],"curies":[{"name":"wp","href":"https:\/\/api.w.org\/{rel}","templated":true}]}}

<p>1934 – 2021</p>
<p>PINETTE, Louisa (McKenzie)</p>
<p>&nbsp;</p>
<p>À Sept-Îles (maison Élyme des sables), le 25 juillet 2021, est décédée à l’âge de 87 ans, madame Louisa Pinette épouse de feu Francis McKenzie et domiciliée à Mani-Utenam.</p>
<p>Les funérailles de madame Louisa Pinette McKenzie auront lieu le lundi 2 août 2021 à 10 h en l’église Notre-Dame-du-Cap située au 139, rue de l’Église à Mani-Utenam et de là au cimetière de Mani-Utenam.</p>
<p>La famille reçoit parents et amis le dimanche le 1<sup>er</sup> août 2021 à compter de 13 h à l’église Notre-Dame-du-Cap située au 139, rue de l’Église à Mani-Utenam.</p>
<p><strong>Dû aux circonstances reliées à la pandémie, vous pouvez venir présenter vos condoléances en respectant la distanciation physique et le port du masque sera obligatoire. </strong></p>
<p>Elle laisse dans le deuil ses fils : Jacques, Réal (Claudia) et Serge (Marie-Aimée), ses petits-enfants : Mélanie, Jimmy (Charlotte), Sophie-Lyne, Anne, Débby, Raoul, Sacha, Jos, Bryanna, Anthony, John-Napesh, Alexandrine, Maggie, Maiko et Nelly, ses arrière-petits-enfants ainsi que  ses neveux, ses nièces et nombreux ami(e)s.</p>
<p>La famille a confié la direction des funérailles aux services professionnels de la Maison Mallet &amp; fils du 585, boul. Laure à Sept-Îles, maintenant reconnue Distinction et membre de la Corporation des Thanatologues du Québec.</p>
<p>Vous pouvez consulter cet avis de décès, sur le <a href="https://nouveau.maisonmallet.com/back05_01">www.maisonmallet.com</a></p>
<p>Ceux et celles qui le désirent, peuvent y envoyer des messages de sympathie.</p>
<p>&nbsp;</p>
<p>&nbsp;</p>
<hr />
<p>Envoyer vos condoléances</p>
<p>[contact-form to= »melvollant612@gmail.com » subject= »Condoléances Louisa Pinette »][contact-field label= »Votre nom » type= »name » required= »1&Prime;][contact-field label= »Votre courriel » type= »email » required= »1&Prime;][contact-field label= »Condoléances » type= »textarea »][/contact-form]</p>
