{"id":22831,"date":"2021-05-22T10:52:21","date_gmt":"2021-05-22T14:52:21","guid":{"rendered":"https:\/\/nouveau.maisonmallet.com\/?post_type=event&#038;p=22831"},"modified":"2021-08-30T20:12:24","modified_gmt":"2021-08-31T00:12:24","slug":"modele-nom-prenom-38","status":"publish","type":"event","link":"https:\/\/nouveau.maisonmallet.com\/back05_01\/?event=modele-nom-prenom-38","title":{"rendered":"TH\u00c9RRIAULT, Louis"},"content":{"rendered":"<p>1952 \u2013 2021<\/p>\n<p>THERRIAULT, Louis<\/p>\n<p>&nbsp;<\/p>\n<p>\u00c0 Matane, le 22 mai 2021, est d\u00e9c\u00e9d\u00e9 \u00e0 l\u2019\u00e2ge de 68 ans, monsieur Louis Th\u00e9rriault fils de feu Patrick Th\u00e9rriault et de feue Georgette Bolduc domicili\u00e9 \u00e0 Sept-\u00celes.<\/p>\n<p>Les rituels fun\u00e9raires de monsieur Louis Th\u00e9rriault auront lieu le 21 ao\u00fbt 2021 au cimeti\u00e8re Catholique de Sept-\u00celes.<\/p>\n<p>Selon ses volont\u00e9s, il a \u00e9t\u00e9 confi\u00e9 au cr\u00e9matorium de la Maison Mallet &amp; fils pour cr\u00e9mation.<\/p>\n<p>Il laisse dans le deuil la famille Bolduc et Th\u00e9rriault mais plus pr\u00e9cis\u00e9ment sa cousine Nathalie Bolduc (Mario) et ses enfants, sa cousine Louise Bolduc (Pierre) et ses enfants, son ange-gardien Katie Beaudin qui a toujours \u00e9t\u00e9 \u00e0 ses c\u00f4t\u00e9s et de nombreux ami(e)s.<\/p>\n<p>Comme un oiseau, tu r\u00e9ussis enfin le vol parfait parmi ceux que tu aimes.<\/p>\n<p>La famille a confi\u00e9 les arrangements fun\u00e9raires aux services professionnels de la Maison Mallet &amp; fils du 57, route 138 \u00e0 Port-Cartier, maintenant reconnue Distinction et membre de la Corporation des Thanatologues du Qu\u00e9bec.<\/p>\n<p>Vous pouvez consulter cet avis de d\u00e9c\u00e8s, sur le <a href=\"https:\/\/nouveau.maisonmallet.com\/back05_01\">www.maisonmallet.com<\/a><\/p>\n<p>Ceux et celles qui le d\u00e9sirent peuvent y envoyer des messages de sympathie.<\/p>\n<p>&nbsp;<\/p>\n<hr \/>\n<p>Envoyer vos condol\u00e9ances<\/p>\n<p>[contact-form to=\u00a0\u00bbnathabol1@hotmail.fr\u00a0\u00bb subject=\u00a0\u00bbCondol\u00e9ances Louis Th\u00e9rriault\u00a0\u00bb][contact-field label=\u00a0\u00bbVotre nom\u00a0\u00bb type=\u00a0\u00bbname\u00a0\u00bb required=\u00a0\u00bb1&Prime;][contact-field label=\u00a0\u00bbVotre courriel\u00a0\u00bb type=\u00a0\u00bbemail\u00a0\u00bb required=\u00a0\u00bb1&Prime;][contact-field label=\u00a0\u00bbCondol\u00e9ances\u00a0\u00bb type=\u00a0\u00bbtextarea\u00a0\u00bb][\/contact-form]<\/p>\n","protected":false},"featured_media":22836,"template":"","event_cat":[6],"class_list":["post-22831","event","type-event","status-publish","has-post-thumbnail","hentry","event_cat-maison-mallet-et-fils-inc"],"_links":{"self":[{"href":"https:\/\/nouveau.maisonmallet.com\/back05_01\/index.php?rest_route=\/wp\/v2\/event\/22831","targetHints":{"allow":["GET"]}}],"collection":[{"href":"https:\/\/nouveau.maisonmallet.com\/back05_01\/index.php?rest_route=\/wp\/v2\/event"}],"about":[{"href":"https:\/\/nouveau.maisonmallet.com\/back05_01\/index.php?rest_route=\/wp\/v2\/types\/event"}],"wp:featuredmedia":[{"embeddable":true,"href":"https:\/\/nouveau.maisonmallet.com\/back05_01\/index.php?rest_route=\/wp\/v2\/media\/22836"}],"wp:attachment":[{"href":"https:\/\/nouveau.maisonmallet.com\/back05_01\/index.php?rest_route=%2Fwp%2Fv2%2Fmedia&parent=22831"}],"wp:term":[{"taxonomy":"event_cat","embeddable":true,"href":"https:\/\/nouveau.maisonmallet.com\/back05_01\/index.php?rest_route=%2Fwp%2Fv2%2Fevent_cat&post=22831"}],"curies":[{"name":"wp","href":"https:\/\/api.w.org\/{rel}","templated":true}]}}

THÉRRIAULT, Louis

<p>1952 – 2021</p>
<p>THERRIAULT, Louis</p>
<p>&nbsp;</p>
<p>À Matane, le 22 mai 2021, est décédé à l’âge de 68 ans, monsieur Louis Thérriault fils de feu Patrick Thérriault et de feue Georgette Bolduc domicilié à Sept-Îles.</p>
<p>Les rituels funéraires de monsieur Louis Thérriault auront lieu le 21 août 2021 au cimetière Catholique de Sept-Îles.</p>
<p>Selon ses volontés, il a été confié au crématorium de la Maison Mallet &amp; fils pour crémation.</p>
<p>Il laisse dans le deuil la famille Bolduc et Thérriault mais plus précisément sa cousine Nathalie Bolduc (Mario) et ses enfants, sa cousine Louise Bolduc (Pierre) et ses enfants, son ange-gardien Katie Beaudin qui a toujours été à ses côtés et de nombreux ami(e)s.</p>
<p>Comme un oiseau, tu réussis enfin le vol parfait parmi ceux que tu aimes.</p>
<p>La famille a confié les arrangements funéraires aux services professionnels de la Maison Mallet &amp; fils du 57, route 138 à Port-Cartier, maintenant reconnue Distinction et membre de la Corporation des Thanatologues du Québec.</p>
<p>Vous pouvez consulter cet avis de décès, sur le <a href="https://nouveau.maisonmallet.com/back05_01">www.maisonmallet.com</a></p>
<p>Ceux et celles qui le désirent peuvent y envoyer des messages de sympathie.</p>
<p>&nbsp;</p>
<hr />
<p>Envoyer vos condoléances</p>
<p>[contact-form to= »nathabol1@hotmail.fr » subject= »Condoléances Louis Thérriault »][contact-field label= »Votre nom » type= »name » required= »1&Prime;][contact-field label= »Votre courriel » type= »email » required= »1&Prime;][contact-field label= »Condoléances » type= »textarea »][/contact-form]</p>
