{"id":23314,"date":"2021-07-24T08:29:09","date_gmt":"2021-07-24T12:29:09","guid":{"rendered":"https:\/\/nouveau.maisonmallet.com\/?post_type=event&#038;p=23314"},"modified":"2021-08-30T20:02:30","modified_gmt":"2021-08-31T00:02:30","slug":"marquis-gino","status":"publish","type":"event","link":"https:\/\/nouveau.maisonmallet.com\/back05_01\/?event=marquis-gino","title":{"rendered":"MARQUIS, Gino"},"content":{"rendered":"<p>1972 \u2013 2021<\/p>\n<p>MARQUIS, Gino<\/p>\n<p>&nbsp;<\/p>\n<p>\u00c0 Sept-\u00celes, le 24 juillet 2021, est d\u00e9c\u00e9d\u00e9 \u00e0 l\u2019\u00e2ge de 49 ans, monsieur Gino Marquis fils de feu Maurice Marquis et de feue Dolor\u00e8se Marcoux domicili\u00e9 \u00e0 Sept-\u00celes.<\/p>\n<p>Les fun\u00e9railles de monsieur Gino Marquis auront lieu le samedi 21 ao\u00fbt 2021 \u00e0 14 h en l\u2019\u00e9glise Chr\u00e9tienne \u00c9vang\u00e9lique Baptiste de Sept-\u00celes situ\u00e9e au 70 rue Papineau \u00e0 Sept-\u00celes et de l\u00e0 au cimeti\u00e8re de Sept-\u00celes.<\/p>\n<p>Il laisse dans le deuil sa s\u0153ur Murielle, ses fr\u00e8res\u00a0: Michel (Ada Marquis), St\u00e9phane (Kim Marquis) et Dany ainsi que ses neveux, ses ni\u00e8ces, ses oncles, ses tantes, ses cousins, ses cousines, et de nombreux ami(e)s.<\/p>\n<p>La famille a confi\u00e9 les arrangements aux services professionnels de la Maison Mallet &amp; fils du 585 Boul. Laure \u00e0 Sept-\u00celes, maintenant reconnue Distinction et membre de la Corporation des Thanatologues du Qu\u00e9bec.<\/p>\n<p>Vous pouvez consulter cet avis de d\u00e9c\u00e8s sur le\u00a0: <a href=\"https:\/\/nouveau.maisonmallet.com\/back05_01\">www.maisonmallet.com<\/a><\/p>\n<p>Ceux et celles qui le d\u00e9sirent, peuvent y envoyer des messages de sympathie.<\/p>\n<hr \/>\n<p>Envoyer vos condol\u00e9ances<\/p>\n<p>[contact-form to=\u00a0\u00bbmarquis_913@hotmail.com\u00a0\u00bb subject=\u00a0\u00bbCondol\u00e9ances Gino Marquis\u00a0\u00bb][contact-field label=\u00a0\u00bbVotre nom\u00a0\u00bb type=\u00a0\u00bbname\u00a0\u00bb required=\u00a0\u00bb1&Prime;][contact-field label=\u00a0\u00bbVotre courriel\u00a0\u00bb type=\u00a0\u00bbemail\u00a0\u00bb required=\u00a0\u00bb1&Prime;][contact-field label=\u00a0\u00bbCondol\u00e9ances\u00a0\u00bb type=\u00a0\u00bbtextarea\u00a0\u00bb][\/contact-form]<\/p>\n","protected":false},"featured_media":23342,"template":"","event_cat":[6],"class_list":["post-23314","event","type-event","status-publish","has-post-thumbnail","hentry","event_cat-maison-mallet-et-fils-inc"],"_links":{"self":[{"href":"https:\/\/nouveau.maisonmallet.com\/back05_01\/index.php?rest_route=\/wp\/v2\/event\/23314","targetHints":{"allow":["GET"]}}],"collection":[{"href":"https:\/\/nouveau.maisonmallet.com\/back05_01\/index.php?rest_route=\/wp\/v2\/event"}],"about":[{"href":"https:\/\/nouveau.maisonmallet.com\/back05_01\/index.php?rest_route=\/wp\/v2\/types\/event"}],"wp:featuredmedia":[{"embeddable":true,"href":"https:\/\/nouveau.maisonmallet.com\/back05_01\/index.php?rest_route=\/wp\/v2\/media\/23342"}],"wp:attachment":[{"href":"https:\/\/nouveau.maisonmallet.com\/back05_01\/index.php?rest_route=%2Fwp%2Fv2%2Fmedia&parent=23314"}],"wp:term":[{"taxonomy":"event_cat","embeddable":true,"href":"https:\/\/nouveau.maisonmallet.com\/back05_01\/index.php?rest_route=%2Fwp%2Fv2%2Fevent_cat&post=23314"}],"curies":[{"name":"wp","href":"https:\/\/api.w.org\/{rel}","templated":true}]}}

<p>1972 – 2021</p>
<p>MARQUIS, Gino</p>
<p>&nbsp;</p>
<p>À Sept-Îles, le 24 juillet 2021, est décédé à l’âge de 49 ans, monsieur Gino Marquis fils de feu Maurice Marquis et de feue Dolorèse Marcoux domicilié à Sept-Îles.</p>
<p>Les funérailles de monsieur Gino Marquis auront lieu le samedi 21 août 2021 à 14 h en l’église Chrétienne Évangélique Baptiste de Sept-Îles située au 70 rue Papineau à Sept-Îles et de là au cimetière de Sept-Îles.</p>
<p>Il laisse dans le deuil sa sœur Murielle, ses frères : Michel (Ada Marquis), Stéphane (Kim Marquis) et Dany ainsi que ses neveux, ses nièces, ses oncles, ses tantes, ses cousins, ses cousines, et de nombreux ami(e)s.</p>
<p>La famille a confié les arrangements aux services professionnels de la Maison Mallet &amp; fils du 585 Boul. Laure à Sept-Îles, maintenant reconnue Distinction et membre de la Corporation des Thanatologues du Québec.</p>
<p>Vous pouvez consulter cet avis de décès sur le : <a href="https://nouveau.maisonmallet.com/back05_01">www.maisonmallet.com</a></p>
<p>Ceux et celles qui le désirent, peuvent y envoyer des messages de sympathie.</p>
<hr />
<p>Envoyer vos condoléances</p>
<p>[contact-form to= »marquis_913@hotmail.com » subject= »Condoléances Gino Marquis »][contact-field label= »Votre nom » type= »name » required= »1&Prime;][contact-field label= »Votre courriel » type= »email » required= »1&Prime;][contact-field label= »Condoléances » type= »textarea »][/contact-form]</p>
