{"id":23338,"date":"2021-08-17T13:54:55","date_gmt":"2021-08-17T17:54:55","guid":{"rendered":"https:\/\/nouveau.maisonmallet.com\/?post_type=event&#038;p=23338"},"modified":"2021-08-30T20:01:32","modified_gmt":"2021-08-31T00:01:32","slug":"modele-nom-prenom-41","status":"publish","type":"event","link":"https:\/\/nouveau.maisonmallet.com\/back05_01\/?event=modele-nom-prenom-41","title":{"rendered":"SAVARD, Aurore (Gaumont)"},"content":{"rendered":"<p>1936 \u2013 2021<\/p>\n<p>SAVARD, Aurore (Gaumont)<\/p>\n<p>&nbsp;<\/p>\n<p>Sept-\u00celes, le 17 ao\u00fbt 2021, est d\u00e9c\u00e9d\u00e9e \u00e0 l\u2019\u00e2ge de 85 ans, madame Aurore Savard \u00e9pouse de feu Paul-\u00c9mile Gaumont et domicili\u00e9e \u00e0 Rivi\u00e8re Pentec\u00f4te.<\/p>\n<p>Les fun\u00e9railles de madame Aurore Savard Gaumont auront lieu le vendredi 20 ao\u00fbt 2021 \u00e0 11 h en l\u2019\u00e9glise St-Esprit de Rivi\u00e8re Pentec\u00f4te.<\/p>\n<p>Selon ses volont\u00e9s, elle a \u00e9t\u00e9 confi\u00e9e au cr\u00e9matorium de la Maison Mallet &amp; fils pour cr\u00e9mation.<\/p>\n<p>La famille re\u00e7oit parents et amis le vendredi 20 ao\u00fbt 2021 jour des fun\u00e9railles \u00e0 compter de 10 h \u00e0 l\u2019\u00e9glise Saint-Esprit de Rivi\u00e8re Pentec\u00f4te.<\/p>\n<p><strong><u>D\u00fb aux circonstances reli\u00e9es \u00e0 la pand\u00e9mie, vous pouvez venir pr\u00e9senter vos condol\u00e9ances en respectant la distanciation physique et le port du masque sera obligatoire.<\/u><\/strong><\/p>\n<p>Elle laisse dans le deuil ses filles\u00a0: Suzie et Lucette (Michel H\u00e9roux), ses fils\u00a0: Jean (Nancy Ross) et Laurent (Wilfrida Moreau), ses petits-fils\u00a0: Fran\u00e7ois, S\u00e9bastien, Keven, Micka\u00ebl, Jason, Bobby et \u00c9ric, ses petites-filles\u00a0: Kassandra, Alexandra et Karine, ses arri\u00e8re-petits-fils\u00a0: Liam et Shawn ainsi que ses s\u0153urs\u00a0: Yvette (R\u00e9mi Roy), Rolande (Philippe C\u00f4t\u00e9) et Rachelle (Jean-Jacques Vall\u00e9e), son fr\u00e8re\u00a0: Donald (Sylvie Joly), son beau-fr\u00e8re Pierre Gauthier, ses belles-s\u0153urs\u00a0: Isabelle Gaumont (Romain Leblanc), Laurence Gaumont et Pierrette Smith (feu Laurien Gaumont), ses neveux, ses ni\u00e8ces, ses cousins, ses cousines et de nombreux ami (e) s.<\/p>\n<p>Vos marques de sympathie peuvent se traduire par un don \u00e0 l\u2019Association du cancer Est du Qu\u00e9bec <a href=\"http:\/\/www.aceq.org\">www.aceq.org<\/a><\/p>\n<p>La famille a confi\u00e9 la direction des fun\u00e9railles aux services professionnels de la Maison Mallet &amp; fils du 57, route 138 \u00e0 Port-Cartier, maintenant reconnue Distinction et membre de la Corporation des Thanatologues du Qu\u00e9bec.<\/p>\n<p>Vous pouvez consulter cet avis de d\u00e9c\u00e8s, sur le <a href=\"https:\/\/nouveau.maisonmallet.com\/back05_01\">www.maisonmallet.com<\/a><\/p>\n<p>Ceux et celles qui le d\u00e9sirent peuvent y envoyer des messages de sympathie.<\/p>\n<p>&nbsp;<\/p>\n<hr \/>\n<p>Envoyer vos condol\u00e9ances<\/p>\n<p>[contact-form to=\u00a0\u00bblgaumont170471@gmail.com\u00a0\u00bb subject=\u00a0\u00bbCondol\u00e9ances Aurore Savard\u00a0\u00bb][contact-field label=\u00a0\u00bbVotre nom\u00a0\u00bb type=\u00a0\u00bbname\u00a0\u00bb required=\u00a0\u00bb1&Prime;][contact-field label=\u00a0\u00bbVotre courriel\u00a0\u00bb type=\u00a0\u00bbemail\u00a0\u00bb required=\u00a0\u00bb1&Prime;][contact-field label=\u00a0\u00bbCondol\u00e9ances\u00a0\u00bb type=\u00a0\u00bbtextarea\u00a0\u00bb][\/contact-form]<\/p>\n","protected":false},"featured_media":23337,"template":"","event_cat":[6],"class_list":["post-23338","event","type-event","status-publish","has-post-thumbnail","hentry","event_cat-maison-mallet-et-fils-inc"],"_links":{"self":[{"href":"https:\/\/nouveau.maisonmallet.com\/back05_01\/index.php?rest_route=\/wp\/v2\/event\/23338","targetHints":{"allow":["GET"]}}],"collection":[{"href":"https:\/\/nouveau.maisonmallet.com\/back05_01\/index.php?rest_route=\/wp\/v2\/event"}],"about":[{"href":"https:\/\/nouveau.maisonmallet.com\/back05_01\/index.php?rest_route=\/wp\/v2\/types\/event"}],"wp:featuredmedia":[{"embeddable":true,"href":"https:\/\/nouveau.maisonmallet.com\/back05_01\/index.php?rest_route=\/wp\/v2\/media\/23337"}],"wp:attachment":[{"href":"https:\/\/nouveau.maisonmallet.com\/back05_01\/index.php?rest_route=%2Fwp%2Fv2%2Fmedia&parent=23338"}],"wp:term":[{"taxonomy":"event_cat","embeddable":true,"href":"https:\/\/nouveau.maisonmallet.com\/back05_01\/index.php?rest_route=%2Fwp%2Fv2%2Fevent_cat&post=23338"}],"curies":[{"name":"wp","href":"https:\/\/api.w.org\/{rel}","templated":true}]}}

<p>1936 – 2021</p>
<p>SAVARD, Aurore (Gaumont)</p>
<p>&nbsp;</p>
<p>Sept-Îles, le 17 août 2021, est décédée à l’âge de 85 ans, madame Aurore Savard épouse de feu Paul-Émile Gaumont et domiciliée à Rivière Pentecôte.</p>
<p>Les funérailles de madame Aurore Savard Gaumont auront lieu le vendredi 20 août 2021 à 11 h en l’église St-Esprit de Rivière Pentecôte.</p>
<p>Selon ses volontés, elle a été confiée au crématorium de la Maison Mallet &amp; fils pour crémation.</p>
<p>La famille reçoit parents et amis le vendredi 20 août 2021 jour des funérailles à compter de 10 h à l’église Saint-Esprit de Rivière Pentecôte.</p>
<p><strong><u>Dû aux circonstances reliées à la pandémie, vous pouvez venir présenter vos condoléances en respectant la distanciation physique et le port du masque sera obligatoire.</u></strong></p>
<p>Elle laisse dans le deuil ses filles : Suzie et Lucette (Michel Héroux), ses fils : Jean (Nancy Ross) et Laurent (Wilfrida Moreau), ses petits-fils : François, Sébastien, Keven, Mickaël, Jason, Bobby et Éric, ses petites-filles : Kassandra, Alexandra et Karine, ses arrière-petits-fils : Liam et Shawn ainsi que ses sœurs : Yvette (Rémi Roy), Rolande (Philippe Côté) et Rachelle (Jean-Jacques Vallée), son frère : Donald (Sylvie Joly), son beau-frère Pierre Gauthier, ses belles-sœurs : Isabelle Gaumont (Romain Leblanc), Laurence Gaumont et Pierrette Smith (feu Laurien Gaumont), ses neveux, ses nièces, ses cousins, ses cousines et de nombreux ami (e) s.</p>
<p>Vos marques de sympathie peuvent se traduire par un don à l’Association du cancer Est du Québec <a href="http://www.aceq.org">www.aceq.org</a></p>
<p>La famille a confié la direction des funérailles aux services professionnels de la Maison Mallet &amp; fils du 57, route 138 à Port-Cartier, maintenant reconnue Distinction et membre de la Corporation des Thanatologues du Québec.</p>
<p>Vous pouvez consulter cet avis de décès, sur le <a href="https://nouveau.maisonmallet.com/back05_01">www.maisonmallet.com</a></p>
<p>Ceux et celles qui le désirent peuvent y envoyer des messages de sympathie.</p>
<p>&nbsp;</p>
<hr />
<p>Envoyer vos condoléances</p>
<p>[contact-form to= »lgaumont170471@gmail.com » subject= »Condoléances Aurore Savard »][contact-field label= »Votre nom » type= »name » required= »1&Prime;][contact-field label= »Votre courriel » type= »email » required= »1&Prime;][contact-field label= »Condoléances » type= »textarea »][/contact-form]</p>
