{"id":23362,"date":"2021-08-17T09:06:48","date_gmt":"2021-08-17T13:06:48","guid":{"rendered":"https:\/\/nouveau.maisonmallet.com\/?post_type=event&#038;p=23362"},"modified":"2021-08-30T20:00:01","modified_gmt":"2021-08-31T00:00:01","slug":"wapistan-jean-charles-junior","status":"publish","type":"event","link":"https:\/\/nouveau.maisonmallet.com\/back05_01\/?event=wapistan-jean-charles-junior","title":{"rendered":"WAPISTAN, Jean-Charles Junior"},"content":{"rendered":"<p>1985-2021<\/p>\n<p>WAPISTAN, Jean-Charles Junior<\/p>\n<p>\u00c0 Baie-Comeau, le 17 ao\u00fbt 2021, est d\u00e9c\u00e9d\u00e9e \u00e0 l\u2019\u00e2ge de 35 ans et 8 mois, monsieur Jean-Charles Junior Wapistan conjoint de madame Louisa Mark et domicili\u00e9 \u00e0 Nutashkuan.<\/p>\n<p>Les fun\u00e9railles de monsieur Jean-Charles Junior Wapistan auront lieu le mardi 24 ao\u00fbt 2021 \u00e0 10 h 30 en l\u2019\u00e9glise Notre-Dame-des-Indiens de Nutashkuan et l\u2019inhumation au cimeti\u00e8re de l\u2019endroit.<\/p>\n<p>La famille re\u00e7oit parents et amis le dimanche 22 ao\u00fbt 2021 de 13 h \u00e0 16 h, de 19 h \u00e0 22 h, lundi 23 ao\u00fbt 2021 de 13 h \u00e0 16 h et 19 h \u00e0 22 h. Le mardi 24 ao\u00fbt 2021 jour des fun\u00e9railles \u00e0 compter de 09 h 00 au 1, rue Mathisteu \u00e0 Nutashkuan.<\/p>\n<p>Il laisse dans le deuil outre sa conjointe madame Louisa Mark, ses fils\u00a0: Louis-Philipp Wapistan et Shawny-Paul Ishpatao,\u00a0 son p\u00e8re monsieur Jean-Charles Senior Wapistan, son fr\u00e8re Viateur, ses s\u0153urs\u00a0: Nadia (Patrick Tshernish), Anne-Th\u00e9r\u00e8se (Jerry Malec), Marie-Ang\u00e8le et Ad\u00e8le, ses neveux, ses ni\u00e8ces, et de nombreux amis.<\/p>\n<p>Il \u00e9tait le fils de feue Agn\u00e8s Cartouche.<\/p>\n<p>La famille a confi\u00e9 la direction des fun\u00e9railles aux services professionnels de la Maison L.J.G. Mallet du 1429, rue du Canot \u00e0 Havre-Saint-Pierre, maintenant reconnue Distinction et membre de la Corporation des Thanatologues du Qu\u00e9bec.<\/p>\n<p>Vous pouvez consulter cet avis de d\u00e9c\u00e8s sur le <a href=\"https:\/\/nouveau.maisonmallet.com\/back05_01\">www.maisonmallet.com<\/a><\/p>\n<p>Ceux et celles qui le d\u00e9sirent, peuvent y envoyer des messages de sympathie.<\/p>\n<p>&nbsp;<\/p>\n<hr \/>\n<p>Envoyer vos condol\u00e9ances<\/p>\n<p>[contact-form to=\u00a0\u00bbnadiwapi@gmail.com\u00a0\u00bb subject=\u00a0\u00bbCondol\u00e9ances Jean-Charles Junior Wapistan\u00a0\u00bb][contact-field label=\u00a0\u00bbVotre nom\u00a0\u00bb type=\u00a0\u00bbname\u00a0\u00bb required=\u00a0\u00bb1&Prime;][contact-field label=\u00a0\u00bbVotre courriel\u00a0\u00bb type=\u00a0\u00bbemail\u00a0\u00bb required=\u00a0\u00bb1&Prime;][contact-field label=\u00a0\u00bbCondol\u00e9ances\u00a0\u00bb type=\u00a0\u00bbtextarea\u00a0\u00bb][\/contact-form]<\/p>\n","protected":false},"featured_media":23378,"template":"","event_cat":[7],"class_list":["post-23362","event","type-event","status-publish","has-post-thumbnail","hentry","event_cat-maison-l-j-g-mallet-inc"],"_links":{"self":[{"href":"https:\/\/nouveau.maisonmallet.com\/back05_01\/index.php?rest_route=\/wp\/v2\/event\/23362","targetHints":{"allow":["GET"]}}],"collection":[{"href":"https:\/\/nouveau.maisonmallet.com\/back05_01\/index.php?rest_route=\/wp\/v2\/event"}],"about":[{"href":"https:\/\/nouveau.maisonmallet.com\/back05_01\/index.php?rest_route=\/wp\/v2\/types\/event"}],"wp:featuredmedia":[{"embeddable":true,"href":"https:\/\/nouveau.maisonmallet.com\/back05_01\/index.php?rest_route=\/wp\/v2\/media\/23378"}],"wp:attachment":[{"href":"https:\/\/nouveau.maisonmallet.com\/back05_01\/index.php?rest_route=%2Fwp%2Fv2%2Fmedia&parent=23362"}],"wp:term":[{"taxonomy":"event_cat","embeddable":true,"href":"https:\/\/nouveau.maisonmallet.com\/back05_01\/index.php?rest_route=%2Fwp%2Fv2%2Fevent_cat&post=23362"}],"curies":[{"name":"wp","href":"https:\/\/api.w.org\/{rel}","templated":true}]}}

<p>1985-2021</p>
<p>WAPISTAN, Jean-Charles Junior</p>
<p>À Baie-Comeau, le 17 août 2021, est décédée à l’âge de 35 ans et 8 mois, monsieur Jean-Charles Junior Wapistan conjoint de madame Louisa Mark et domicilié à Nutashkuan.</p>
<p>Les funérailles de monsieur Jean-Charles Junior Wapistan auront lieu le mardi 24 août 2021 à 10 h 30 en l’église Notre-Dame-des-Indiens de Nutashkuan et l’inhumation au cimetière de l’endroit.</p>
<p>La famille reçoit parents et amis le dimanche 22 août 2021 de 13 h à 16 h, de 19 h à 22 h, lundi 23 août 2021 de 13 h à 16 h et 19 h à 22 h. Le mardi 24 août 2021 jour des funérailles à compter de 09 h 00 au 1, rue Mathisteu à Nutashkuan.</p>
<p>Il laisse dans le deuil outre sa conjointe madame Louisa Mark, ses fils : Louis-Philipp Wapistan et Shawny-Paul Ishpatao,  son père monsieur Jean-Charles Senior Wapistan, son frère Viateur, ses sœurs : Nadia (Patrick Tshernish), Anne-Thérèse (Jerry Malec), Marie-Angèle et Adèle, ses neveux, ses nièces, et de nombreux amis.</p>
<p>Il était le fils de feue Agnès Cartouche.</p>
<p>La famille a confié la direction des funérailles aux services professionnels de la Maison L.J.G. Mallet du 1429, rue du Canot à Havre-Saint-Pierre, maintenant reconnue Distinction et membre de la Corporation des Thanatologues du Québec.</p>
<p>Vous pouvez consulter cet avis de décès sur le <a href="https://nouveau.maisonmallet.com/back05_01">www.maisonmallet.com</a></p>
<p>Ceux et celles qui le désirent, peuvent y envoyer des messages de sympathie.</p>
<p>&nbsp;</p>
<hr />
<p>Envoyer vos condoléances</p>
<p>[contact-form to= »nadiwapi@gmail.com » subject= »Condoléances Jean-Charles Junior Wapistan »][contact-field label= »Votre nom » type= »name » required= »1&Prime;][contact-field label= »Votre courriel » type= »email » required= »1&Prime;][contact-field label= »Condoléances » type= »textarea »][/contact-form]</p>
