{"id":23377,"date":"2021-08-20T09:18:11","date_gmt":"2021-08-20T13:18:11","guid":{"rendered":"https:\/\/nouveau.maisonmallet.com\/?post_type=event&#038;p=23377"},"modified":"2021-08-30T19:59:32","modified_gmt":"2021-08-30T23:59:32","slug":"kaltush-david","status":"publish","type":"event","link":"https:\/\/nouveau.maisonmallet.com\/back05_01\/?event=kaltush-david","title":{"rendered":"KALTUSH, David"},"content":{"rendered":"<p>1966-2021<\/p>\n<p>KALTUSH, David<\/p>\n<p>\u00c0 Sept-\u00celes, le 20 ao\u00fbt 2021, est d\u00e9c\u00e9d\u00e9 \u00e0 l\u2019\u00e2ge de 54 ans et 8 mois, monsieur David Kaltush fils de Charles Kaltush et de feue Madeleine Wapistan et domicili\u00e9 \u00e0 Nutashkuan.<\/p>\n<p>Les fun\u00e9railles de monsieur David Kaltush auront lieu le mercredi 25 ao\u00fbt 2021 \u00e0 10 h 30 en l\u2019\u00e9glise Notre-Dame-des-Indiens de Nutashkuan et l\u2019inhumation au cimeti\u00e8re de l\u2019endroit.<\/p>\n<p>La famille re\u00e7oit parents et amis le mardi 24 ao\u00fbt de 19 h \u00e0 22 h. Le mercredi 25 ao\u00fbt 2021 jour des fun\u00e9railles \u00e0 compter de 09 h 00 au 64, rue J\u00e9romish \u00e0 Nutashkuan.<\/p>\n<p>Il laisse dans le deuil son p\u00e8re monsieur Charles Kaltush, ses fr\u00e8res\u00a0: Edouard (Marie-Th\u00e9r\u00e8se Peters), Jean-Claude (Lisa Gr\u00e9goire), Julien, \u00c9milien et R\u00e9jean (Julienne Malec), ses s\u0153urs\u00a0: Catherine (Mathias Malec), Alice (Francis Malec), Antoinette (feu Jean-Marie Malec), Jeanne d\u2019Arc (Pierre Malec), Dorine (Richard Wapistan) et Jenny (Michel Poker), ses neveux, ses ni\u00e8ces, et de nombreux amis.<\/p>\n<p>La famille a confi\u00e9 la direction des fun\u00e9railles aux services professionnels de la Maison L.J.G. Mallet du 1429, rue du Canot \u00e0 Havre-Saint-Pierre, maintenant reconnue Distinction et membre de la Corporation des Thanatologues du Qu\u00e9bec.<\/p>\n<p>Vous pouvez consulter cet avis de d\u00e9c\u00e8s sur le <a href=\"https:\/\/nouveau.maisonmallet.com\/back05_01\">www.maisonmallet.com<\/a><\/p>\n<p>Ceux et celles qui le d\u00e9sirent, peuvent y envoyer des messages de sympathie.<\/p>\n<p>&nbsp;<\/p>\n<hr \/>\n<p>Envoyer vos condol\u00e9ances<\/p>\n<p>[contact-form to=\u00a0\u00bbalicekaltush2016@hotmail.com\u00a0\u00bb subject=\u00a0\u00bbCondol\u00e9ances David Kaltush\u00a0\u00bb][contact-field label=\u00a0\u00bbVotre nom\u00a0\u00bb type=\u00a0\u00bbname\u00a0\u00bb required=\u00a0\u00bb1&Prime;][contact-field label=\u00a0\u00bbVotre courriel\u00a0\u00bb type=\u00a0\u00bbemail\u00a0\u00bb required=\u00a0\u00bb1&Prime;][contact-field label=\u00a0\u00bbCondol\u00e9ances\u00a0\u00bb type=\u00a0\u00bbtextarea\u00a0\u00bb][\/contact-form]<\/p>\n","protected":false},"featured_media":23380,"template":"","event_cat":[7],"class_list":["post-23377","event","type-event","status-publish","has-post-thumbnail","hentry","event_cat-maison-l-j-g-mallet-inc"],"_links":{"self":[{"href":"https:\/\/nouveau.maisonmallet.com\/back05_01\/index.php?rest_route=\/wp\/v2\/event\/23377","targetHints":{"allow":["GET"]}}],"collection":[{"href":"https:\/\/nouveau.maisonmallet.com\/back05_01\/index.php?rest_route=\/wp\/v2\/event"}],"about":[{"href":"https:\/\/nouveau.maisonmallet.com\/back05_01\/index.php?rest_route=\/wp\/v2\/types\/event"}],"wp:featuredmedia":[{"embeddable":true,"href":"https:\/\/nouveau.maisonmallet.com\/back05_01\/index.php?rest_route=\/wp\/v2\/media\/23380"}],"wp:attachment":[{"href":"https:\/\/nouveau.maisonmallet.com\/back05_01\/index.php?rest_route=%2Fwp%2Fv2%2Fmedia&parent=23377"}],"wp:term":[{"taxonomy":"event_cat","embeddable":true,"href":"https:\/\/nouveau.maisonmallet.com\/back05_01\/index.php?rest_route=%2Fwp%2Fv2%2Fevent_cat&post=23377"}],"curies":[{"name":"wp","href":"https:\/\/api.w.org\/{rel}","templated":true}]}}

<p>1966-2021</p>
<p>KALTUSH, David</p>
<p>À Sept-Îles, le 20 août 2021, est décédé à l’âge de 54 ans et 8 mois, monsieur David Kaltush fils de Charles Kaltush et de feue Madeleine Wapistan et domicilié à Nutashkuan.</p>
<p>Les funérailles de monsieur David Kaltush auront lieu le mercredi 25 août 2021 à 10 h 30 en l’église Notre-Dame-des-Indiens de Nutashkuan et l’inhumation au cimetière de l’endroit.</p>
<p>La famille reçoit parents et amis le mardi 24 août de 19 h à 22 h. Le mercredi 25 août 2021 jour des funérailles à compter de 09 h 00 au 64, rue Jéromish à Nutashkuan.</p>
<p>Il laisse dans le deuil son père monsieur Charles Kaltush, ses frères : Edouard (Marie-Thérèse Peters), Jean-Claude (Lisa Grégoire), Julien, Émilien et Réjean (Julienne Malec), ses sœurs : Catherine (Mathias Malec), Alice (Francis Malec), Antoinette (feu Jean-Marie Malec), Jeanne d’Arc (Pierre Malec), Dorine (Richard Wapistan) et Jenny (Michel Poker), ses neveux, ses nièces, et de nombreux amis.</p>
<p>La famille a confié la direction des funérailles aux services professionnels de la Maison L.J.G. Mallet du 1429, rue du Canot à Havre-Saint-Pierre, maintenant reconnue Distinction et membre de la Corporation des Thanatologues du Québec.</p>
<p>Vous pouvez consulter cet avis de décès sur le <a href="https://nouveau.maisonmallet.com/back05_01">www.maisonmallet.com</a></p>
<p>Ceux et celles qui le désirent, peuvent y envoyer des messages de sympathie.</p>
<p>&nbsp;</p>
<hr />
<p>Envoyer vos condoléances</p>
<p>[contact-form to= »alicekaltush2016@hotmail.com » subject= »Condoléances David Kaltush »][contact-field label= »Votre nom » type= »name » required= »1&Prime;][contact-field label= »Votre courriel » type= »email » required= »1&Prime;][contact-field label= »Condoléances » type= »textarea »][/contact-form]</p>
