{"id":23379,"date":"2021-08-17T08:07:58","date_gmt":"2021-08-17T12:07:58","guid":{"rendered":"https:\/\/nouveau.maisonmallet.com\/?post_type=event&#038;p=23379"},"modified":"2021-08-30T20:00:44","modified_gmt":"2021-08-31T00:00:44","slug":"gregoire-marie-anna","status":"publish","type":"event","link":"https:\/\/nouveau.maisonmallet.com\/back05_01\/?event=gregoire-marie-anna","title":{"rendered":"GR\u00c9GOIRE, Marie-Anna"},"content":{"rendered":"<p>1934 &#8211; 2021<\/p>\n<p>GR\u00c9GOIRE, Marie-Anna<\/p>\n<p>&nbsp;<\/p>\n<p>\u00c0 Sept-\u00celes, le 17 ao\u00fbt 2021, est d\u00e9c\u00e9d\u00e9e \u00e0 l\u2019\u00e2ge de 87 ans madame Marie-Anna Gr\u00e9goire fille de feu Xavier Gr\u00e9goire et de feue Philom\u00e8ne Fontaine domicili\u00e9e \u00e0 Sept-\u00celes.<\/p>\n<p>Les fun\u00e9railles de madame Marie-Anna Gr\u00e9goire auront lieu le jeudi \u00a026 ao\u00fbt 2021 \u00e0 14 h en l\u2019\u00e9glise Kateri Tekakwitha, situ\u00e9e au 1035, rue Dequen \u00e0 Uashat et de l\u00e0 au Cimeti\u00e8re de Uashat.<\/p>\n<p>La famille re\u00e7oit parents et amis le mardi 24 ao\u00fbt 2021 de 19 h \u00e0 22 h. Le mercredi 25 ao\u00fbt 2021 de 13 h \u00e0 16 h et de 19 h \u00e0 22 h. Le jeudi 26 ao\u00fbt 2021 jour des fun\u00e9railles \u00e0 compter de 12 h 30 au Complexe Thanatologique Mallet &amp; fils du 585, boul. Laure \u00e0 Sept-\u00celes.<\/p>\n<p><strong><u>D\u00fb aux circonstances reli\u00e9es \u00e0 la pand\u00e9mie, vous pouvez venir pr\u00e9senter vos condol\u00e9ances en respectant la distanciation physique et le port du masque sera obligatoire.<\/u><\/strong><\/p>\n<p>Elle laisse dans le deuil ses fr\u00e8res\u00a0: Raymond, \u00c9mile (Murielle Picard) et Rom\u00e9o, ses s\u0153urs\u00a0: Julienne, Germaine et Priscilla (Cyrille Jourdain) ainsi que ses neveux, ses ni\u00e8ces, ses cousins, ses cousines et de nombreux ami(e)s.<\/p>\n<p>La famille a confi\u00e9 la direction des fun\u00e9railles aux services professionnels de la Maison Mallet &amp; fils du 585, boul. Laure \u00e0 Sept-\u00celes, maintenant reconnue Distinction et membre de la Corporation des Thanatologues du Qu\u00e9bec.<\/p>\n<p>Vous pouvez consulter cet avis de d\u00e9c\u00e8s, sur le <a href=\"https:\/\/nouveau.maisonmallet.com\/back05_01\">www.maisonmallet.com<\/a><\/p>\n<p>Ceux et celles qui le d\u00e9sirent, peuvent y envoyer des messages de sympathie.<\/p>\n<hr \/>\n<p>Envoyer vos condol\u00e9ances<\/p>\n<p>[contact-form to=\u00a0\u00bbmarc@maisonmallet.com\u00a0\u00bb subject=\u00a0\u00bbCondol\u00e9ances Marie-Anna Gr\u00e9goire\u00a0\u00bb][contact-field label=\u00a0\u00bbVotre nom\u00a0\u00bb type=\u00a0\u00bbname\u00a0\u00bb required=\u00a0\u00bb1&Prime;][contact-field label=\u00a0\u00bbVotre courriel\u00a0\u00bb type=\u00a0\u00bbemail\u00a0\u00bb required=\u00a0\u00bb1&Prime;][contact-field label=\u00a0\u00bbCondol\u00e9ances\u00a0\u00bb type=\u00a0\u00bbtextarea\u00a0\u00bb][\/contact-form]<\/p>\n","protected":false},"featured_media":23391,"template":"","event_cat":[6],"class_list":["post-23379","event","type-event","status-publish","has-post-thumbnail","hentry","event_cat-maison-mallet-et-fils-inc"],"_links":{"self":[{"href":"https:\/\/nouveau.maisonmallet.com\/back05_01\/index.php?rest_route=\/wp\/v2\/event\/23379","targetHints":{"allow":["GET"]}}],"collection":[{"href":"https:\/\/nouveau.maisonmallet.com\/back05_01\/index.php?rest_route=\/wp\/v2\/event"}],"about":[{"href":"https:\/\/nouveau.maisonmallet.com\/back05_01\/index.php?rest_route=\/wp\/v2\/types\/event"}],"wp:featuredmedia":[{"embeddable":true,"href":"https:\/\/nouveau.maisonmallet.com\/back05_01\/index.php?rest_route=\/wp\/v2\/media\/23391"}],"wp:attachment":[{"href":"https:\/\/nouveau.maisonmallet.com\/back05_01\/index.php?rest_route=%2Fwp%2Fv2%2Fmedia&parent=23379"}],"wp:term":[{"taxonomy":"event_cat","embeddable":true,"href":"https:\/\/nouveau.maisonmallet.com\/back05_01\/index.php?rest_route=%2Fwp%2Fv2%2Fevent_cat&post=23379"}],"curies":[{"name":"wp","href":"https:\/\/api.w.org\/{rel}","templated":true}]}}

GRÉGOIRE, Marie-Anna

<p>1934 &#8211; 2021</p>
<p>GRÉGOIRE, Marie-Anna</p>
<p>&nbsp;</p>
<p>À Sept-Îles, le 17 août 2021, est décédée à l’âge de 87 ans madame Marie-Anna Grégoire fille de feu Xavier Grégoire et de feue Philomène Fontaine domiciliée à Sept-Îles.</p>
<p>Les funérailles de madame Marie-Anna Grégoire auront lieu le jeudi  26 août 2021 à 14 h en l’église Kateri Tekakwitha, située au 1035, rue Dequen à Uashat et de là au Cimetière de Uashat.</p>
<p>La famille reçoit parents et amis le mardi 24 août 2021 de 19 h à 22 h. Le mercredi 25 août 2021 de 13 h à 16 h et de 19 h à 22 h. Le jeudi 26 août 2021 jour des funérailles à compter de 12 h 30 au Complexe Thanatologique Mallet &amp; fils du 585, boul. Laure à Sept-Îles.</p>
<p><strong><u>Dû aux circonstances reliées à la pandémie, vous pouvez venir présenter vos condoléances en respectant la distanciation physique et le port du masque sera obligatoire.</u></strong></p>
<p>Elle laisse dans le deuil ses frères : Raymond, Émile (Murielle Picard) et Roméo, ses sœurs : Julienne, Germaine et Priscilla (Cyrille Jourdain) ainsi que ses neveux, ses nièces, ses cousins, ses cousines et de nombreux ami(e)s.</p>
<p>La famille a confié la direction des funérailles aux services professionnels de la Maison Mallet &amp; fils du 585, boul. Laure à Sept-Îles, maintenant reconnue Distinction et membre de la Corporation des Thanatologues du Québec.</p>
<p>Vous pouvez consulter cet avis de décès, sur le <a href="https://nouveau.maisonmallet.com/back05_01">www.maisonmallet.com</a></p>
<p>Ceux et celles qui le désirent, peuvent y envoyer des messages de sympathie.</p>
<hr />
<p>Envoyer vos condoléances</p>
<p>[contact-form to= »marc@maisonmallet.com » subject= »Condoléances Marie-Anna Grégoire »][contact-field label= »Votre nom » type= »name » required= »1&Prime;][contact-field label= »Votre courriel » type= »email » required= »1&Prime;][contact-field label= »Condoléances » type= »textarea »][/contact-form]</p>
