{"id":23392,"date":"2021-08-21T10:37:41","date_gmt":"2021-08-21T14:37:41","guid":{"rendered":"https:\/\/nouveau.maisonmallet.com\/?post_type=event&#038;p=23392"},"modified":"2021-08-30T19:59:09","modified_gmt":"2021-08-30T23:59:09","slug":"murray-danielle-murray","status":"publish","type":"event","link":"https:\/\/nouveau.maisonmallet.com\/back05_01\/?event=murray-danielle-murray","title":{"rendered":"MURRAY, Danielle (Murray)"},"content":{"rendered":"<p>1950 \u2013 2021<\/p>\n<p>MURRAY, Danielle (Murray)<\/p>\n<p>&nbsp;<\/p>\n<p>\u00c0 Sept-\u00celes (maison \u00c9lyme des sables), le 21 ao\u00fbt 2021, est d\u00e9c\u00e9d\u00e9e \u00e0 l\u2019\u00e2ge de 71 ans, madame Danielle Murray \u00e9pouse de monsieur Michelin Murray et domicili\u00e9e \u00e0 Gallix.<\/p>\n<p>Les rituels fun\u00e9raires de madame Danielle Murray auront lieu \u00e0 une date ult\u00e9rieure au cimeti\u00e8re de Saint-Ren\u00e9 de Matane.<\/p>\n<p>Selon ses volont\u00e9s, elle a \u00e9t\u00e9 confi\u00e9e au cr\u00e9matorium de la maison Mallet &amp; fils pour cr\u00e9mation.<\/p>\n<p>Elle laisse dans le deuil outre son \u00e9poux monsieur Michelin Murray, sa fille Brigitte, son fils Steve (Marie-Eve Lavoie), ses petits-fils\u00a0: William, Andrew, Logan ainsi que ses fr\u00e8res\u00a0et s\u0153urs : Jeanne (Jean-Claude Fortin), Gilmond, Berthier (Lise Fortin), Monique (Bertrand Tremblay), feu Marie (feu Gaston Marin), Odette (Ren\u00e9 Larouche), Jean-Marie (Linda Desrosiers), Denise (Claude Laforce), Alain (Yolande St-Gelais), feu Madeleine (Guy B\u00e9rub\u00e9), Raymond (Ghislaine Thibeault), Gervais (Suzanne Chouinard), Yves (Dorianne Lamarre), Joanne (Langis Jean), son oncle Jean-Guy Murray (Suzanne Bissonnette), ses beaux-fr\u00e8res, ses belles-s\u0153urs, ses neveux, ses ni\u00e8ces, ses cousins, ses cousines et de tr\u00e8s \u00a0bon ami (e) s.<\/p>\n<p>Vos marques de sympathie peuvent se traduire par un don \u00e0 la Fondation du cancer du sein du Qu\u00e9bec <a href=\"http:\/\/www.rubanrose.org\">www.rubanrose.org<\/a> et ou \u00e0 la fondation des maladies du c\u0153ur et de l\u2019AVC <a href=\"http:\/\/www.fmcoeur.qc.ca\">www.fmcoeur.qc.ca<\/a><\/p>\n<p>La famille a confi\u00e9 les arrangements fun\u00e9raires aux services professionnels de la Maison Mallet &amp; fils du 57, route 138 \u00e0 Port-Cartier, maintenant reconnue Distinction et membre de la Corporation des Thanatologues du Qu\u00e9bec.<\/p>\n<p>Vous pouvez consulter cet avis de d\u00e9c\u00e8s, sur le <a href=\"https:\/\/nouveau.maisonmallet.com\/back05_01\">www.maisonmallet.com<\/a><\/p>\n<p>Ceux et celles qui le d\u00e9sirent peuvent y envoyer des messages de sympathie.<\/p>\n<p>&nbsp;<\/p>\n<hr \/>\n<p>Envoyer vos condol\u00e9ances<\/p>\n<p>[contact-form to=\u00a0\u00bbdaniemur@hotmail.com\u00a0\u00bb subject=\u00a0\u00bbCondol\u00e9ances Danielle Murray\u00a0\u00bb][contact-field label=\u00a0\u00bbVotre nom\u00a0\u00bb type=\u00a0\u00bbname\u00a0\u00bb required=\u00a0\u00bb1&Prime;][contact-field label=\u00a0\u00bbVotre courriel\u00a0\u00bb type=\u00a0\u00bbemail\u00a0\u00bb required=\u00a0\u00bb1&Prime;][contact-field label=\u00a0\u00bbCondol\u00e9ances\u00a0\u00bb type=\u00a0\u00bbtextarea\u00a0\u00bb][\/contact-form]<\/p>\n","protected":false},"featured_media":23403,"template":"","event_cat":[6],"class_list":["post-23392","event","type-event","status-publish","has-post-thumbnail","hentry","event_cat-maison-mallet-et-fils-inc"],"_links":{"self":[{"href":"https:\/\/nouveau.maisonmallet.com\/back05_01\/index.php?rest_route=\/wp\/v2\/event\/23392","targetHints":{"allow":["GET"]}}],"collection":[{"href":"https:\/\/nouveau.maisonmallet.com\/back05_01\/index.php?rest_route=\/wp\/v2\/event"}],"about":[{"href":"https:\/\/nouveau.maisonmallet.com\/back05_01\/index.php?rest_route=\/wp\/v2\/types\/event"}],"wp:featuredmedia":[{"embeddable":true,"href":"https:\/\/nouveau.maisonmallet.com\/back05_01\/index.php?rest_route=\/wp\/v2\/media\/23403"}],"wp:attachment":[{"href":"https:\/\/nouveau.maisonmallet.com\/back05_01\/index.php?rest_route=%2Fwp%2Fv2%2Fmedia&parent=23392"}],"wp:term":[{"taxonomy":"event_cat","embeddable":true,"href":"https:\/\/nouveau.maisonmallet.com\/back05_01\/index.php?rest_route=%2Fwp%2Fv2%2Fevent_cat&post=23392"}],"curies":[{"name":"wp","href":"https:\/\/api.w.org\/{rel}","templated":true}]}}

<p>1950 – 2021</p>
<p>MURRAY, Danielle (Murray)</p>
<p>&nbsp;</p>
<p>À Sept-Îles (maison Élyme des sables), le 21 août 2021, est décédée à l’âge de 71 ans, madame Danielle Murray épouse de monsieur Michelin Murray et domiciliée à Gallix.</p>
<p>Les rituels funéraires de madame Danielle Murray auront lieu à une date ultérieure au cimetière de Saint-René de Matane.</p>
<p>Selon ses volontés, elle a été confiée au crématorium de la maison Mallet &amp; fils pour crémation.</p>
<p>Elle laisse dans le deuil outre son époux monsieur Michelin Murray, sa fille Brigitte, son fils Steve (Marie-Eve Lavoie), ses petits-fils : William, Andrew, Logan ainsi que ses frères et sœurs : Jeanne (Jean-Claude Fortin), Gilmond, Berthier (Lise Fortin), Monique (Bertrand Tremblay), feu Marie (feu Gaston Marin), Odette (René Larouche), Jean-Marie (Linda Desrosiers), Denise (Claude Laforce), Alain (Yolande St-Gelais), feu Madeleine (Guy Bérubé), Raymond (Ghislaine Thibeault), Gervais (Suzanne Chouinard), Yves (Dorianne Lamarre), Joanne (Langis Jean), son oncle Jean-Guy Murray (Suzanne Bissonnette), ses beaux-frères, ses belles-sœurs, ses neveux, ses nièces, ses cousins, ses cousines et de très  bon ami (e) s.</p>
<p>Vos marques de sympathie peuvent se traduire par un don à la Fondation du cancer du sein du Québec <a href="http://www.rubanrose.org">www.rubanrose.org</a> et ou à la fondation des maladies du cœur et de l’AVC <a href="http://www.fmcoeur.qc.ca">www.fmcoeur.qc.ca</a></p>
<p>La famille a confié les arrangements funéraires aux services professionnels de la Maison Mallet &amp; fils du 57, route 138 à Port-Cartier, maintenant reconnue Distinction et membre de la Corporation des Thanatologues du Québec.</p>
<p>Vous pouvez consulter cet avis de décès, sur le <a href="https://nouveau.maisonmallet.com/back05_01">www.maisonmallet.com</a></p>
<p>Ceux et celles qui le désirent peuvent y envoyer des messages de sympathie.</p>
<p>&nbsp;</p>
<hr />
<p>Envoyer vos condoléances</p>
<p>[contact-form to= »daniemur@hotmail.com » subject= »Condoléances Danielle Murray »][contact-field label= »Votre nom » type= »name » required= »1&Prime;][contact-field label= »Votre courriel » type= »email » required= »1&Prime;][contact-field label= »Condoléances » type= »textarea »][/contact-form]</p>
