{"id":23491,"date":"2021-08-29T13:06:14","date_gmt":"2021-08-29T17:06:14","guid":{"rendered":"https:\/\/nouveau.maisonmallet.com\/?post_type=event&#038;p=23491"},"modified":"2021-09-05T15:11:34","modified_gmt":"2021-09-05T19:11:34","slug":"modele-nom-prenom-43","status":"publish","type":"event","link":"https:\/\/nouveau.maisonmallet.com\/back05_01\/?event=modele-nom-prenom-43","title":{"rendered":"CLEMENTS, Dave"},"content":{"rendered":"<p>1970 \u2013 2021<\/p>\n<p>CLEMENTS, Dave<\/p>\n<p>&nbsp;<\/p>\n<p>\u00c0 Qu\u00e9bec, le 26 ao\u00fbt 2021, est d\u00e9c\u00e9d\u00e9 \u00e0 l\u2019\u00e2ge de 51 ans, monsieur Dave Clements, conjoint de madame Myl\u00e8ne Barbeau et domicili\u00e9 \u00e0 Sept-\u00celes.<\/p>\n<p>Les fun\u00e9railles de monsieur Dave Clements auront lieu le lundi 6 septembre 2021 \u00e0 14 h en l\u2019\u00e9glise Marie-Immacul\u00e9e situ\u00e9e au 180, rue Papineau \u00e0 Sept-\u00celes et de l\u00e0 au cr\u00e9matorium de la maison Mallet &amp; fils pour cr\u00e9mation.<\/p>\n<p>La famille re\u00e7oit parents et amis le dimanche 5 septembre 2021 de 13 h \u00e0 16 et de 19 h \u00e0 22 h. Le lundi 6 septembre 2021 jour des fun\u00e9railles \u00e0 compter de 12 h 30 au Complexe Thanatologique Mallet &amp; fils du 585, boul. Laure \u00e0 Sept-\u00celes.<\/p>\n<p><strong><u>D\u00fb aux circonstances reli\u00e9es \u00e0 la pand\u00e9mie, vous pouvez venir pr\u00e9senter vos condol\u00e9ances en respectant la distanciation sociale et le port du masque sera obligatoire.<\/u><\/strong><\/p>\n<p>Il laisse dans le deuil outre sa conjointe Myl\u00e8ne Barbeau, ses enfants\u00a0: \u00a0Janie (F\u00e9lix Larouche), Maxime et Joey, son fr\u00e8re Denis (Nicole bourgeois), son beau-fr\u00e8re Jean-Ren\u00e9 Tremblay (feu Maryse Clements), ses ni\u00e8ces et neveux\u00a0: V\u00e9ronique, Maude, F\u00e9lix et Fr\u00e9d\u00e9ric, ses oncles, ses tantes, ses cousins, ses cousines et de nombreux ami(e)s et coll\u00e8gues.<\/p>\n<p>Vos marques de sympathie peuvent se traduire par un don \u00e0 Greffe-toi \u00e0 nous 700 boulevard Laure cp 945 Sept-\u00celes, Qu\u00e9bec G4R 4S3<\/p>\n<p>La famille a confi\u00e9 la direction des fun\u00e9railles aux services professionnels de la maison Mallet &amp; fils du 585 Boul. Laure \u00e0 Sept-\u00celes, maintenant reconnue Distinction et membre de la Corporation des Thanatologues du Qu\u00e9bec.<\/p>\n<p>Vous pouvez consulter cet avis de d\u00e9c\u00e8s sur le\u00a0: <a href=\"https:\/\/nouveau.maisonmallet.com\/back05_01\">www.maisonmallet.com<\/a><\/p>\n<p>Ceux et celles qui le d\u00e9sirent, peuvent y envoyer des messages de sympathie.<\/p>\n<p>&nbsp;<\/p>\n<hr \/>\n<p>Envoyer vos condol\u00e9ances<\/p>\n<p>[contact-form to=\u00a0\u00bbmylenebarbeau@hotmail.com\u00a0\u00bb subject=\u00a0\u00bbCondol\u00e9ances Dave Clements\u00a0\u00bb][contact-field label=\u00a0\u00bbVotre nom\u00a0\u00bb type=\u00a0\u00bbname\u00a0\u00bb required=\u00a0\u00bb1&Prime;][contact-field label=\u00a0\u00bbVotre courriel\u00a0\u00bb type=\u00a0\u00bbemail\u00a0\u00bb required=\u00a0\u00bb1&Prime;][contact-field label=\u00a0\u00bbCondol\u00e9ances\u00a0\u00bb type=\u00a0\u00bbtextarea\u00a0\u00bb][\/contact-form]<\/p>\n","protected":false},"featured_media":23540,"template":"","event_cat":[6],"class_list":["post-23491","event","type-event","status-publish","has-post-thumbnail","hentry","event_cat-maison-mallet-et-fils-inc"],"_links":{"self":[{"href":"https:\/\/nouveau.maisonmallet.com\/back05_01\/index.php?rest_route=\/wp\/v2\/event\/23491","targetHints":{"allow":["GET"]}}],"collection":[{"href":"https:\/\/nouveau.maisonmallet.com\/back05_01\/index.php?rest_route=\/wp\/v2\/event"}],"about":[{"href":"https:\/\/nouveau.maisonmallet.com\/back05_01\/index.php?rest_route=\/wp\/v2\/types\/event"}],"wp:featuredmedia":[{"embeddable":true,"href":"https:\/\/nouveau.maisonmallet.com\/back05_01\/index.php?rest_route=\/wp\/v2\/media\/23540"}],"wp:attachment":[{"href":"https:\/\/nouveau.maisonmallet.com\/back05_01\/index.php?rest_route=%2Fwp%2Fv2%2Fmedia&parent=23491"}],"wp:term":[{"taxonomy":"event_cat","embeddable":true,"href":"https:\/\/nouveau.maisonmallet.com\/back05_01\/index.php?rest_route=%2Fwp%2Fv2%2Fevent_cat&post=23491"}],"curies":[{"name":"wp","href":"https:\/\/api.w.org\/{rel}","templated":true}]}}

<p>1970 – 2021</p>
<p>CLEMENTS, Dave</p>
<p>&nbsp;</p>
<p>À Québec, le 26 août 2021, est décédé à l’âge de 51 ans, monsieur Dave Clements, conjoint de madame Mylène Barbeau et domicilié à Sept-Îles.</p>
<p>Les funérailles de monsieur Dave Clements auront lieu le lundi 6 septembre 2021 à 14 h en l’église Marie-Immaculée située au 180, rue Papineau à Sept-Îles et de là au crématorium de la maison Mallet &amp; fils pour crémation.</p>
<p>La famille reçoit parents et amis le dimanche 5 septembre 2021 de 13 h à 16 et de 19 h à 22 h. Le lundi 6 septembre 2021 jour des funérailles à compter de 12 h 30 au Complexe Thanatologique Mallet &amp; fils du 585, boul. Laure à Sept-Îles.</p>
<p><strong><u>Dû aux circonstances reliées à la pandémie, vous pouvez venir présenter vos condoléances en respectant la distanciation sociale et le port du masque sera obligatoire.</u></strong></p>
<p>Il laisse dans le deuil outre sa conjointe Mylène Barbeau, ses enfants :  Janie (Félix Larouche), Maxime et Joey, son frère Denis (Nicole bourgeois), son beau-frère Jean-René Tremblay (feu Maryse Clements), ses nièces et neveux : Véronique, Maude, Félix et Frédéric, ses oncles, ses tantes, ses cousins, ses cousines et de nombreux ami(e)s et collègues.</p>
<p>Vos marques de sympathie peuvent se traduire par un don à Greffe-toi à nous 700 boulevard Laure cp 945 Sept-Îles, Québec G4R 4S3</p>
<p>La famille a confié la direction des funérailles aux services professionnels de la maison Mallet &amp; fils du 585 Boul. Laure à Sept-Îles, maintenant reconnue Distinction et membre de la Corporation des Thanatologues du Québec.</p>
<p>Vous pouvez consulter cet avis de décès sur le : <a href="https://nouveau.maisonmallet.com/back05_01">www.maisonmallet.com</a></p>
<p>Ceux et celles qui le désirent, peuvent y envoyer des messages de sympathie.</p>
<p>&nbsp;</p>
<hr />
<p>Envoyer vos condoléances</p>
<p>[contact-form to= »mylenebarbeau@hotmail.com » subject= »Condoléances Dave Clements »][contact-field label= »Votre nom » type= »name » required= »1&Prime;][contact-field label= »Votre courriel » type= »email » required= »1&Prime;][contact-field label= »Condoléances » type= »textarea »][/contact-form]</p>
