{"id":2356,"date":"2019-04-16T23:11:11","date_gmt":"2019-04-17T03:11:11","guid":{"rendered":"https:\/\/nouveau.maisonmallet.com\/?post_type=event&#038;p=2356"},"modified":"2019-05-10T08:59:17","modified_gmt":"2019-05-10T12:59:17","slug":"rochette-eloi16042019","status":"publish","type":"event","link":"https:\/\/nouveau.maisonmallet.com\/back05_01\/?event=rochette-eloi16042019","title":{"rendered":"ROCHETTE, \u00c9loi"},"content":{"rendered":"<p>1970-2019<\/p>\n<p>\u00c0 Pointe-Lebel, le 16 avril 2019 est d\u00e9c\u00e9d\u00e9 \u00e0 l\u2019\u00e2ge de 49 ans monsieur \u00c9loi Rochette conjoint de madame Annie M\u00e9tivier, fils de madame Aurore D\u00e9raps et de feu L\u00e9opold Rochette domicili\u00e9 \u00e0 Pointe-Lebel.<\/p>\n<p>Les fun\u00e9railles de monsieur \u00c9loi Rochette auront lieu le samedi 4 mai 2019 \u00e0 14 h en l\u2019\u00e9glise Marie-M\u00e8re-de-l\u2019\u00c9glise d\u2019Aguanish et de l\u00e0 au cimeti\u00e8re de l\u2019endroit.<\/p>\n<p>Selon ses volont\u00e9s, il a \u00e9t\u00e9 confi\u00e9 au cr\u00e9matorium de la Maison L.J.G. Mallet pour cr\u00e9mation.<\/p>\n<p>La famille re\u00e7oit parents et amis le vendredi 3 mai 2019 de 19 h \u00e0 22 h. Le samedi 4 mai 2019 jour des fun\u00e9railles de 10 h \u00e0 12 h \u00e0 l\u2019\u00e9glise Marie-M\u00e8re-de-l\u2019\u00c9glise d\u2019Aguanish.<\/p>\n<p>Il laisse dans le deuil outre sa m\u00e8re et sa conjointe, ses enfants\u00a0: Olivier et Audrey; ses fr\u00e8res et s\u0153urs\u00a0: Marcel (Jeannine), Pierrette (Fran\u00e7ois), Jacinthe (Germain), Harold (Th\u00e9r\u00e8se), Lorraine (Claude), Claudette (Andr\u00e9), Florence (Gustave) et Doris (Alain); ses filleuls\u00a0: Guillaume et Fabien; les parents de sa conjointe\u00a0: Adrien M\u00e9tivier et Huguette D\u00e9raps ainsi que ses beaux-fr\u00e8res et belles-s\u0153urs, oncles, tantes, neveux, ni\u00e8ces, cousins, cousines et ami(e)s.<\/p>\n<p>Vos marques de sympathie peuvent se traduire par des dons \u00e0\u00a0: Centre de pr\u00e9vention du suicide C\u00f4te-Nord, C.P. 2591, Baie-Comeau, Qc, G5C 2T3<\/p>\n<p><a href=\"http:\/\/www.preventionsuicecotenord.ca\/\">www.preventionsuicecotenord.ca<\/a><\/p>\n<p>La famille a confi\u00e9 la direction des fun\u00e9railles aux services professionnels de la Coop\u00e9rative fun\u00e9raire Haute C\u00f4te-Nord-Manicouagan 788, boul. Blanche, Baie-Comeau et collaboration avec la Maison L.J.G. Mallet du 1429, rue du Canot \u00e0 Havre-St-Pierre, maintenant reconnue Distinction et membre de la Corporation des Thanatologues du Qu\u00e9bec.<\/p>\n<p>Vous pouvez consulter cet avis de d\u00e9c\u00e8s sur le\u00a0: <a href=\"https:\/\/nouveau.maisonmallet.com\/back05_01\/\">www.maisonmallet.com<\/a><\/p>\n<p>Ceux et celles qui le d\u00e9sirent, peuvent y envoyer des messages de sympathie.<\/p>\n<p>&nbsp;<\/p>\n<hr \/>\n<p>Envoyer vos condol\u00e9ances<\/p>\n<p>[contact-form to=\u00a0\u00bbmarius@maisonmallet.com\u00a0\u00bb subject=\u00a0\u00bbCondol\u00e9ances Eloi Rochette\u00a0\u00bb][contact-field label=\u00a0\u00bbVotre nom\u00a0\u00bb type=\u00a0\u00bbname\u00a0\u00bb required=\u00a0\u00bb1&Prime;][contact-field label=\u00a0\u00bbVotre courriel\u00a0\u00bb type=\u00a0\u00bbemail\u00a0\u00bb required=\u00a0\u00bb1&Prime;][contact-field label=\u00a0\u00bbCondol\u00e9ances\u00a0\u00bb type=\u00a0\u00bbtextarea\u00a0\u00bb][\/contact-form]<\/p>\n","protected":false},"featured_media":2360,"template":"","event_cat":[7],"class_list":["post-2356","event","type-event","status-publish","has-post-thumbnail","hentry","event_cat-maison-l-j-g-mallet-inc"],"_links":{"self":[{"href":"https:\/\/nouveau.maisonmallet.com\/back05_01\/index.php?rest_route=\/wp\/v2\/event\/2356","targetHints":{"allow":["GET"]}}],"collection":[{"href":"https:\/\/nouveau.maisonmallet.com\/back05_01\/index.php?rest_route=\/wp\/v2\/event"}],"about":[{"href":"https:\/\/nouveau.maisonmallet.com\/back05_01\/index.php?rest_route=\/wp\/v2\/types\/event"}],"wp:featuredmedia":[{"embeddable":true,"href":"https:\/\/nouveau.maisonmallet.com\/back05_01\/index.php?rest_route=\/wp\/v2\/media\/2360"}],"wp:attachment":[{"href":"https:\/\/nouveau.maisonmallet.com\/back05_01\/index.php?rest_route=%2Fwp%2Fv2%2Fmedia&parent=2356"}],"wp:term":[{"taxonomy":"event_cat","embeddable":true,"href":"https:\/\/nouveau.maisonmallet.com\/back05_01\/index.php?rest_route=%2Fwp%2Fv2%2Fevent_cat&post=2356"}],"curies":[{"name":"wp","href":"https:\/\/api.w.org\/{rel}","templated":true}]}}

ROCHETTE, Éloi

<p>1970-2019</p>
<p>À Pointe-Lebel, le 16 avril 2019 est décédé à l’âge de 49 ans monsieur Éloi Rochette conjoint de madame Annie Métivier, fils de madame Aurore Déraps et de feu Léopold Rochette domicilié à Pointe-Lebel.</p>
<p>Les funérailles de monsieur Éloi Rochette auront lieu le samedi 4 mai 2019 à 14 h en l’église Marie-Mère-de-l’Église d’Aguanish et de là au cimetière de l’endroit.</p>
<p>Selon ses volontés, il a été confié au crématorium de la Maison L.J.G. Mallet pour crémation.</p>
<p>La famille reçoit parents et amis le vendredi 3 mai 2019 de 19 h à 22 h. Le samedi 4 mai 2019 jour des funérailles de 10 h à 12 h à l’église Marie-Mère-de-l’Église d’Aguanish.</p>
<p>Il laisse dans le deuil outre sa mère et sa conjointe, ses enfants : Olivier et Audrey; ses frères et sœurs : Marcel (Jeannine), Pierrette (François), Jacinthe (Germain), Harold (Thérèse), Lorraine (Claude), Claudette (André), Florence (Gustave) et Doris (Alain); ses filleuls : Guillaume et Fabien; les parents de sa conjointe : Adrien Métivier et Huguette Déraps ainsi que ses beaux-frères et belles-sœurs, oncles, tantes, neveux, nièces, cousins, cousines et ami(e)s.</p>
<p>Vos marques de sympathie peuvent se traduire par des dons à : Centre de prévention du suicide Côte-Nord, C.P. 2591, Baie-Comeau, Qc, G5C 2T3</p>
<p><a href="http://www.preventionsuicecotenord.ca/">www.preventionsuicecotenord.ca</a></p>
<p>La famille a confié la direction des funérailles aux services professionnels de la Coopérative funéraire Haute Côte-Nord-Manicouagan 788, boul. Blanche, Baie-Comeau et collaboration avec la Maison L.J.G. Mallet du 1429, rue du Canot à Havre-St-Pierre, maintenant reconnue Distinction et membre de la Corporation des Thanatologues du Québec.</p>
<p>Vous pouvez consulter cet avis de décès sur le : <a href="https://nouveau.maisonmallet.com/back05_01/">www.maisonmallet.com</a></p>
<p>Ceux et celles qui le désirent, peuvent y envoyer des messages de sympathie.</p>
<p>&nbsp;</p>
<hr />
<p>Envoyer vos condoléances</p>
<p>[contact-form to= »marius@maisonmallet.com » subject= »Condoléances Eloi Rochette »][contact-field label= »Votre nom » type= »name » required= »1&Prime;][contact-field label= »Votre courriel » type= »email » required= »1&Prime;][contact-field label= »Condoléances » type= »textarea »][/contact-form]</p>
