{"id":23562,"date":"2021-08-29T17:01:37","date_gmt":"2021-08-29T21:01:37","guid":{"rendered":"https:\/\/nouveau.maisonmallet.com\/?post_type=event&#038;p=23562"},"modified":"2021-09-01T21:47:05","modified_gmt":"2021-09-02T01:47:05","slug":"dumont-raoul","status":"publish","type":"event","link":"https:\/\/nouveau.maisonmallet.com\/back05_01\/?event=dumont-raoul","title":{"rendered":"DUMONT, Raoul"},"content":{"rendered":"<p>1932 &#8211; 2021<\/p>\n<p>DUMONT, Raoul<\/p>\n<p>&nbsp;<\/p>\n<p>\u00c0 Sept-\u00celes (maison \u00c9lyme des sables), le 26 ao\u00fbt 2021, est d\u00e9c\u00e9d\u00e9 \u00e0 l\u2019\u00e2ge de 89 ans, monsieur Raoul Dumont, \u00e9poux en premi\u00e8res noces de feue Suzanne Martel et en secondes noces de feue C\u00e9line Bouchard, domicili\u00e9 \u00e0 Sept-\u00celes.<\/p>\n<p>Les fun\u00e9railles de monsieur Raoul Dumont auront lieu le vendredi 3 septembre 2021 \u00e0 10 h 30 en l\u2019\u00e9glise Marie-Immacul\u00e9e situ\u00e9e au 180, rue Papineau \u00e0 Sept-\u00celes et de l\u00e0 au cimeti\u00e8re catholique de Sept-\u00celes.<\/p>\n<p>La famille re\u00e7oit parents et amis le vendredi 3 septembre 2021, jour des fun\u00e9railles, \u00e0 compter de 8 h 30 au Complexe Thanatologique Mallet &amp; fils du 585 Boul. Laure \u00e0 Sept\u2011\u00celes.<\/p>\n<p><strong><u>D\u00fb aux circonstances reli\u00e9es \u00e0 la pand\u00e9mie, vous pouvez venir pr\u00e9senter vos condol\u00e9ances en respectant la distanciation physique et le port du masque sera obligatoire.<\/u><\/strong><\/p>\n<p>Il laisse dans le deuil ses enfants : Solange, Mario (Richard Ouellet), Jean-Fran\u00e7ois (Pascal Synnett), Chantal (Nicolas Desbiens), Johanne (Jean-Marc Collard), ses petits-enfants : Marcel Jr Marticotte, Marc-Alexandre Marticotte, V\u00e9ronic Marticotte, Romane Desbiens, Corinne Desbiens, \u00c9mile Collard-Dumont, M\u00e9lina Collard-Dumont, Samuelle Collard-Dumont, Justin Collard-Dumont. Il \u00e9tait le fr\u00e8re de : feu Anaclet, Gertrude (feu Germain Bissonnette), feu Raymond (feue Jeannine B\u00e9dard), Fernand (Jeannette Dupuis), feue Germaine (Sylvio Gagn\u00e9), Jean-Eude (Germaine Bourgoin), Beno\u00eet, feu Claude. Il laisse \u00e9galement dans le deuil de nombreux neveux, ni\u00e8ces, autres parents et amis.<\/p>\n<p>Vos marques de sympathie peuvent se traduire par un don \u00e0 l\u2019\u00c9lyme des sables <a href=\"http:\/\/www.elymedessables.com\">www.elymedessables.com<\/a><\/p>\n<p>La famille a confi\u00e9 la direction des fun\u00e9railles aux services professionnels de la Maison Mallet &amp; fils du 585 boul. Laure \u00e0 Sept-\u00celes, maintenant reconnue Distinction et membre de la Corporation des Thanatologues du Qu\u00e9bec.<\/p>\n<p>Vous pouvez consulter cet avis de d\u00e9c\u00e8s, sur le <a href=\"https:\/\/nouveau.maisonmallet.com\/back05_01\">www.maisonmallet.com<\/a><\/p>\n<p>Ceux et celles qui le d\u00e9sirent, peuvent y envoyer des messages de sympathie.<\/p>\n<p>&nbsp;<\/p>\n<hr \/>\n<p>Envoyer vos condol\u00e9ances<\/p>\n<p>[contact-form to=\u00a0\u00bbmam.dumont@gmail.com\u00a0\u00bb subject=\u00a0\u00bbCondol\u00e9ances Raoul Dumont\u00a0\u00bb][contact-field label=\u00a0\u00bbVotre nom\u00a0\u00bb type=\u00a0\u00bbname\u00a0\u00bb required=\u00a0\u00bb1&Prime;][contact-field label=\u00a0\u00bbVotre courriel\u00a0\u00bb type=\u00a0\u00bbemail\u00a0\u00bb required=\u00a0\u00bb1&Prime;][contact-field label=\u00a0\u00bbCondol\u00e9ances\u00a0\u00bb type=\u00a0\u00bbtextarea\u00a0\u00bb][\/contact-form]<\/p>\n","protected":false},"featured_media":23615,"template":"","event_cat":[6],"class_list":["post-23562","event","type-event","status-publish","has-post-thumbnail","hentry","event_cat-maison-mallet-et-fils-inc"],"_links":{"self":[{"href":"https:\/\/nouveau.maisonmallet.com\/back05_01\/index.php?rest_route=\/wp\/v2\/event\/23562","targetHints":{"allow":["GET"]}}],"collection":[{"href":"https:\/\/nouveau.maisonmallet.com\/back05_01\/index.php?rest_route=\/wp\/v2\/event"}],"about":[{"href":"https:\/\/nouveau.maisonmallet.com\/back05_01\/index.php?rest_route=\/wp\/v2\/types\/event"}],"wp:featuredmedia":[{"embeddable":true,"href":"https:\/\/nouveau.maisonmallet.com\/back05_01\/index.php?rest_route=\/wp\/v2\/media\/23615"}],"wp:attachment":[{"href":"https:\/\/nouveau.maisonmallet.com\/back05_01\/index.php?rest_route=%2Fwp%2Fv2%2Fmedia&parent=23562"}],"wp:term":[{"taxonomy":"event_cat","embeddable":true,"href":"https:\/\/nouveau.maisonmallet.com\/back05_01\/index.php?rest_route=%2Fwp%2Fv2%2Fevent_cat&post=23562"}],"curies":[{"name":"wp","href":"https:\/\/api.w.org\/{rel}","templated":true}]}}

<p>1932 &#8211; 2021</p>
<p>DUMONT, Raoul</p>
<p>&nbsp;</p>
<p>À Sept-Îles (maison Élyme des sables), le 26 août 2021, est décédé à l’âge de 89 ans, monsieur Raoul Dumont, époux en premières noces de feue Suzanne Martel et en secondes noces de feue Céline Bouchard, domicilié à Sept-Îles.</p>
<p>Les funérailles de monsieur Raoul Dumont auront lieu le vendredi 3 septembre 2021 à 10 h 30 en l’église Marie-Immaculée située au 180, rue Papineau à Sept-Îles et de là au cimetière catholique de Sept-Îles.</p>
<p>La famille reçoit parents et amis le vendredi 3 septembre 2021, jour des funérailles, à compter de 8 h 30 au Complexe Thanatologique Mallet &amp; fils du 585 Boul. Laure à Sept‑Îles.</p>
<p><strong><u>Dû aux circonstances reliées à la pandémie, vous pouvez venir présenter vos condoléances en respectant la distanciation physique et le port du masque sera obligatoire.</u></strong></p>
<p>Il laisse dans le deuil ses enfants : Solange, Mario (Richard Ouellet), Jean-François (Pascal Synnett), Chantal (Nicolas Desbiens), Johanne (Jean-Marc Collard), ses petits-enfants : Marcel Jr Marticotte, Marc-Alexandre Marticotte, Véronic Marticotte, Romane Desbiens, Corinne Desbiens, Émile Collard-Dumont, Mélina Collard-Dumont, Samuelle Collard-Dumont, Justin Collard-Dumont. Il était le frère de : feu Anaclet, Gertrude (feu Germain Bissonnette), feu Raymond (feue Jeannine Bédard), Fernand (Jeannette Dupuis), feue Germaine (Sylvio Gagné), Jean-Eude (Germaine Bourgoin), Benoît, feu Claude. Il laisse également dans le deuil de nombreux neveux, nièces, autres parents et amis.</p>
<p>Vos marques de sympathie peuvent se traduire par un don à l’Élyme des sables <a href="http://www.elymedessables.com">www.elymedessables.com</a></p>
<p>La famille a confié la direction des funérailles aux services professionnels de la Maison Mallet &amp; fils du 585 boul. Laure à Sept-Îles, maintenant reconnue Distinction et membre de la Corporation des Thanatologues du Québec.</p>
<p>Vous pouvez consulter cet avis de décès, sur le <a href="https://nouveau.maisonmallet.com/back05_01">www.maisonmallet.com</a></p>
<p>Ceux et celles qui le désirent, peuvent y envoyer des messages de sympathie.</p>
<p>&nbsp;</p>
<hr />
<p>Envoyer vos condoléances</p>
<p>[contact-form to= »mam.dumont@gmail.com » subject= »Condoléances Raoul Dumont »][contact-field label= »Votre nom » type= »name » required= »1&Prime;][contact-field label= »Votre courriel » type= »email » required= »1&Prime;][contact-field label= »Condoléances » type= »textarea »][/contact-form]</p>
