{"id":23564,"date":"2021-08-29T19:32:49","date_gmt":"2021-08-29T23:32:49","guid":{"rendered":"https:\/\/nouveau.maisonmallet.com\/?post_type=event&#038;p=23564"},"modified":"2021-08-30T19:48:54","modified_gmt":"2021-08-30T23:48:54","slug":"leblanc-pierre-ti-pierre","status":"publish","type":"event","link":"https:\/\/nouveau.maisonmallet.com\/back05_01\/?event=leblanc-pierre-ti-pierre","title":{"rendered":"LEBLANC, Pierre (Ti-Pierre)"},"content":{"rendered":"<p>1946 \u2013 2021<\/p>\n<p>LEBLANC, Pierre (Ti-Pierre)<\/p>\n<p>&nbsp;<\/p>\n<p>\u00c0 Sept-\u00celes (r\u00e9sidence Gustave Gauvreau), le 25 ao\u00fbt 2021, est d\u00e9c\u00e9d\u00e9 \u00e0 l\u2019\u00e2ge de 75 ans, monsieur Pierre (Ti-Pierre) Leblanc \u00e9poux de madame Nicole Camus et domicili\u00e9 \u00e0 Sept-\u00celes.<\/p>\n<p>Selon ses volont\u00e9s, il a \u00e9t\u00e9 confi\u00e9 au cr\u00e9matorium de la Maison Mallet &amp; fils pour cr\u00e9mation.<\/p>\n<p>Il laisse dans le deuil outre son \u00e9pouse madame Nicole Camus Leblanc, son fils Alain (Adja Diouf), sa fille Nadia (Eric Hach\u00e9), ses petits-fils\u00a0: David et Micka\u00ebl, ses petites-filles\u00a0: Emilie et Mia ainsi que ses s\u0153urs\u00a0: feue Lucille (G\u00e9rard Raymond Gauvreau), feue Marie-Paule, Nicole (feu Jacques Bujold) et Genevi\u00e8ve (feu Jacques Desrosiers), ses fr\u00e8res\u00a0: Harold (Gracia Chiasson) et\u00a0 Gilles (Louise Banville), ses beaux-fr\u00e8res, ses belles-s\u0153urs, ses neveux, ses ni\u00e8ces, ses cousins, ses cousines, et de nombreux ami(e)s.<\/p>\n<p>Il \u00e9tait retrait\u00e9 de la compagnie IOC.<\/p>\n<p>Vos marques de sympathie peuvent se traduire par un don \u00e0 La Soci\u00e9t\u00e9\u00a0Alzheimer Cote-Nord.<\/p>\n<p>La famille a confi\u00e9 les arrangements aux services professionnels de la Maison Mallet &amp; fils du 585 Boul. Laure \u00e0 Sept-\u00celes, maintenant reconnue Distinction et membre de la Corporation des Thanatologues du Qu\u00e9bec.<\/p>\n<p>Vous pouvez consulter cet avis de d\u00e9c\u00e8s sur le\u00a0:\u00a0<a href=\"https:\/\/nouveau.maisonmallet.com\/back05_01\/\">www.maisonmallet.com<\/a><\/p>\n<p>Ceux et celles qui le d\u00e9sirent, peuvent y envoyer des messages de sympathie.<\/p>\n<p>&nbsp;<\/p>\n<hr \/>\n<p>Envoyer vos condol\u00e9ances<\/p>\n<p>[contact-form to=\u00a0\u00bbleblanc.nadia@outlook.com\u00a0\u00bb subject=\u00a0\u00bbCondol\u00e9ances Pierre Leblanc\u00a0\u00bb][contact-field label=\u00a0\u00bbVotre nom\u00a0\u00bb type=\u00a0\u00bbname\u00a0\u00bb required=\u00a0\u00bb1&Prime;][contact-field label=\u00a0\u00bbVotre courriel\u00a0\u00bb type=\u00a0\u00bbemail\u00a0\u00bb required=\u00a0\u00bb1&Prime;][contact-field label=\u00a0\u00bbCondol\u00e9ances\u00a0\u00bb type=\u00a0\u00bbtextarea\u00a0\u00bb][\/contact-form]<\/p>\n","protected":false},"featured_media":23613,"template":"","event_cat":[6],"class_list":["post-23564","event","type-event","status-publish","has-post-thumbnail","hentry","event_cat-maison-mallet-et-fils-inc"],"_links":{"self":[{"href":"https:\/\/nouveau.maisonmallet.com\/back05_01\/index.php?rest_route=\/wp\/v2\/event\/23564","targetHints":{"allow":["GET"]}}],"collection":[{"href":"https:\/\/nouveau.maisonmallet.com\/back05_01\/index.php?rest_route=\/wp\/v2\/event"}],"about":[{"href":"https:\/\/nouveau.maisonmallet.com\/back05_01\/index.php?rest_route=\/wp\/v2\/types\/event"}],"wp:featuredmedia":[{"embeddable":true,"href":"https:\/\/nouveau.maisonmallet.com\/back05_01\/index.php?rest_route=\/wp\/v2\/media\/23613"}],"wp:attachment":[{"href":"https:\/\/nouveau.maisonmallet.com\/back05_01\/index.php?rest_route=%2Fwp%2Fv2%2Fmedia&parent=23564"}],"wp:term":[{"taxonomy":"event_cat","embeddable":true,"href":"https:\/\/nouveau.maisonmallet.com\/back05_01\/index.php?rest_route=%2Fwp%2Fv2%2Fevent_cat&post=23564"}],"curies":[{"name":"wp","href":"https:\/\/api.w.org\/{rel}","templated":true}]}}

<p>1946 – 2021</p>
<p>LEBLANC, Pierre (Ti-Pierre)</p>
<p>&nbsp;</p>
<p>À Sept-Îles (résidence Gustave Gauvreau), le 25 août 2021, est décédé à l’âge de 75 ans, monsieur Pierre (Ti-Pierre) Leblanc époux de madame Nicole Camus et domicilié à Sept-Îles.</p>
<p>Selon ses volontés, il a été confié au crématorium de la Maison Mallet &amp; fils pour crémation.</p>
<p>Il laisse dans le deuil outre son épouse madame Nicole Camus Leblanc, son fils Alain (Adja Diouf), sa fille Nadia (Eric Haché), ses petits-fils : David et Mickaël, ses petites-filles : Emilie et Mia ainsi que ses sœurs : feue Lucille (Gérard Raymond Gauvreau), feue Marie-Paule, Nicole (feu Jacques Bujold) et Geneviève (feu Jacques Desrosiers), ses frères : Harold (Gracia Chiasson) et  Gilles (Louise Banville), ses beaux-frères, ses belles-sœurs, ses neveux, ses nièces, ses cousins, ses cousines, et de nombreux ami(e)s.</p>
<p>Il était retraité de la compagnie IOC.</p>
<p>Vos marques de sympathie peuvent se traduire par un don à La Société Alzheimer Cote-Nord.</p>
<p>La famille a confié les arrangements aux services professionnels de la Maison Mallet &amp; fils du 585 Boul. Laure à Sept-Îles, maintenant reconnue Distinction et membre de la Corporation des Thanatologues du Québec.</p>
<p>Vous pouvez consulter cet avis de décès sur le : <a href="https://nouveau.maisonmallet.com/back05_01/">www.maisonmallet.com</a></p>
<p>Ceux et celles qui le désirent, peuvent y envoyer des messages de sympathie.</p>
<p>&nbsp;</p>
<hr />
<p>Envoyer vos condoléances</p>
<p>[contact-form to= »leblanc.nadia@outlook.com » subject= »Condoléances Pierre Leblanc »][contact-field label= »Votre nom » type= »name » required= »1&Prime;][contact-field label= »Votre courriel » type= »email » required= »1&Prime;][contact-field label= »Condoléances » type= »textarea »][/contact-form]</p>
