{"id":23610,"date":"2021-09-04T15:03:10","date_gmt":"2021-09-04T19:03:10","guid":{"rendered":"https:\/\/nouveau.maisonmallet.com\/?post_type=event&#038;p=23610"},"modified":"2021-09-05T16:12:53","modified_gmt":"2021-09-05T20:12:53","slug":"nadeau-lorraine-poitras","status":"publish","type":"event","link":"https:\/\/nouveau.maisonmallet.com\/back05_01\/?event=nadeau-lorraine-poitras","title":{"rendered":"NADEAU, Lorraine Poitras"},"content":{"rendered":"<p>1930 &#8211; 2021<\/p>\n<p>NADEAU, Lorraine (Poitras)<\/p>\n<p>&nbsp;<\/p>\n<p>\u00c0 Sept-\u00celes (maison \u00c9lyme des Sables), le 28 ao\u00fbt 2021, est d\u00e9c\u00e9d\u00e9e \u00e0 l\u2019\u00e2ge de 91 ans, madame Lorraine Nadeau \u00e9pouse de feu Richard Poitras et domicili\u00e9e \u00e0 Sept-\u00celes.<\/p>\n<p>Selon ses volont\u00e9s, elle a \u00e9t\u00e9 confi\u00e9e au cr\u00e9matorium de la Maison Mallet &amp; fils pour cr\u00e9mation.<\/p>\n<p>Les fun\u00e9railles de madame Lorraine Nadeau Poitras auront lieu le mercredi 8 septembre 2021 \u00e0 14\u00a0h en l\u2019\u00e9glise Marie-Immacul\u00e9e situ\u00e9e au 180, rue Papineau \u00e0 Sept-\u00celes et de l\u00e0 au cimeti\u00e8re catholique de Sept-\u00celes.<\/p>\n<p>La famille re\u00e7oit parents et amis le mardi 7 septembre 2021 de 19 h \u00e0 22 h. Le mercredi jour des fun\u00e9railles, \u00e0 compter de 10 h au Complexe Thanatologique Mallet &amp; fils du 585 Boul. Laure \u00e0 Sept\u2011\u00celes.<\/p>\n<p><strong><u>D\u00fb aux circonstances reli\u00e9es \u00e0 la pand\u00e9mie, vous pouvez venir pr\u00e9senter vos condol\u00e9ances en respectant la distanciation physique et le port du masque sera obligatoire.<\/u><\/strong><\/p>\n<p>Elle laisse dans le deuil ses filles : Murielle (Pierre Depatie) et Gis\u00e8le (Rosaire Beaudry), ses petits-enfants : Jean-S\u00e9bastien (M\u00e9lissa Porlier), Fr\u00e9d\u00e9ric, Jennifer (S\u00e9bastien Beaudin), Carl, Rapha\u00ebl et Laurie, ses quatre arri\u00e8res petits-enfants, ses neveux, ses ni\u00e8ces ainsi que des amis qui la consid\u00e9raient comme une maman.<\/p>\n<p>Elle \u00e9tait la m\u00e8re de feu Roger Poitras.<\/p>\n<p>Vos marques de sympathie peuvent se traduire par un don \u00e0 la soci\u00e9t\u00e9 Alzheimer C\u00f4te-Nord <a href=\"http:\/\/www.societealzheimercotenord.com\">www.societealzheimercotenord.com<\/a><\/p>\n<p>La famille a confi\u00e9 la direction des fun\u00e9railles aux services professionnels de la Maison Mallet &amp; fils du 585 boul. Laure \u00e0 Sept-\u00celes, maintenant reconnue Distinction et membre de la Corporation des Thanatologues du Qu\u00e9bec.<\/p>\n<p>Vous pouvez consulter cet avis de d\u00e9c\u00e8s, sur le <a href=\"https:\/\/nouveau.maisonmallet.com\/back05_01\">www.maisonmallet.com<\/a><\/p>\n<p>Ceux et celles qui le d\u00e9sirent, peuvent y envoyer des messages de sympathie.<\/p>\n<p>&nbsp;<\/p>\n<hr \/>\n<p>Envoyer vos condol\u00e9ances<\/p>\n<p>[contact-form to=\u00a0\u00bbgiselepoitras2@gmail.com\u00a0\u00bb subject=\u00a0\u00bbCondol\u00e9ances Lorraine Nadeau\u00a0\u00bb][contact-field label=\u00a0\u00bbVotre nom\u00a0\u00bb type=\u00a0\u00bbname\u00a0\u00bb required=\u00a0\u00bb1&Prime;][contact-field label=\u00a0\u00bbVotre courriel\u00a0\u00bb type=\u00a0\u00bbemail\u00a0\u00bb required=\u00a0\u00bb1&Prime;][contact-field label=\u00a0\u00bbCondol\u00e9ances\u00a0\u00bb type=\u00a0\u00bbtextarea\u00a0\u00bb][\/contact-form]<\/p>\n","protected":false},"featured_media":23808,"template":"","event_cat":[6],"class_list":["post-23610","event","type-event","status-publish","has-post-thumbnail","hentry","event_cat-maison-mallet-et-fils-inc"],"_links":{"self":[{"href":"https:\/\/nouveau.maisonmallet.com\/back05_01\/index.php?rest_route=\/wp\/v2\/event\/23610","targetHints":{"allow":["GET"]}}],"collection":[{"href":"https:\/\/nouveau.maisonmallet.com\/back05_01\/index.php?rest_route=\/wp\/v2\/event"}],"about":[{"href":"https:\/\/nouveau.maisonmallet.com\/back05_01\/index.php?rest_route=\/wp\/v2\/types\/event"}],"wp:featuredmedia":[{"embeddable":true,"href":"https:\/\/nouveau.maisonmallet.com\/back05_01\/index.php?rest_route=\/wp\/v2\/media\/23808"}],"wp:attachment":[{"href":"https:\/\/nouveau.maisonmallet.com\/back05_01\/index.php?rest_route=%2Fwp%2Fv2%2Fmedia&parent=23610"}],"wp:term":[{"taxonomy":"event_cat","embeddable":true,"href":"https:\/\/nouveau.maisonmallet.com\/back05_01\/index.php?rest_route=%2Fwp%2Fv2%2Fevent_cat&post=23610"}],"curies":[{"name":"wp","href":"https:\/\/api.w.org\/{rel}","templated":true}]}}

<p>1930 &#8211; 2021</p>
<p>NADEAU, Lorraine (Poitras)</p>
<p>&nbsp;</p>
<p>À Sept-Îles (maison Élyme des Sables), le 28 août 2021, est décédée à l’âge de 91 ans, madame Lorraine Nadeau épouse de feu Richard Poitras et domiciliée à Sept-Îles.</p>
<p>Selon ses volontés, elle a été confiée au crématorium de la Maison Mallet &amp; fils pour crémation.</p>
<p>Les funérailles de madame Lorraine Nadeau Poitras auront lieu le mercredi 8 septembre 2021 à 14 h en l’église Marie-Immaculée située au 180, rue Papineau à Sept-Îles et de là au cimetière catholique de Sept-Îles.</p>
<p>La famille reçoit parents et amis le mardi 7 septembre 2021 de 19 h à 22 h. Le mercredi jour des funérailles, à compter de 10 h au Complexe Thanatologique Mallet &amp; fils du 585 Boul. Laure à Sept‑Îles.</p>
<p><strong><u>Dû aux circonstances reliées à la pandémie, vous pouvez venir présenter vos condoléances en respectant la distanciation physique et le port du masque sera obligatoire.</u></strong></p>
<p>Elle laisse dans le deuil ses filles : Murielle (Pierre Depatie) et Gisèle (Rosaire Beaudry), ses petits-enfants : Jean-Sébastien (Mélissa Porlier), Frédéric, Jennifer (Sébastien Beaudin), Carl, Raphaël et Laurie, ses quatre arrières petits-enfants, ses neveux, ses nièces ainsi que des amis qui la considéraient comme une maman.</p>
<p>Elle était la mère de feu Roger Poitras.</p>
<p>Vos marques de sympathie peuvent se traduire par un don à la société Alzheimer Côte-Nord <a href="http://www.societealzheimercotenord.com">www.societealzheimercotenord.com</a></p>
<p>La famille a confié la direction des funérailles aux services professionnels de la Maison Mallet &amp; fils du 585 boul. Laure à Sept-Îles, maintenant reconnue Distinction et membre de la Corporation des Thanatologues du Québec.</p>
<p>Vous pouvez consulter cet avis de décès, sur le <a href="https://nouveau.maisonmallet.com/back05_01">www.maisonmallet.com</a></p>
<p>Ceux et celles qui le désirent, peuvent y envoyer des messages de sympathie.</p>
<p>&nbsp;</p>
<hr />
<p>Envoyer vos condoléances</p>
<p>[contact-form to= »giselepoitras2@gmail.com » subject= »Condoléances Lorraine Nadeau »][contact-field label= »Votre nom » type= »name » required= »1&Prime;][contact-field label= »Votre courriel » type= »email » required= »1&Prime;][contact-field label= »Condoléances » type= »textarea »][/contact-form]</p>
