{"id":23843,"date":"2021-09-06T16:04:51","date_gmt":"2021-09-06T20:04:51","guid":{"rendered":"https:\/\/nouveau.maisonmallet.com\/?post_type=event&#038;p=23843"},"modified":"2021-09-07T16:08:46","modified_gmt":"2021-09-07T20:08:46","slug":"willard-sidney","status":"publish","type":"event","link":"https:\/\/nouveau.maisonmallet.com\/back05_01\/?event=willard-sidney","title":{"rendered":"WILLARD, Sidney"},"content":{"rendered":"<p>1965 \u2013 2021<\/p>\n<p>WILLARD, Sidney<\/p>\n<p>&nbsp;<\/p>\n<p>\u00c0 Sept-\u00celes, le 2 septembre 2021, est d\u00e9c\u00e9d\u00e9 \u00e0 l\u2019\u00e2ge de 56 ans, monsieur Sidney Willard fils de feu Ronald Willard et de feue Lucia Duchesne domicili\u00e9 \u00e0 Gallix.<\/p>\n<p>Selon ses volont\u00e9s, il a \u00e9t\u00e9 confi\u00e9 au cr\u00e9matorium de la Maison Mallet &amp; fils pour cr\u00e9mation.<\/p>\n<p>Il laisse dans le deuil ses filles\u00a0: St\u00e9phanie (Yannick Fortin Th\u00e9rriault), Christelle (Jules Jr. Jourdain) et Shushanne, ses fr\u00e8res\u00a0: Jean-Jacques (Suzanne Plamondon), Thomas et Dwayne, ses s\u0153urs\u00a0: Jennyfer et Sharon (Marius Valli\u00e8re) ainsi que ses petits-enfants\u00a0: Evey, Enzo, Britany, Caleb, Noah et Shakani, ses neveux, ses ni\u00e8ces, ses oncles, ses tantes et de nombreux ami(e)s.<\/p>\n<p>Vos marques de sympathie peuvent se traduire par un don \u00e0 l\u2019\u00c9lyme des sables <a href=\"http:\/\/www.elymedessables.com\">www.elymedessables.com<\/a><\/p>\n<p>La famille a confi\u00e9 les arrangements aux services professionnels de la Maison Mallet &amp; fils du 585 Boul. Laure \u00e0 Sept-\u00celes, maintenant reconnue Distinction et membre de la Corporation des Thanatologues du Qu\u00e9bec.<\/p>\n<p>Vous pouvez consulter cet avis de d\u00e9c\u00e8s sur le\u00a0: <a href=\"https:\/\/nouveau.maisonmallet.com\/back05_01\">www.maisonmallet.com<\/a><\/p>\n<p>Ceux et celles qui le d\u00e9sirent, peuvent y envoyer des messages de sympathie.<\/p>\n<p>&nbsp;<\/p>\n<hr \/>\n<p>Envoyer vos condol\u00e9ances<\/p>\n<p>[contact-form to=\u00a0\u00bbwillard45@hotmail.com\u00a0\u00bb subject=\u00a0\u00bbCondol\u00e9ances Sidney Willard\u00a0\u00bb][contact-field label=\u00a0\u00bbVotre nom\u00a0\u00bb type=\u00a0\u00bbname\u00a0\u00bb required=\u00a0\u00bb1&Prime;][contact-field label=\u00a0\u00bbVotre courriel\u00a0\u00bb type=\u00a0\u00bbemail\u00a0\u00bb required=\u00a0\u00bb1&Prime;][contact-field label=\u00a0\u00bbCondol\u00e9ances\u00a0\u00bb type=\u00a0\u00bbtextarea\u00a0\u00bb][\/contact-form]<\/p>\n","protected":false},"featured_media":23849,"template":"","event_cat":[6],"class_list":["post-23843","event","type-event","status-publish","has-post-thumbnail","hentry","event_cat-maison-mallet-et-fils-inc"],"_links":{"self":[{"href":"https:\/\/nouveau.maisonmallet.com\/back05_01\/index.php?rest_route=\/wp\/v2\/event\/23843","targetHints":{"allow":["GET"]}}],"collection":[{"href":"https:\/\/nouveau.maisonmallet.com\/back05_01\/index.php?rest_route=\/wp\/v2\/event"}],"about":[{"href":"https:\/\/nouveau.maisonmallet.com\/back05_01\/index.php?rest_route=\/wp\/v2\/types\/event"}],"wp:featuredmedia":[{"embeddable":true,"href":"https:\/\/nouveau.maisonmallet.com\/back05_01\/index.php?rest_route=\/wp\/v2\/media\/23849"}],"wp:attachment":[{"href":"https:\/\/nouveau.maisonmallet.com\/back05_01\/index.php?rest_route=%2Fwp%2Fv2%2Fmedia&parent=23843"}],"wp:term":[{"taxonomy":"event_cat","embeddable":true,"href":"https:\/\/nouveau.maisonmallet.com\/back05_01\/index.php?rest_route=%2Fwp%2Fv2%2Fevent_cat&post=23843"}],"curies":[{"name":"wp","href":"https:\/\/api.w.org\/{rel}","templated":true}]}}

<p>1965 – 2021</p>
<p>WILLARD, Sidney</p>
<p>&nbsp;</p>
<p>À Sept-Îles, le 2 septembre 2021, est décédé à l’âge de 56 ans, monsieur Sidney Willard fils de feu Ronald Willard et de feue Lucia Duchesne domicilié à Gallix.</p>
<p>Selon ses volontés, il a été confié au crématorium de la Maison Mallet &amp; fils pour crémation.</p>
<p>Il laisse dans le deuil ses filles : Stéphanie (Yannick Fortin Thérriault), Christelle (Jules Jr. Jourdain) et Shushanne, ses frères : Jean-Jacques (Suzanne Plamondon), Thomas et Dwayne, ses sœurs : Jennyfer et Sharon (Marius Vallière) ainsi que ses petits-enfants : Evey, Enzo, Britany, Caleb, Noah et Shakani, ses neveux, ses nièces, ses oncles, ses tantes et de nombreux ami(e)s.</p>
<p>Vos marques de sympathie peuvent se traduire par un don à l’Élyme des sables <a href="http://www.elymedessables.com">www.elymedessables.com</a></p>
<p>La famille a confié les arrangements aux services professionnels de la Maison Mallet &amp; fils du 585 Boul. Laure à Sept-Îles, maintenant reconnue Distinction et membre de la Corporation des Thanatologues du Québec.</p>
<p>Vous pouvez consulter cet avis de décès sur le : <a href="https://nouveau.maisonmallet.com/back05_01">www.maisonmallet.com</a></p>
<p>Ceux et celles qui le désirent, peuvent y envoyer des messages de sympathie.</p>
<p>&nbsp;</p>
<hr />
<p>Envoyer vos condoléances</p>
<p>[contact-form to= »willard45@hotmail.com » subject= »Condoléances Sidney Willard »][contact-field label= »Votre nom » type= »name » required= »1&Prime;][contact-field label= »Votre courriel » type= »email » required= »1&Prime;][contact-field label= »Condoléances » type= »textarea »][/contact-form]</p>
